{"id":743428,"date":"2025-08-28T01:34:28","date_gmt":"2025-08-27T22:34:28","guid":{"rendered":"https:\/\/roveyayinevi.com.tr\/index.php\/urun\/kole-3\/"},"modified":"2026-04-16T02:54:44","modified_gmt":"2026-04-15T23:54:44","slug":"kole-3","status":"publish","type":"product","link":"https:\/\/roveyayinevi.com.tr\/index.php\/urun\/kole-3\/","title":{"rendered":"K\u00f6le"},"content":{"rendered":"<p>K\u00f6leli\u011fin insanl\u0131k tarihindeki utan\u00e7 dolu g\u00fcnlerine, ele\u015ftirel ve fantastik bir bak\u0131\u015f a\u00e7\u0131s\u0131. Gana\u2019n\u0131n ba\u015fkenti Accra\u2019daki k\u00f6le pazar\u0131ndan zorla al\u0131nan be\u015f ki\u015finin; ac\u0131larla yo\u011frulmu\u015f, zorluklarla b\u00fct\u00fcnle\u015fmi\u015f, g\u00f6zya\u015f\u0131yla \u00f6zde\u015fle\u015fmi\u015f, hakl\u0131 isyanlar\u0131n\u0131n v\u00fccut bulmu\u015f h\u00e2li&#8230; Amerika\u2019daki zoraki ya\u015famlar\u0131nda ezilmi\u015fli\u011fin, \u00e7aresizli\u011fin i\u00e7inden bir yumruk gibi yukar\u0131ya savrulabilen be\u015f cesur y\u00fcrek. Kofi\u2019nin \u00f6nderli\u011finde, \u00f6zg\u00fcrl\u00fc\u011fe kanat \u00e7\u0131rp\u0131\u015flar\u0131&#8230; S\u00fcrpriz bir a\u015fk! Bu a\u015fk\u0131n sonunda ne olacak? H\u0131rs ve intikam a\u015fk\u0131n \u00f6n\u00fcne ge\u00e7ebilecek mi? Dram ve maceran\u0131n birle\u015fti\u011fi bir hik\u00e2ye\u2026 <\/p>\n","protected":false},"excerpt":{"rendered":"<p>K\u00f6leli\u011fin insanl\u0131k tarihindeki utan\u00e7 dolu g\u00fcnlerine, ele\u015ftirel ve fantastik bir bak\u0131\u015f a\u00e7\u0131s\u0131. Gana\u2019n\u0131n ba\u015fkenti Accra\u2019daki k\u00f6le pazar\u0131ndan zorla al\u0131nan be\u015f ki\u015finin; ac\u0131larla yo\u011frulmu\u015f, zorluklarla b\u00fct\u00fcnle\u015fmi\u015f, g\u00f6zya\u015f\u0131yla<span class=\"excerpt-hellip\"> [\u2026]<\/span><\/p>\n","protected":false},"featured_media":0,"template":"","meta":{"_monsterinsights_skip_tracking":false,"_monsterinsights_sitenote_active":false,"_monsterinsights_sitenote_note":"","_monsterinsights_sitenote_category":0},"product_brand":[],"product_cat":[12291,12711],"product_tag":[],"class_list":{"0":"post-743428","1":"product","2":"type-product","3":"status-publish","5":"product_cat-edebiyat","6":"product_cat-roman-oyku","7":"pa_cilt-ciltsiz","8":"pa_tur-kitap","9":"pa_yayinevi-elpis-yayinlari","10":"pa_yazar-cem-celik","12":"first","13":"instock","14":"sale","15":"shipping-taxable","16":"purchasable","17":"product-type-simple"},"_links":{"self":[{"href":"https:\/\/roveyayinevi.com.tr\/index.php\/wp-json\/wp\/v2\/product\/743428","targetHints":{"allow":["GET"]}}],"collection":[{"href":"https:\/\/roveyayinevi.com.tr\/index.php\/wp-json\/wp\/v2\/product"}],"about":[{"href":"https:\/\/roveyayinevi.com.tr\/index.php\/wp-json\/wp\/v2\/types\/product"}],"wp:attachment":[{"href":"https:\/\/roveyayinevi.com.tr\/index.php\/wp-json\/wp\/v2\/media?parent=743428"}],"wp:term":[{"taxonomy":"product_brand","embeddable":true,"href":"https:\/\/roveyayinevi.com.tr\/index.php\/wp-json\/wp\/v2\/product_brand?post=743428"},{"taxonomy":"product_cat","embeddable":true,"href":"https:\/\/roveyayinevi.com.tr\/index.php\/wp-json\/wp\/v2\/product_cat?post=743428"},{"taxonomy":"product_tag","embeddable":true,"href":"https:\/\/roveyayinevi.com.tr\/index.php\/wp-json\/wp\/v2\/product_tag?post=743428"}],"curies":[{"name":"wp","href":"https:\/\/api.w.org\/{rel}","templated":true}]}}