{"id":743420,"date":"2025-08-28T01:34:20","date_gmt":"2025-08-27T22:34:20","guid":{"rendered":"https:\/\/roveyayinevi.com.tr\/index.php\/urun\/kultur-kurumsal-yonetim-ve-muhasebe-bilgi-duzeyi\/"},"modified":"2026-04-16T02:54:44","modified_gmt":"2026-04-15T23:54:44","slug":"kultur-kurumsal-yonetim-ve-muhasebe-bilgi-duzeyi","status":"publish","type":"product","link":"https:\/\/roveyayinevi.com.tr\/index.php\/urun\/kultur-kurumsal-yonetim-ve-muhasebe-bilgi-duzeyi\/","title":{"rendered":"K\u00fclt\u00fcr-Kurumsal Y\u00f6netim ve Muhasebe Bilgi D\u00fczeyi"},"content":{"rendered":"<p>B\u00d6L\u00dcM I: G\u0130R\u0130\u015e   B\u00d6L\u00dcM II: KURUMSAL Y\u00d6NET\u0130M   B\u00d6L\u00dcM III: K\u00dcLT\u00dcR VE MUHASEBE \u0130L\u0130\u015eK\u0130S\u0130   B\u00d6L\u00dcM V: K\u00dcLT\u00dcR VE KURUMSAL Y\u00d6NET\u0130M\u0130N F\u0130RMALARIN G\u00d6N\u00dcLL\u00dc B\u0130LG\u0130 A\u00c7IKLAMA D\u00dcZEY\u0130NE ETK\u0130S\u0130   B\u00d6L\u00dcM VI: G\u00d6N\u00dcLL\u00dc A\u00c7IKLAMAYA \u0130L\u0130\u015eK\u0130N BULGULAR   B\u00d6L\u00dcM VII: ZORUNLU A\u00c7IKLAMAYA \u0130L\u0130\u015eK\u0130N BULGULAR   B\u00d6L\u00dcM VIII: TOPLAM A\u00c7IKLAMAYA \u0130L\u0130\u015eK\u0130N BULGULAR   B\u00d6L\u00dcM IX: SONU\u00c7 VE \u00d6NER\u0130LER <\/p>\n","protected":false},"excerpt":{"rendered":"<p>B\u00d6L\u00dcM I: G\u0130R\u0130\u015e B\u00d6L\u00dcM II: KURUMSAL Y\u00d6NET\u0130M B\u00d6L\u00dcM III: K\u00dcLT\u00dcR VE MUHASEBE \u0130L\u0130\u015eK\u0130S\u0130 B\u00d6L\u00dcM V: K\u00dcLT\u00dcR VE KURUMSAL Y\u00d6NET\u0130M\u0130N F\u0130RMALARIN G\u00d6N\u00dcLL\u00dc B\u0130LG\u0130 A\u00c7IKLAMA D\u00dcZEY\u0130NE ETK\u0130S\u0130 B\u00d6L\u00dcM<span class=\"excerpt-hellip\"> [\u2026]<\/span><\/p>\n","protected":false},"featured_media":0,"template":"","meta":{"_monsterinsights_skip_tracking":false,"_monsterinsights_sitenote_active":false,"_monsterinsights_sitenote_note":"","_monsterinsights_sitenote_category":0},"product_brand":[],"product_cat":[12573,12566],"product_tag":[],"class_list":{"0":"post-743420","1":"product","2":"type-product","3":"status-publish","5":"product_cat-akademik-kitaplar","6":"product_cat-egitim","7":"pa_cilt-ciltsiz","8":"pa_tur-kitap","9":"pa_yayinevi-gazi-kitabevi","10":"pa_yazar-prof-dr-turgut-curuk-dr-ridvan-gunel","12":"first","13":"instock","14":"sale","15":"shipping-taxable","16":"purchasable","17":"product-type-simple"},"_links":{"self":[{"href":"https:\/\/roveyayinevi.com.tr\/index.php\/wp-json\/wp\/v2\/product\/743420","targetHints":{"allow":["GET"]}}],"collection":[{"href":"https:\/\/roveyayinevi.com.tr\/index.php\/wp-json\/wp\/v2\/product"}],"about":[{"href":"https:\/\/roveyayinevi.com.tr\/index.php\/wp-json\/wp\/v2\/types\/product"}],"wp:attachment":[{"href":"https:\/\/roveyayinevi.com.tr\/index.php\/wp-json\/wp\/v2\/media?parent=743420"}],"wp:term":[{"taxonomy":"product_brand","embeddable":true,"href":"https:\/\/roveyayinevi.com.tr\/index.php\/wp-json\/wp\/v2\/product_brand?post=743420"},{"taxonomy":"product_cat","embeddable":true,"href":"https:\/\/roveyayinevi.com.tr\/index.php\/wp-json\/wp\/v2\/product_cat?post=743420"},{"taxonomy":"product_tag","embeddable":true,"href":"https:\/\/roveyayinevi.com.tr\/index.php\/wp-json\/wp\/v2\/product_tag?post=743420"}],"curies":[{"name":"wp","href":"https:\/\/api.w.org\/{rel}","templated":true}]}}