{"id":743409,"date":"2025-08-28T01:34:09","date_gmt":"2025-08-27T22:34:09","guid":{"rendered":"https:\/\/roveyayinevi.com.tr\/index.php\/urun\/iyi-insan\/"},"modified":"2026-03-24T02:55:40","modified_gmt":"2026-03-23T23:55:40","slug":"iyi-insan","status":"publish","type":"product","link":"https:\/\/roveyayinevi.com.tr\/index.php\/urun\/iyi-insan\/","title":{"rendered":"\u0130yi \u0130nsan"},"content":{"rendered":"<p>\u201c\u0130yi insan\u2019\u2019 kimdir? \u2018\u2019\u0130yilik\u2019\u2019 nedir? Sorular\u0131n\u0131n cevab\u0131 herkese g\u00f6re farkl\u0131 olabilir. Ger\u00e7ekte iyi insan, onu yoktan var eden sahibinin iyi dedi\u011fidir. Y\u00fcce yarat\u0131c\u0131 insanlara g\u00f6nderdi\u011fi kitab\u0131nda iyi insan\u0131 ve iyilik kavram\u0131n\u0131 onlarca ayette bizlere a\u00e7\u0131kl\u0131yor ve \u00f6\u011f\u00fct veriyor. \u0130yi insan olabilmek i\u00e7in onu yoktan var eden, imal eden yarat\u0131c\u0131n\u0131n talimatlar\u0131n\u0131, yani kullan\u0131m k\u0131lavuzunu iyi okumal\u0131 ve uygulamal\u0131y\u0131z.   Unutma!   E\u011fer bir insan, d\u00fcr\u00fcst de\u011filse geriye kalan \u015feylerin pek \u00f6nemi yoktur. D\u00fcnyay\u0131 d\u00fczeltmek istersen \u00f6nce insan\u0131 d\u00fczelteceksin.   Unutma!   \u0130yi insanlar susmamal\u0131 ve k\u00f6t\u00fcl\u00fc\u011fe kar\u015f\u0131 m\u00fccadele etmelidir. \u00c7\u00fcnk\u00fc yery\u00fcz\u00fc k\u00f6t\u00fcl\u00fc\u011fe tok, iyili\u011fe a\u00e7t\u0131r ve \u015funu bil ki; \u2018\u2019d\u00fcnyay\u0131 iyilik kurtaracak.\u2019\u2019   Unutma!   &#8211; Elde etti\u011fin \u015feylere \u015f\u00fckret! Edemedi\u011fin \u015feylere sabret! &#8211; Ne yaparsan yap, ama Allah r\u0131zas\u0131 i\u00e7in yap! Yapt\u0131\u011f\u0131n her \u015feyi de Allah\u2019\u0131n r\u0131zas\u0131na uygun yap! <\/p>\n","protected":false},"excerpt":{"rendered":"<p>\u201c\u0130yi insan\u2019\u2019 kimdir? \u2018\u2019\u0130yilik\u2019\u2019 nedir? Sorular\u0131n\u0131n cevab\u0131 herkese g\u00f6re farkl\u0131 olabilir. Ger\u00e7ekte iyi insan, onu yoktan var eden sahibinin iyi dedi\u011fidir. Y\u00fcce yarat\u0131c\u0131 insanlara g\u00f6nderdi\u011fi kitab\u0131nda<span class=\"excerpt-hellip\"> [\u2026]<\/span><\/p>\n","protected":false},"featured_media":0,"template":"","meta":{"_monsterinsights_skip_tracking":false,"_monsterinsights_sitenote_active":false,"_monsterinsights_sitenote_note":"","_monsterinsights_sitenote_category":0},"product_brand":[],"product_cat":[12777,12291],"product_tag":[],"class_list":{"0":"post-743409","1":"product","2":"type-product","3":"status-publish","5":"product_cat-deneme","6":"product_cat-edebiyat","7":"pa_cilt-ciltsiz","8":"pa_tur-kitap","9":"pa_yayinevi-gulnar-yayinlari","10":"pa_yazar-nurettin-karaca","12":"first","13":"instock","14":"sale","15":"shipping-taxable","16":"purchasable","17":"product-type-simple"},"_links":{"self":[{"href":"https:\/\/roveyayinevi.com.tr\/index.php\/wp-json\/wp\/v2\/product\/743409","targetHints":{"allow":["GET"]}}],"collection":[{"href":"https:\/\/roveyayinevi.com.tr\/index.php\/wp-json\/wp\/v2\/product"}],"about":[{"href":"https:\/\/roveyayinevi.com.tr\/index.php\/wp-json\/wp\/v2\/types\/product"}],"wp:attachment":[{"href":"https:\/\/roveyayinevi.com.tr\/index.php\/wp-json\/wp\/v2\/media?parent=743409"}],"wp:term":[{"taxonomy":"product_brand","embeddable":true,"href":"https:\/\/roveyayinevi.com.tr\/index.php\/wp-json\/wp\/v2\/product_brand?post=743409"},{"taxonomy":"product_cat","embeddable":true,"href":"https:\/\/roveyayinevi.com.tr\/index.php\/wp-json\/wp\/v2\/product_cat?post=743409"},{"taxonomy":"product_tag","embeddable":true,"href":"https:\/\/roveyayinevi.com.tr\/index.php\/wp-json\/wp\/v2\/product_tag?post=743409"}],"curies":[{"name":"wp","href":"https:\/\/api.w.org\/{rel}","templated":true}]}}