{"id":743370,"date":"2025-08-28T01:33:18","date_gmt":"2025-08-27T22:33:18","guid":{"rendered":"https:\/\/roveyayinevi.com.tr\/index.php\/urun\/ayasofya-fleksi-kapak\/"},"modified":"2026-04-16T02:54:43","modified_gmt":"2026-04-15T23:54:43","slug":"ayasofya-fleksi-kapak","status":"publish","type":"product","link":"https:\/\/roveyayinevi.com.tr\/index.php\/urun\/ayasofya-fleksi-kapak\/","title":{"rendered":"Ayasofya (Fleksi Kapak)"},"content":{"rendered":"<p>Ayasofya; ilk g\u00fcnk\u00fc gibi renkli ve \u0130stanbullu, hem herkese ait hem hi\u00e7 kimsenin\u20261500 y\u0131ll\u0131k mabet; mozaiklerden mihraba, Bizans \u0130mparatoru Ioustinianos\u2019tan Fatih Sultan Mehmed\u2019e, h\u00fcnk\u00e2r mahfilinden Hz. \u0130sa\u2019ya Yakar\u0131\u015f\/\u015eefaat sahnesine, Venedikli Henricus Dandolo\u2019dan Osmanl\u0131&#8217;n\u0131n hattatlar\u0131na ve I. Mahmud K\u00fct\u00fcphanesi\u2019ne, be\u015f Padi\u015fah\u0131n t\u00fcrbelerine de\u011fin bir\u00e7ok ismin, hayat\u0131n ve olay\u0131n h\u00e2l\u00e2 de\u011fi\u015fmeyen dekoru. Bu eski zaman \u00fclkesi i\u00e7in \u015f\u00fcphesiz \u00e7ok \u015fey s\u00f6ylendi, yaz\u0131ld\u0131, \u00e7izildi. \u015eimdi ise Dr. Sedat Bornoval\u0131 \u0130stanbul\u2019un bu kadim yap\u0131s\u0131n\u0131 ve \u00e7a\u011flar boyu mabedde biriken engin haf\u0131zay\u0131, sanat tarihi perspektifiyle ve ak\u0131c\u0131 \u00fcslubuyla yo\u011furarak anlat\u0131yor.Elinizdeki kitap, Ayasofya\u2019n\u0131n hem Bizans hem Osmanl\u0131 hem de Cumhuriyet d\u00f6nemlerindeki \u015fahitliklerini somut bilgilerle anlatan bir kaynak eser h\u00fckm\u00fcnde asl\u0131nda. Bornoval\u0131, bir yandan Bizans ve Osmanl\u0131 zamanlar\u0131ndan kalma sanatsal, mimari ve din\u00ee unsurlar\u0131 hat\u0131rlat\u0131rken di\u011fer yandan \u00f6nce Mimar Sinan&#8217;\u0131n mahareti ard\u0131ndan Sultan Abd\u00fclmecid\u2019in direktifiyle, \u0130talyan Fossati Karde\u015flerin eliyle yenilenen Ayasofya\u2019n\u0131n Mustafa Kemal Atat\u00fcrk zaman\u0131na uzanan serencam\u0131n\u0131 ve g\u00fcn\u00fcm\u00fczden gelece\u011fe bak\u0131\u015f\u0131n\u0131 hik\u00e2ye ediyor.Evet, Sedat Bornoval\u0131\u2019n\u0131n rehberli\u011finde, Tarihin En Uzun \u015eiiri\u2019ne dokunacak, mazinin koridorunda ideolojilerin de\u011fil bilimin, sanat\u0131n ve tarihin y\u00f6n verdi\u011fi bir seyahate \u00e7\u0131kacaks\u0131n\u0131z.<\/p>\n","protected":false},"excerpt":{"rendered":"<p>Ayasofya; ilk g\u00fcnk\u00fc gibi renkli ve \u0130stanbullu, hem herkese ait hem hi\u00e7 kimsenin\u20261500 y\u0131ll\u0131k mabet; mozaiklerden mihraba, Bizans \u0130mparatoru Ioustinianos\u2019tan Fatih Sultan Mehmed\u2019e, h\u00fcnk\u00e2r mahfilinden Hz.<span class=\"excerpt-hellip\"> [\u2026]<\/span><\/p>\n","protected":false},"featured_media":0,"template":"","meta":{"_monsterinsights_skip_tracking":false,"_monsterinsights_sitenote_active":false,"_monsterinsights_sitenote_note":"","_monsterinsights_sitenote_category":0},"product_brand":[],"product_cat":[12304,13650],"product_tag":[],"class_list":{"0":"post-743370","1":"product","2":"type-product","3":"status-publish","5":"product_cat-tarih","6":"product_cat-turk-tarihi-arastirmalari","7":"pa_cilt-ciltsiz","8":"pa_tur-kitap","9":"pa_yayinevi-timas-yayinlari","10":"pa_yazar-sedat-bornovali","12":"first","13":"instock","14":"sale","15":"shipping-taxable","16":"purchasable","17":"product-type-simple"},"_links":{"self":[{"href":"https:\/\/roveyayinevi.com.tr\/index.php\/wp-json\/wp\/v2\/product\/743370","targetHints":{"allow":["GET"]}}],"collection":[{"href":"https:\/\/roveyayinevi.com.tr\/index.php\/wp-json\/wp\/v2\/product"}],"about":[{"href":"https:\/\/roveyayinevi.com.tr\/index.php\/wp-json\/wp\/v2\/types\/product"}],"wp:attachment":[{"href":"https:\/\/roveyayinevi.com.tr\/index.php\/wp-json\/wp\/v2\/media?parent=743370"}],"wp:term":[{"taxonomy":"product_brand","embeddable":true,"href":"https:\/\/roveyayinevi.com.tr\/index.php\/wp-json\/wp\/v2\/product_brand?post=743370"},{"taxonomy":"product_cat","embeddable":true,"href":"https:\/\/roveyayinevi.com.tr\/index.php\/wp-json\/wp\/v2\/product_cat?post=743370"},{"taxonomy":"product_tag","embeddable":true,"href":"https:\/\/roveyayinevi.com.tr\/index.php\/wp-json\/wp\/v2\/product_tag?post=743370"}],"curies":[{"name":"wp","href":"https:\/\/api.w.org\/{rel}","templated":true}]}}