{"id":743352,"date":"2025-08-28T01:32:53","date_gmt":"2025-08-27T22:32:53","guid":{"rendered":"https:\/\/roveyayinevi.com.tr\/index.php\/urun\/farsca-divandan-secmeler\/"},"modified":"2026-04-16T02:54:42","modified_gmt":"2026-04-15T23:54:42","slug":"farsca-divandan-secmeler","status":"publish","type":"product","link":"https:\/\/roveyayinevi.com.tr\/index.php\/urun\/farsca-divandan-secmeler\/","title":{"rendered":"Fars\u00e7a Divan\u2019dan Se\u00e7meler"},"content":{"rendered":"<p>Yirminci y\u00fczy\u0131lda \u0130ran\u2019da yeti\u015fen iki dilli \u015fairlerin ba\u015fta gelenlerinden biri de Muhammed (Mehemmed) H\u00fcseyin \u015eehriyar\u2019d\u0131r. Haf\u0131z ve Sad\u00ee ba\u015fta olmak \u00fczere klasik \u0130ran \u015fiirinin ustalar\u0131n\u0131n izinden giden \u015eehriyar genelde klasik tarz\u0131n kurallar\u0131na ba\u011fl\u0131 kalm\u0131\u015f, klasik mazmunlar\u0131 kullanm\u0131\u015ft\u0131r. Y\u00e2rin \u015fehrinde bundan ba\u015fka \u015fehriyar yok Y\u00e2rin \u015fehri gibi \u015fah yeti\u015ftiren bir \u015fehir yok   Ben cennet ku\u015fuyum ama bu kafeste \u015eimdi a\u015fk\u0131n esiriyim; ka\u00e7acak yer yok   Hazan yapra\u011f\u0131 y\u00fcz\u00fcm gibi sararmas\u0131n G\u00fcl\u00fcm! Y\u00fcz\u00fcn\u00fcn tazeli\u011finde bahar yok   Lalenin kan\u0131yla g\u00fcl yapra\u011f\u0131na yazm\u0131\u015flar Vah vah! Lale y\u00fczl\u00fclerin devrine itibar yok   Y\u0131ld\u0131z! Sahit ol. O naz uykusu sarho\u015funun Geceleri uyumaz \u00e2\u015f\u0131\u011f\u0131n halinden haberi yok   Y\u00e2rin \u015fehrinde ya\u015famak cana can katar ama Bu \u015fehirde \u015eehriyar\u2019a gamdan ba\u015fka y\u00e2r yok <\/p>\n","protected":false},"excerpt":{"rendered":"<p>Yirminci y\u00fczy\u0131lda \u0130ran\u2019da yeti\u015fen iki dilli \u015fairlerin ba\u015fta gelenlerinden biri de Muhammed (Mehemmed) H\u00fcseyin \u015eehriyar\u2019d\u0131r. Haf\u0131z ve Sad\u00ee ba\u015fta olmak \u00fczere klasik \u0130ran \u015fiirinin ustalar\u0131n\u0131n izinden<span class=\"excerpt-hellip\"> [\u2026]<\/span><\/p>\n","protected":false},"featured_media":0,"template":"","meta":{"_monsterinsights_skip_tracking":false,"_monsterinsights_sitenote_active":false,"_monsterinsights_sitenote_note":"","_monsterinsights_sitenote_category":0},"product_brand":[],"product_cat":[12291,12509],"product_tag":[],"class_list":{"0":"post-743352","1":"product","2":"type-product","3":"status-publish","5":"product_cat-edebiyat","6":"product_cat-siir","7":"pa_cilt-ciltsiz","8":"pa_tur-kitap","9":"pa_yayinevi-bilge-kultur-sanat","10":"pa_yazar-muhammed-huseyin-sehriyar","12":"first","13":"instock","14":"sale","15":"shipping-taxable","16":"purchasable","17":"product-type-simple"},"_links":{"self":[{"href":"https:\/\/roveyayinevi.com.tr\/index.php\/wp-json\/wp\/v2\/product\/743352","targetHints":{"allow":["GET"]}}],"collection":[{"href":"https:\/\/roveyayinevi.com.tr\/index.php\/wp-json\/wp\/v2\/product"}],"about":[{"href":"https:\/\/roveyayinevi.com.tr\/index.php\/wp-json\/wp\/v2\/types\/product"}],"wp:attachment":[{"href":"https:\/\/roveyayinevi.com.tr\/index.php\/wp-json\/wp\/v2\/media?parent=743352"}],"wp:term":[{"taxonomy":"product_brand","embeddable":true,"href":"https:\/\/roveyayinevi.com.tr\/index.php\/wp-json\/wp\/v2\/product_brand?post=743352"},{"taxonomy":"product_cat","embeddable":true,"href":"https:\/\/roveyayinevi.com.tr\/index.php\/wp-json\/wp\/v2\/product_cat?post=743352"},{"taxonomy":"product_tag","embeddable":true,"href":"https:\/\/roveyayinevi.com.tr\/index.php\/wp-json\/wp\/v2\/product_tag?post=743352"}],"curies":[{"name":"wp","href":"https:\/\/api.w.org\/{rel}","templated":true}]}}