{"id":743325,"date":"2025-08-28T01:32:19","date_gmt":"2025-08-27T22:32:19","guid":{"rendered":"https:\/\/roveyayinevi.com.tr\/index.php\/urun\/insan-yikiciligi\/"},"modified":"2026-04-16T02:54:41","modified_gmt":"2026-04-15T23:54:41","slug":"insan-yikiciligi","status":"publish","type":"product","link":"https:\/\/roveyayinevi.com.tr\/index.php\/urun\/insan-yikiciligi\/","title":{"rendered":"\u0130nsan Y\u0131k\u0131c\u0131l\u0131\u011f\u0131"},"content":{"rendered":"<p>Anthony Storr\u2019un en son bulgular\u0131 ve psikoterapist olarak kendi birikimlerini dikkate alarak tamamen yeniden kaleme ald\u0131\u011f\u0131 \u0130nsan Y\u0131k\u0131c\u0131l\u0131\u011f\u0131, insanl\u0131\u011f\u0131n k\u00f6t\u00fcl\u00fck kapasitesini inceliyor. Kitap sald\u0131rganl\u0131k, nefret ve zalimlik kapasitemizle alakal\u0131 psikolojik ve psikiyatrik bulgular sunuyor.Storr soyk\u0131r\u0131m, \u0131rksal \u00e7at\u0131\u015fmave \u015fiddetin b\u00fcy\u00fck \u00f6l\u00e7ekli di\u011fer d\u0131\u015favurumlar\u0131na \u0131\u015f\u0131k tutma \u00e7abas\u0131yla, bizleri bireysel davran\u0131\u015flardan grup ve uluslar\u0131n davran\u0131\u015flar\u0131na dair kolay \u00e7\u0131kar\u0131mlar yapmamam\u0131z i\u00e7in uyar\u0131yor ve agresif ki\u015filik bozukluklar\u0131, sadomazo\u015fizmve paranoyak hezeyan mekanizmalar\u0131 \u00fczerine ayd\u0131nlat\u0131c\u0131 tart\u0131\u015fmalar a\u00e7\u0131yor.\u0130lk kez 1972\u2019de yay\u0131mlanan \u0130nsan Y\u0131k\u0131c\u0131l\u0131\u011f\u0131, insan ruhunun baz\u0131 en karanl\u0131k k\u00f6\u015felerini ayd\u0131nlatan bilimsel, kapsaml\u0131bir \u00e7al\u0131\u015fma.<\/p>\n","protected":false},"excerpt":{"rendered":"<p>Anthony Storr\u2019un en son bulgular\u0131 ve psikoterapist olarak kendi birikimlerini dikkate alarak tamamen yeniden kaleme ald\u0131\u011f\u0131 \u0130nsan Y\u0131k\u0131c\u0131l\u0131\u011f\u0131, insanl\u0131\u011f\u0131n k\u00f6t\u00fcl\u00fck kapasitesini inceliyor. Kitap sald\u0131rganl\u0131k, nefret ve<span class=\"excerpt-hellip\"> [\u2026]<\/span><\/p>\n","protected":false},"featured_media":0,"template":"","meta":{"_monsterinsights_skip_tracking":false,"_monsterinsights_sitenote_active":false,"_monsterinsights_sitenote_note":"","_monsterinsights_sitenote_category":0},"product_brand":[],"product_cat":[12358,12357],"product_tag":[],"class_list":{"0":"post-743325","1":"product","2":"type-product","3":"status-publish","5":"product_cat-genel-psikoloji","6":"product_cat-psikoloji","7":"pa_cilt-ciltsiz","8":"pa_tur-kitap","9":"pa_yayinevi-alfa-yayinlari","10":"pa_yazar-anthony-storr","12":"first","13":"instock","14":"sale","15":"shipping-taxable","16":"purchasable","17":"product-type-simple"},"_links":{"self":[{"href":"https:\/\/roveyayinevi.com.tr\/index.php\/wp-json\/wp\/v2\/product\/743325","targetHints":{"allow":["GET"]}}],"collection":[{"href":"https:\/\/roveyayinevi.com.tr\/index.php\/wp-json\/wp\/v2\/product"}],"about":[{"href":"https:\/\/roveyayinevi.com.tr\/index.php\/wp-json\/wp\/v2\/types\/product"}],"wp:attachment":[{"href":"https:\/\/roveyayinevi.com.tr\/index.php\/wp-json\/wp\/v2\/media?parent=743325"}],"wp:term":[{"taxonomy":"product_brand","embeddable":true,"href":"https:\/\/roveyayinevi.com.tr\/index.php\/wp-json\/wp\/v2\/product_brand?post=743325"},{"taxonomy":"product_cat","embeddable":true,"href":"https:\/\/roveyayinevi.com.tr\/index.php\/wp-json\/wp\/v2\/product_cat?post=743325"},{"taxonomy":"product_tag","embeddable":true,"href":"https:\/\/roveyayinevi.com.tr\/index.php\/wp-json\/wp\/v2\/product_tag?post=743325"}],"curies":[{"name":"wp","href":"https:\/\/api.w.org\/{rel}","templated":true}]}}