{"id":743307,"date":"2025-08-28T01:31:58","date_gmt":"2025-08-27T22:31:58","guid":{"rendered":"https:\/\/roveyayinevi.com.tr\/index.php\/urun\/kum-kaptanlari\/"},"modified":"2026-04-16T02:54:40","modified_gmt":"2026-04-15T23:54:40","slug":"kum-kaptanlari","status":"publish","type":"product","link":"https:\/\/roveyayinevi.com.tr\/index.php\/urun\/kum-kaptanlari\/","title":{"rendered":"Kum Kaptanlar\u0131"},"content":{"rendered":"<p>\u201c\u00c7\u00fcnk\u00fc devrim bir \u00fclkeydi ve bir aileydi.\u201d   Brezilyal\u0131 yazar Jorge Amado, 1930\u2019lar Brezilya\u2019s\u0131n\u0131 limandaki sahipsiz bir depoda ya\u015fayan kimsesiz \u00e7ocuklar\u0131n ser\u00fcvenleri \u00fczerinden anlat\u0131yor. Bahia ve \u00e7evresinde \u201cfavela usul\u00fc\u201d kalabal\u0131k bir Robin Hood hik\u00e2yesi Kum Kaptanlar\u0131. En b\u00fcy\u00fc\u011f\u00fc 16 ya\u015f\u0131nda, \u0131slahevi ve nezarethane gediklisi onlarca \u00e7ocuk ve onlar\u0131n hayatta kalma m\u00fccadelesi&#8230;   Bazen ihtiya\u00e7tan, bazen zorunluluktan, bazen bir ideal u\u011fruna, en \u00e7ok bir ba\u015fkas\u0131na iyilik i\u00e7in ama her hal\u00fck\u00e2rda \u00e7alarak ya\u015fayan \u00e7ocuklar. \u015eehrin yar\u0131s\u0131 i\u00e7in \u201cba\u015f belas\u0131\u201d, geri kalan\u0131 i\u00e7in umut \u0131\u015f\u0131\u011f\u0131 bir \u00e7ete Kum Kaptanlar\u0131. Fi\u015fek Pedro, Kedi, Bacaks\u0131z, Lolipop, Profes\u00f6r ve di\u011fer \u00e7ocuklar\u0131n ba\u015f\u0131ndan ge\u00e7enler, \u00fclkede iyice keskinle\u015fen zengin fakir ayr\u0131m\u0131n\u0131n, iyili\u011fin ve k\u00f6t\u00fcl\u00fc\u011f\u00fcn turnusol k\u00e2\u011f\u0131d\u0131 olurken, yeni yeni k\u0131v\u0131lc\u0131mlanan siyasi \u00e7alkant\u0131lara da ayna tutuyor.   2011\u2019de yazar\u0131n torunu Cec\u00edlia Amado taraf\u0131ndan ayn\u0131 adla beyazperdeye de uyarlanan Kum Kaptanlar\u0131 \u201c\u015fehrin \u015fairleri\u201dne adanm\u0131\u015f bir a\u011f\u0131t! <\/p>\n","protected":false},"excerpt":{"rendered":"<p>\u201c\u00c7\u00fcnk\u00fc devrim bir \u00fclkeydi ve bir aileydi.\u201d Brezilyal\u0131 yazar Jorge Amado, 1930\u2019lar Brezilya\u2019s\u0131n\u0131 limandaki sahipsiz bir depoda ya\u015fayan kimsesiz \u00e7ocuklar\u0131n ser\u00fcvenleri \u00fczerinden anlat\u0131yor. Bahia ve \u00e7evresinde<span class=\"excerpt-hellip\"> [\u2026]<\/span><\/p>\n","protected":false},"featured_media":0,"template":"","meta":{"_monsterinsights_skip_tracking":false,"_monsterinsights_sitenote_active":false,"_monsterinsights_sitenote_note":"","_monsterinsights_sitenote_category":0},"product_brand":[],"product_cat":[12291,12711],"product_tag":[],"class_list":{"0":"post-743307","1":"product","2":"type-product","3":"status-publish","5":"product_cat-edebiyat","6":"product_cat-roman-oyku","7":"pa_cilt-ciltsiz","8":"pa_tur-kitap","9":"pa_yayinevi-kirmizi-kedi-yayinevi","10":"pa_yazar-jorge-amado","12":"first","13":"instock","14":"sale","15":"shipping-taxable","16":"purchasable","17":"product-type-simple"},"_links":{"self":[{"href":"https:\/\/roveyayinevi.com.tr\/index.php\/wp-json\/wp\/v2\/product\/743307","targetHints":{"allow":["GET"]}}],"collection":[{"href":"https:\/\/roveyayinevi.com.tr\/index.php\/wp-json\/wp\/v2\/product"}],"about":[{"href":"https:\/\/roveyayinevi.com.tr\/index.php\/wp-json\/wp\/v2\/types\/product"}],"wp:attachment":[{"href":"https:\/\/roveyayinevi.com.tr\/index.php\/wp-json\/wp\/v2\/media?parent=743307"}],"wp:term":[{"taxonomy":"product_brand","embeddable":true,"href":"https:\/\/roveyayinevi.com.tr\/index.php\/wp-json\/wp\/v2\/product_brand?post=743307"},{"taxonomy":"product_cat","embeddable":true,"href":"https:\/\/roveyayinevi.com.tr\/index.php\/wp-json\/wp\/v2\/product_cat?post=743307"},{"taxonomy":"product_tag","embeddable":true,"href":"https:\/\/roveyayinevi.com.tr\/index.php\/wp-json\/wp\/v2\/product_tag?post=743307"}],"curies":[{"name":"wp","href":"https:\/\/api.w.org\/{rel}","templated":true}]}}