{"id":743298,"date":"2025-08-28T01:31:47","date_gmt":"2025-08-27T22:31:47","guid":{"rendered":"https:\/\/roveyayinevi.com.tr\/index.php\/urun\/sanat-dunyamiz-190-eylul-ekim-2022\/"},"modified":"2026-04-16T02:54:40","modified_gmt":"2026-04-15T23:54:40","slug":"sanat-dunyamiz-190-eylul-ekim-2022","status":"publish","type":"product","link":"https:\/\/roveyayinevi.com.tr\/index.php\/urun\/sanat-dunyamiz-190-eylul-ekim-2022\/","title":{"rendered":"Sanat D\u00fcnyam\u0131z 190 \/ Eyl\u00fcl &#8211; Ekim 2022"},"content":{"rendered":"<p>Sanat D\u00fcnyam\u0131z\u2019da Toplum Odakl\u0131 Sanat Dosyas\u0131   Sanat D\u00fcnyam\u0131z dergisi 190. say\u0131s\u0131nda toplum odakl\u0131 sanat projelerine y\u00f6nelen Bir Arada Olmak ba\u015fl\u0131kl\u0131 dosyas\u0131n\u0131 okurlara sunuyor. Dergi 17 Eyl\u00fcl \u2013 20 Kas\u0131m 2022 tarihleri aras\u0131nda \u0130stanbul\u2019da \u00e7e\u015fitli mek\u00e2nlarda d\u00fczenlenecek 17. \u0130stanbul Bienali\u2019nin bir komposta d\u00f6n\u00fc\u015fen yap\u0131s\u0131ndan yola \u00e7\u0131karak bir araya geli\u015flere, da\u011f\u0131l\u0131\u015flara, birlikte ses \u00e7\u0131karan projelere y\u00f6n\u00fcn\u00fc \u00e7eviriyor. Bu kapsamda dosya, bienalin k\u00fcrat\u00f6rleri Ute Meta Bauer, Amar Kanwar, David Teh ile Bihter Sabano\u011flu\u2019nun ger\u00e7ekle\u015ftirdi\u011fi bir s\u00f6yle\u015fiyle a\u00e7\u0131l\u0131yor. \u0130lk kez T\u00fcrkiye\u2019de g\u00f6n\u00fcll\u00fclerle bir proje yapacak olan ABD merkezli kumpanya Bread&amp;Puppet\u2019tan John Bell, \u0130lker Hepkaner\u2019e verdi\u011fi s\u00f6yle\u015fisinde kumpanyan\u0131n prati\u011fini \u00f6zetliyor. Seda Y\u0131ld\u0131z bu y\u0131l bienalde yer alacak Oda Projesi\u2019nin Annex adl\u0131 gazetesini de\u011ferlendiriyor. 30 Ekim 2022\u2019ye dek Pri\u015ftine\u2019de devam eden Manifesta 14 hakk\u0131nda ve 15 Eyl\u00fcl 2022\u2019ye dek Kassel\u2019de devam eden Documenta 15 hakk\u0131nda birer izlenim yaz\u0131s\u0131 da dergide. Dosyada ayr\u0131ca \u201cYaya Sergileri\u201dnin ve \u0130zmir\u2019deki Dara\u011fa\u00e7 Kolektifi\u2019nin birer incelemesi de yer buluyor. Huo Rf sanat kitaplar\u0131n\u0131 de\u011ferlendirdi\u011fi serisinin ikinci yaz\u0131s\u0131nda Talveg ve Good Deed Bad Deed kitaplar\u0131n\u0131 yine dosya kapsam\u0131nda inceliyor.   \u0130stanbul\u2019da eyl\u00fcl ay\u0131n\u0131n \u00f6ne \u00e7\u0131kan sergilerinden Sak\u0131p Sabanc\u0131 M\u00fczesi\u2019nde a\u00e7\u0131lacak olan \u201cAgnes Denes, Ya\u015fayan Piramit\u201d adl\u0131 sergi vesilesiyle sanat\u00e7\u0131n\u0131n prati\u011fine odaklanan bir yaz\u0131 da dergide. Sanat\u00e7\u0131 Taner Ceylan ise 15 y\u0131ll\u0131k bir aradan sonra \u0130stanbul\u2019da a\u00e7\u0131lacak ilk sergisi \u201c\u00c2heste \u00c7ek K\u00fcrekleri Meht\u00e2b Uyanmas\u0131n\u201d\u0131 Rana Kelleci\u2019yle olan s\u00f6yle\u015fisinde anlat\u0131yor. Misal Adnan Y\u0131ld\u0131z, S\u00fcreyyya Evren ve Elif Kam\u0131\u015fl\u0131 ise devam eden serilerinin yeni yaz\u0131lar\u0131yla dergide yer al\u0131yorlar. <\/p>\n","protected":false},"excerpt":{"rendered":"<p>Sanat D\u00fcnyam\u0131z\u2019da Toplum Odakl\u0131 Sanat Dosyas\u0131 Sanat D\u00fcnyam\u0131z dergisi 190. say\u0131s\u0131nda toplum odakl\u0131 sanat projelerine y\u00f6nelen Bir Arada Olmak ba\u015fl\u0131kl\u0131 dosyas\u0131n\u0131 okurlara sunuyor. Dergi 17 Eyl\u00fcl<span class=\"excerpt-hellip\"> [\u2026]<\/span><\/p>\n","protected":false},"featured_media":0,"template":"","meta":{"_monsterinsights_skip_tracking":false,"_monsterinsights_sitenote_active":false,"_monsterinsights_sitenote_note":"","_monsterinsights_sitenote_category":0},"product_brand":[],"product_cat":[13527],"product_tag":[],"class_list":{"0":"post-743298","1":"product","2":"type-product","3":"status-publish","5":"product_cat-sureli-yayinlar","6":"pa_cilt-ciltsiz","7":"pa_tur-dergi","8":"pa_yayinevi-yapi-kredi-yayinlari","9":"pa_yazar-kollektif","11":"first","12":"instock","13":"sale","14":"shipping-taxable","15":"purchasable","16":"product-type-simple"},"_links":{"self":[{"href":"https:\/\/roveyayinevi.com.tr\/index.php\/wp-json\/wp\/v2\/product\/743298","targetHints":{"allow":["GET"]}}],"collection":[{"href":"https:\/\/roveyayinevi.com.tr\/index.php\/wp-json\/wp\/v2\/product"}],"about":[{"href":"https:\/\/roveyayinevi.com.tr\/index.php\/wp-json\/wp\/v2\/types\/product"}],"wp:attachment":[{"href":"https:\/\/roveyayinevi.com.tr\/index.php\/wp-json\/wp\/v2\/media?parent=743298"}],"wp:term":[{"taxonomy":"product_brand","embeddable":true,"href":"https:\/\/roveyayinevi.com.tr\/index.php\/wp-json\/wp\/v2\/product_brand?post=743298"},{"taxonomy":"product_cat","embeddable":true,"href":"https:\/\/roveyayinevi.com.tr\/index.php\/wp-json\/wp\/v2\/product_cat?post=743298"},{"taxonomy":"product_tag","embeddable":true,"href":"https:\/\/roveyayinevi.com.tr\/index.php\/wp-json\/wp\/v2\/product_tag?post=743298"}],"curies":[{"name":"wp","href":"https:\/\/api.w.org\/{rel}","templated":true}]}}