{"id":743297,"date":"2025-08-28T01:31:46","date_gmt":"2025-08-27T22:31:46","guid":{"rendered":"https:\/\/roveyayinevi.com.tr\/index.php\/urun\/francis-baconla-soylesiler\/"},"modified":"2026-04-16T02:54:40","modified_gmt":"2026-04-15T23:54:40","slug":"francis-baconla-soylesiler","status":"publish","type":"product","link":"https:\/\/roveyayinevi.com.tr\/index.php\/urun\/francis-baconla-soylesiler\/","title":{"rendered":"Francis Bacon\u2019la S\u00f6yle\u015filer"},"content":{"rendered":"<p>David Sylvester\u2019\u0131n ger\u00e7ekle\u015ftirdi\u011fi ve yakla\u015f\u0131k 25 y\u0131ll\u0131k bir zaman dilimine yay\u0131lan bu s\u00f6yle\u015filer, Bacon\u2019\u0131n kendine \u00f6zg\u00fc konu\u015fma dili \u00fczerinden sanat\u00e7\u0131n\u0131n \u00fcretim s\u00fcre\u00e7lerine, tuval kar\u015f\u0131s\u0131ndaki gerginliklerine, tak\u0131nt\u0131lar\u0131na, zihin d\u00fcnyas\u0131nda ya\u015fad\u0131\u011f\u0131 f\u0131rt\u0131nalara ili\u015fkin her t\u00fcrl\u00fc \u00e7er\u00e7evenin d\u0131\u015f\u0131nda ve s\u0131n\u0131rlar\u0131 a\u015fan bir tan\u0131kl\u0131k sunuyor.   20. y\u00fczy\u0131l\u0131n en yarat\u0131c\u0131 dehalar\u0131ndan birinin ya\u015fam\u0131, yap\u0131tlar\u0131 ve imgeleri \u00fczerine e\u015fsiz bir kitap. 141 g\u00f6rselle birlikte.   \u201cBa\u015ftan \u00e7\u0131kart\u0131c\u0131\u2026 Samimi, ak\u0131c\u0131 bir metin, ayn\u0131 \u00f6l\u00e7\u00fcde \u00e7arp\u0131c\u0131 bi\u00e7imde resimlendirilmi\u015f.\u201d The Sunday Times   \u201cBir sanat\u00e7\u0131n\u0131n yap\u0131t b\u00fct\u00fcnl\u00fc\u011f\u00fcn\u00fc ayd\u0131nlatmak s\u00f6z konusu oldu\u011funda bu k\u0131sa fakat doyurucu kitab\u0131 ge\u00e7ebilecek yok.\u201d Observer   \u201cBa\u015ftan sona etkileyici.\u201d The Spectator   \u201cEzra Pound ve T.S. Eliot\u2019\u0131n ele\u015ftirel yaz\u0131lar\u0131n\u0131n 1920\u2019ler ve 1930\u2019lar \u015fiirinin \u00fczerine etkisi gibi, 20. y\u00fczy\u0131l\u0131n son \u00e7eyre\u011finde resim \u00fczerinde ayn\u0131 b\u00fcy\u00fckl\u00fckte bir etkiye sahip olabilir.\u201d Stephen Spender   \u201cRessama dair en de\u011ferli belge.\u201d Sunday Telegraph <\/p>\n","protected":false},"excerpt":{"rendered":"<p>David Sylvester\u2019\u0131n ger\u00e7ekle\u015ftirdi\u011fi ve yakla\u015f\u0131k 25 y\u0131ll\u0131k bir zaman dilimine yay\u0131lan bu s\u00f6yle\u015filer, Bacon\u2019\u0131n kendine \u00f6zg\u00fc konu\u015fma dili \u00fczerinden sanat\u00e7\u0131n\u0131n \u00fcretim s\u00fcre\u00e7lerine, tuval kar\u015f\u0131s\u0131ndaki gerginliklerine, tak\u0131nt\u0131lar\u0131na,<span class=\"excerpt-hellip\"> [\u2026]<\/span><\/p>\n","protected":false},"featured_media":0,"template":"","meta":{"_monsterinsights_skip_tracking":false,"_monsterinsights_sitenote_active":false,"_monsterinsights_sitenote_note":"","_monsterinsights_sitenote_category":0},"product_brand":[],"product_cat":[12291,30969],"product_tag":[],"class_list":{"0":"post-743297","1":"product","2":"type-product","3":"status-publish","5":"product_cat-edebiyat","6":"product_cat-soylesi-edebiyat","7":"pa_cilt-ciltsiz","8":"pa_tur-kitap","9":"pa_yayinevi-yapi-kredi-yayinlari","10":"pa_yazar-david-sylvester","12":"first","13":"instock","14":"sale","15":"shipping-taxable","16":"purchasable","17":"product-type-simple"},"_links":{"self":[{"href":"https:\/\/roveyayinevi.com.tr\/index.php\/wp-json\/wp\/v2\/product\/743297","targetHints":{"allow":["GET"]}}],"collection":[{"href":"https:\/\/roveyayinevi.com.tr\/index.php\/wp-json\/wp\/v2\/product"}],"about":[{"href":"https:\/\/roveyayinevi.com.tr\/index.php\/wp-json\/wp\/v2\/types\/product"}],"wp:attachment":[{"href":"https:\/\/roveyayinevi.com.tr\/index.php\/wp-json\/wp\/v2\/media?parent=743297"}],"wp:term":[{"taxonomy":"product_brand","embeddable":true,"href":"https:\/\/roveyayinevi.com.tr\/index.php\/wp-json\/wp\/v2\/product_brand?post=743297"},{"taxonomy":"product_cat","embeddable":true,"href":"https:\/\/roveyayinevi.com.tr\/index.php\/wp-json\/wp\/v2\/product_cat?post=743297"},{"taxonomy":"product_tag","embeddable":true,"href":"https:\/\/roveyayinevi.com.tr\/index.php\/wp-json\/wp\/v2\/product_tag?post=743297"}],"curies":[{"name":"wp","href":"https:\/\/api.w.org\/{rel}","templated":true}]}}