{"id":743271,"date":"2025-08-28T01:31:12","date_gmt":"2025-08-27T22:31:12","guid":{"rendered":"https:\/\/roveyayinevi.com.tr\/index.php\/urun\/gundonumu\/"},"modified":"2026-04-16T02:54:39","modified_gmt":"2026-04-15T23:54:39","slug":"gundonumu","status":"publish","type":"product","link":"https:\/\/roveyayinevi.com.tr\/index.php\/urun\/gundonumu\/","title":{"rendered":"G\u00fcnd\u00f6n\u00fcm\u00fc"},"content":{"rendered":"<p>G\u00fcne\u015f do\u011fumunda batana kadar Yurduma millete vatana selam. G\u00fcnlerim ba\u015flay\u0131p bitene kadar Kefensiz toprakta yatana selam.   G\u00fcne\u015f burca girip paralan\u0131nca D\u00fc\u015fman ile dostlar aralan\u0131nca \u00c7akal kur\u015funuyla yaralan\u0131nca Hak deyip kur\u015funu atana selam.   Bar\u0131\u015f g\u00fcvercinim g\u00f6kte u\u00e7arken Ter\u00f6rist mazluma \u00f6l\u00fcm sa\u00e7arken Mehmet mataradan suyun i\u00e7erken Siperde lokmas\u0131n yutana selam.   Kan d\u00f6ken vah\u015fiye kucak a\u00e7t\u0131lar G\u00fczelim d\u00fcnyaya deh\u015fet sa\u00e7t\u0131lar Yapt\u0131\u011f\u0131 mevziyi koyup ka\u00e7t\u0131lar Tozunu dumana katana selam. Hainler ne bilsin dini iman\u0131 Da\u011f\u0131t\u0131r\u0131z hayal ile g\u00fcman\u0131 T\u00fcrk milleti bir olman\u0131n zaman\u0131 Hudutlarda n\u00f6bet tutuna selam.   K\u00fc\u00e7\u00fck Ahmet  yaraland\u0131 sineler E\u011fmez ba\u015f\u0131n cefak\u00e2rd\u0131r analar \u015eahit olur buna ge\u00e7en seneler Geceyi g\u00fcnd\u00fcze katana selam.<\/p>\n","protected":false},"excerpt":{"rendered":"<p>G\u00fcne\u015f do\u011fumunda batana kadar Yurduma millete vatana selam. G\u00fcnlerim ba\u015flay\u0131p bitene kadar Kefensiz toprakta yatana selam. G\u00fcne\u015f burca girip paralan\u0131nca D\u00fc\u015fman ile dostlar aralan\u0131nca \u00c7akal kur\u015funuyla<span class=\"excerpt-hellip\"> [\u2026]<\/span><\/p>\n","protected":false},"featured_media":0,"template":"","meta":{"_monsterinsights_skip_tracking":false,"_monsterinsights_sitenote_active":false,"_monsterinsights_sitenote_note":"","_monsterinsights_sitenote_category":0},"product_brand":[],"product_cat":[12291,12509],"product_tag":[],"class_list":{"0":"post-743271","1":"product","2":"type-product","3":"status-publish","5":"product_cat-edebiyat","6":"product_cat-siir","7":"pa_cilt-ciltsiz","8":"pa_tur-kitap","9":"pa_yayinevi-gulnar-yayinlari","10":"pa_yazar-ahmet-kucuk","12":"first","13":"instock","14":"sale","15":"shipping-taxable","16":"purchasable","17":"product-type-simple"},"_links":{"self":[{"href":"https:\/\/roveyayinevi.com.tr\/index.php\/wp-json\/wp\/v2\/product\/743271","targetHints":{"allow":["GET"]}}],"collection":[{"href":"https:\/\/roveyayinevi.com.tr\/index.php\/wp-json\/wp\/v2\/product"}],"about":[{"href":"https:\/\/roveyayinevi.com.tr\/index.php\/wp-json\/wp\/v2\/types\/product"}],"wp:attachment":[{"href":"https:\/\/roveyayinevi.com.tr\/index.php\/wp-json\/wp\/v2\/media?parent=743271"}],"wp:term":[{"taxonomy":"product_brand","embeddable":true,"href":"https:\/\/roveyayinevi.com.tr\/index.php\/wp-json\/wp\/v2\/product_brand?post=743271"},{"taxonomy":"product_cat","embeddable":true,"href":"https:\/\/roveyayinevi.com.tr\/index.php\/wp-json\/wp\/v2\/product_cat?post=743271"},{"taxonomy":"product_tag","embeddable":true,"href":"https:\/\/roveyayinevi.com.tr\/index.php\/wp-json\/wp\/v2\/product_tag?post=743271"}],"curies":[{"name":"wp","href":"https:\/\/api.w.org\/{rel}","templated":true}]}}