{"id":743269,"date":"2025-08-28T01:31:09","date_gmt":"2025-08-27T22:31:09","guid":{"rendered":"https:\/\/roveyayinevi.com.tr\/index.php\/urun\/guvercinler-gitmeden\/"},"modified":"2026-04-16T02:54:39","modified_gmt":"2026-04-15T23:54:39","slug":"guvercinler-gitmeden","status":"publish","type":"product","link":"https:\/\/roveyayinevi.com.tr\/index.php\/urun\/guvercinler-gitmeden\/","title":{"rendered":"G\u00fcvercinler Gitmeden"},"content":{"rendered":"<p>G\u00dcVERC\u0130NLER G\u0130TMEDEN&#8230; Ne g\u00fczeldi o zamanlar \u015fehirler bir cennetti, Bildi\u011fimiz, g\u00f6rd\u00fc\u011f\u00fcm\u00fcz, d\u00fcnyam\u0131zda servetti, \u00c7o\u011fu birbirini tan\u0131r, hat\u0131r, sayg\u0131, h\u00fcrmetti, Yabanc\u0131y\u0131 fark ederdik hi\u00e7 teredd\u00fct etmeden, Biz bizlerle \u00e7ok mutluyduk g\u00fcvercinler gitmeden\u2026   Her semtte bir terzi vard\u0131 elbise diktirirdik, Bir de berberimiz vard\u0131 sa\u00e7a f\u00f6n \u00e7ektirirdik, Mahallenin bakkal\u0131na meyveyi se\u00e7tirirdik, Bir sayg\u0131 vard\u0131 esnafta kimseyi incitmeden, Tebess\u00fcm ederdi y\u00fcze g\u00fcvercinler gitmeden\u2026   Hafta sonu \u00fcst\u00fc a\u00e7\u0131k sinemada film var, En g\u00fczel elbiseleri giyerlerdi kad\u0131nlar, Kocalar\u0131 yanlar\u0131nda yava\u015f yava\u015f ad\u0131mlar, Biri r\u00fczg\u00e2r gibi ge\u00e7ti biri \u015fafak s\u00f6kmeden, \u00c7ift filmi seyrederlerdi g\u00fcvercinler gitmeden\u2026   Bir cenaze ge\u00e7er iken a\u011f\u0131r a\u011f\u0131r sokakta, Tabuta omuz verirdik onu tan\u0131masakta, Fatihayla u\u011furlard\u0131k \u00f6l\u00fcy\u00fc son durakta, H\u00fcz\u00fcn bizi terk etmezdi cenaze terk etmeden, \u00d6l\u00fclerimiz kutsald\u0131 g\u00fcvercinler gitmeden\u2026   Hi\u00e7 kalabal\u0131k de\u011fildi kald\u0131r\u0131ms\u0131z sokaklar, Yanyana ge\u00e7erken bile toslamazd\u0131 insanlar, Kom\u015funun namusu bizdik kutsald\u0131 b\u00fct\u00fcn haklar, Dedikodu yalan dolan korunurduk fitneden, Karde\u015f gibi ge\u00e7inirdik g\u00fcvercinler gitmeden\u2026   Haz al\u0131yorduk hayattan seviyorduk her \u015feyi, Ok\u015fay\u0131p sokak ba\u015f\u0131nda uyuyan bir kediyi, Tuttu\u011fumuz tak\u0131mlarda buluyorduk ne\u015feyi, Radyodan dinledi\u011fimiz ma\u00e7lar\u0131 seyretmeden, Dinlemekte yetiyordu g\u00fcvercinler gitmeden\u2026   Minarede m\u00fcezzinler canl\u0131 ezan okurdu, Hele sabah ezanlar\u0131 \u00f6yle bir dokunurdu, &#8220;Hayrun Minen Nevm&#8221; deyip y\u00fcre\u011fi burkuyordu, Uyku ile uyan\u0131kl\u0131k aras\u0131nda yitmeden, Bir \u015fehir uyan\u0131yordu g\u00fcvercinler gitmeden\u2026<\/p>\n","protected":false},"excerpt":{"rendered":"<p>G\u00dcVERC\u0130NLER G\u0130TMEDEN&#8230; Ne g\u00fczeldi o zamanlar \u015fehirler bir cennetti, Bildi\u011fimiz, g\u00f6rd\u00fc\u011f\u00fcm\u00fcz, d\u00fcnyam\u0131zda servetti, \u00c7o\u011fu birbirini tan\u0131r, hat\u0131r, sayg\u0131, h\u00fcrmetti, Yabanc\u0131y\u0131 fark ederdik hi\u00e7 teredd\u00fct etmeden, Biz<span class=\"excerpt-hellip\"> [\u2026]<\/span><\/p>\n","protected":false},"featured_media":0,"template":"","meta":{"_monsterinsights_skip_tracking":false,"_monsterinsights_sitenote_active":false,"_monsterinsights_sitenote_note":"","_monsterinsights_sitenote_category":0},"product_brand":[],"product_cat":[12291,12509],"product_tag":[],"class_list":{"0":"post-743269","1":"product","2":"type-product","3":"status-publish","5":"product_cat-edebiyat","6":"product_cat-siir","7":"pa_cilt-ciltsiz","8":"pa_tur-kitap","9":"pa_yayinevi-gulnar-yayinlari","10":"pa_yazar-alpay-ilhan-ertas","12":"first","13":"instock","14":"sale","15":"shipping-taxable","16":"purchasable","17":"product-type-simple"},"_links":{"self":[{"href":"https:\/\/roveyayinevi.com.tr\/index.php\/wp-json\/wp\/v2\/product\/743269","targetHints":{"allow":["GET"]}}],"collection":[{"href":"https:\/\/roveyayinevi.com.tr\/index.php\/wp-json\/wp\/v2\/product"}],"about":[{"href":"https:\/\/roveyayinevi.com.tr\/index.php\/wp-json\/wp\/v2\/types\/product"}],"wp:attachment":[{"href":"https:\/\/roveyayinevi.com.tr\/index.php\/wp-json\/wp\/v2\/media?parent=743269"}],"wp:term":[{"taxonomy":"product_brand","embeddable":true,"href":"https:\/\/roveyayinevi.com.tr\/index.php\/wp-json\/wp\/v2\/product_brand?post=743269"},{"taxonomy":"product_cat","embeddable":true,"href":"https:\/\/roveyayinevi.com.tr\/index.php\/wp-json\/wp\/v2\/product_cat?post=743269"},{"taxonomy":"product_tag","embeddable":true,"href":"https:\/\/roveyayinevi.com.tr\/index.php\/wp-json\/wp\/v2\/product_tag?post=743269"}],"curies":[{"name":"wp","href":"https:\/\/api.w.org\/{rel}","templated":true}]}}