{"id":743268,"date":"2025-08-28T01:31:07","date_gmt":"2025-08-27T22:31:07","guid":{"rendered":"https:\/\/roveyayinevi.com.tr\/index.php\/urun\/dogu-ekspresinde-cinayet-cizgi-roman\/"},"modified":"2026-04-16T02:54:39","modified_gmt":"2026-04-15T23:54:39","slug":"dogu-ekspresinde-cinayet-cizgi-roman","status":"publish","type":"product","link":"https:\/\/roveyayinevi.com.tr\/index.php\/urun\/dogu-ekspresinde-cinayet-cizgi-roman\/","title":{"rendered":"Do\u011fu Ekspresinde Cinayet -\u00c7izgi Roman"},"content":{"rendered":"<p>1937 k\u0131\u015f\u0131. Gece yar\u0131s\u0131ndan hemen sonra Do\u011fu Ekspresi bir kar y\u0131\u011f\u0131n\u0131 y\u00fcz\u00fcnden durmak zorunda kal\u0131r. L\u00fcks tren y\u0131l\u0131n bu zaman\u0131na g\u00f6re \u015fa\u015f\u0131rt\u0131c\u0131 derecede doludur ama sabah\u0131n erken saatlerinde yolcu say\u0131s\u0131 bir ki\u015fi azal\u0131r&#8230;Amerikal\u0131 zengin bir i\u015f insan\u0131 olan Bay Cassetti on iki b\u0131\u00e7ak darbesiyle \u00f6ld\u00fcr\u00fclm\u00fc\u015ft\u00fcr ve i\u015fin tuhaf\u0131 kompart\u0131man\u0131n\u0131n kap\u0131s\u0131 i\u00e7eriden kilitlidir. Yolcular aras\u0131nda bulunan Hercule Poirot, d\u00fcnyayla ba\u011flant\u0131s\u0131 kesilen bu trende karanl\u0131k s\u0131rlarla dolu davay\u0131 \u00e7\u00f6zmeye \u00e7al\u0131\u015f\u0131r&#8230;Otuzdan fazla dile \u00e7evrilen Do\u011fu Ekspresinde Cinayet, Agatha Christie&#8217;nin en \u00e7arp\u0131c\u0131 romanlar\u0131ndan biridir. <\/p>\n","protected":false},"excerpt":{"rendered":"<p>1937 k\u0131\u015f\u0131. Gece yar\u0131s\u0131ndan hemen sonra Do\u011fu Ekspresi bir kar y\u0131\u011f\u0131n\u0131 y\u00fcz\u00fcnden durmak zorunda kal\u0131r. L\u00fcks tren y\u0131l\u0131n bu zaman\u0131na g\u00f6re \u015fa\u015f\u0131rt\u0131c\u0131 derecede doludur ama sabah\u0131n<span class=\"excerpt-hellip\"> [\u2026]<\/span><\/p>\n","protected":false},"featured_media":0,"template":"","meta":{"_monsterinsights_skip_tracking":false,"_monsterinsights_sitenote_active":false,"_monsterinsights_sitenote_note":"","_monsterinsights_sitenote_category":0},"product_brand":[],"product_cat":[12416,12291],"product_tag":[],"class_list":{"0":"post-743268","1":"product","2":"type-product","3":"status-publish","5":"product_cat-cizgi-roman","6":"product_cat-edebiyat","7":"pa_cilt-ciltsiz","8":"pa_tur-kitap","9":"pa_yayinevi-altin-kitaplar","10":"pa_yazar-agatha-christie","12":"first","13":"instock","14":"sale","15":"shipping-taxable","16":"purchasable","17":"product-type-simple"},"_links":{"self":[{"href":"https:\/\/roveyayinevi.com.tr\/index.php\/wp-json\/wp\/v2\/product\/743268","targetHints":{"allow":["GET"]}}],"collection":[{"href":"https:\/\/roveyayinevi.com.tr\/index.php\/wp-json\/wp\/v2\/product"}],"about":[{"href":"https:\/\/roveyayinevi.com.tr\/index.php\/wp-json\/wp\/v2\/types\/product"}],"wp:attachment":[{"href":"https:\/\/roveyayinevi.com.tr\/index.php\/wp-json\/wp\/v2\/media?parent=743268"}],"wp:term":[{"taxonomy":"product_brand","embeddable":true,"href":"https:\/\/roveyayinevi.com.tr\/index.php\/wp-json\/wp\/v2\/product_brand?post=743268"},{"taxonomy":"product_cat","embeddable":true,"href":"https:\/\/roveyayinevi.com.tr\/index.php\/wp-json\/wp\/v2\/product_cat?post=743268"},{"taxonomy":"product_tag","embeddable":true,"href":"https:\/\/roveyayinevi.com.tr\/index.php\/wp-json\/wp\/v2\/product_tag?post=743268"}],"curies":[{"name":"wp","href":"https:\/\/api.w.org\/{rel}","templated":true}]}}