{"id":743261,"date":"2025-08-28T01:31:00","date_gmt":"2025-08-27T22:31:00","guid":{"rendered":"https:\/\/roveyayinevi.com.tr\/index.php\/urun\/espriler-ve-bilinc-disi-ile-iliskileri\/"},"modified":"2025-11-13T08:13:27","modified_gmt":"2025-11-13T05:13:27","slug":"espriler-ve-bilinc-disi-ile-iliskileri","status":"publish","type":"product","link":"https:\/\/roveyayinevi.com.tr\/index.php\/urun\/espriler-ve-bilinc-disi-ile-iliskileri\/","title":{"rendered":"Espriler ve Bilin\u00e7 D\u0131\u015f\u0131 ile \u0130li\u015fkileri"},"content":{"rendered":"<p>Sigmund Freud&#8217;un 1905 y\u0131l\u0131nda kaleme ald\u0131\u011f\u0131 Espriler ve Bilin\u00e7 D\u0131\u015f\u0131 ile \u0130li\u015fkileri komedi espri ve nelere g\u00fcld\u00fc\u011f\u00fcm\u00fcz hakk\u0131nda detayl\u0131 bir analizden olu\u015fmaktad\u0131r.  Esprileri de t\u0131pk\u0131 r\u00fcyalar hakk\u0131nda \u00f6ne s\u00fcrd\u00fc\u011f\u00fc g\u00f6r\u00fc\u015flerde oldu\u011fu gibi bilin\u00e7 d\u0131\u015f\u0131 ile ili\u015fkilendiren Freud esprilerin alt\u0131nda yatan gizli i\u00e7g\u00fcd\u00fcleri ortaya koyman\u0131n \u00f6nemine vurgu yapmaktad\u0131r.Benzetmeler \u015fa\u015f\u0131rtmacalar ve \u00e7eli\u015fkiler yoluyla olu\u015fan esprilerin pek \u00e7ok \u00f6rne\u011finin yer ald\u0131\u011f\u0131 bu eseri okurken g\u00fclmekten ve mizahtan neden bu denli haz ald\u0131\u011f\u0131m\u0131z\u0131 bir kez daha d\u00fc\u015f\u00fcneceksiniz. (Tan\u0131t\u0131m B\u00fclteninden)<\/p>\n","protected":false},"excerpt":{"rendered":"<p>Sigmund Freud&#8217;un 1905 y\u0131l\u0131nda kaleme ald\u0131\u011f\u0131 Espriler ve Bilin\u00e7 D\u0131\u015f\u0131 ile \u0130li\u015fkileri komedi espri ve nelere g\u00fcld\u00fc\u011f\u00fcm\u00fcz hakk\u0131nda detayl\u0131 bir analizden olu\u015fmaktad\u0131r. Esprileri de t\u0131pk\u0131 r\u00fcyalar<span class=\"excerpt-hellip\"> [\u2026]<\/span><\/p>\n","protected":false},"featured_media":0,"template":"","meta":{"_monsterinsights_skip_tracking":false,"_monsterinsights_sitenote_active":false,"_monsterinsights_sitenote_note":"","_monsterinsights_sitenote_category":0},"product_brand":[],"product_cat":[12358,12357],"product_tag":[],"class_list":{"0":"post-743261","1":"product","2":"type-product","3":"status-publish","5":"product_cat-genel-psikoloji","6":"product_cat-psikoloji","7":"pa_cilt-ciltsiz","8":"pa_tur-kitap","9":"pa_yayinevi-olimpos-yayinlari","10":"pa_yazar-sigmund-freud","12":"first","13":"instock","14":"sale","15":"shipping-taxable","16":"purchasable","17":"product-type-simple"},"_links":{"self":[{"href":"https:\/\/roveyayinevi.com.tr\/index.php\/wp-json\/wp\/v2\/product\/743261","targetHints":{"allow":["GET"]}}],"collection":[{"href":"https:\/\/roveyayinevi.com.tr\/index.php\/wp-json\/wp\/v2\/product"}],"about":[{"href":"https:\/\/roveyayinevi.com.tr\/index.php\/wp-json\/wp\/v2\/types\/product"}],"wp:attachment":[{"href":"https:\/\/roveyayinevi.com.tr\/index.php\/wp-json\/wp\/v2\/media?parent=743261"}],"wp:term":[{"taxonomy":"product_brand","embeddable":true,"href":"https:\/\/roveyayinevi.com.tr\/index.php\/wp-json\/wp\/v2\/product_brand?post=743261"},{"taxonomy":"product_cat","embeddable":true,"href":"https:\/\/roveyayinevi.com.tr\/index.php\/wp-json\/wp\/v2\/product_cat?post=743261"},{"taxonomy":"product_tag","embeddable":true,"href":"https:\/\/roveyayinevi.com.tr\/index.php\/wp-json\/wp\/v2\/product_tag?post=743261"}],"curies":[{"name":"wp","href":"https:\/\/api.w.org\/{rel}","templated":true}]}}