{"id":743232,"date":"2025-08-28T01:30:26","date_gmt":"2025-08-27T22:30:26","guid":{"rendered":"https:\/\/roveyayinevi.com.tr\/index.php\/urun\/huzurun-ve-ozgurlugun-bedeli\/"},"modified":"2026-04-16T02:54:38","modified_gmt":"2026-04-15T23:54:38","slug":"huzurun-ve-ozgurlugun-bedeli","status":"publish","type":"product","link":"https:\/\/roveyayinevi.com.tr\/index.php\/urun\/huzurun-ve-ozgurlugun-bedeli\/","title":{"rendered":"Huzurun ve \u00d6zg\u00fcrl\u00fc\u011f\u00fcn Bedeli"},"content":{"rendered":"<p>\u0130nsanlar, olan \u015feylerden de\u011fil, o \u015feylerle ilgili fikirlerden rahats\u0131z olurlar. Mesela \u00f6l\u00fcm k\u00f6t\u00fc de\u011fildir, e\u011fer k\u00f6t\u00fc olsayd\u0131 Sokrates\u2019e de \u00f6yle g\u00f6r\u00fcn\u00fcrd\u00fc. K\u00f6t\u00fc olan \u00f6l\u00fcm\u00fcn k\u00f6t\u00fc bir \u015fey oldu\u011funu d\u00fc\u015f\u00fcnme fikridir. Engellendi\u011fimizde, rahats\u0131z edildi\u011fimizde veya ac\u0131 \u00e7ekti\u011fimizde su\u00e7lu olan ba\u015fkalar\u0131 de\u011fil kendi fikirlerimizdir. Fikirlerimiz kadar g\u00fc\u00e7l\u00fc, fikirlerimiz kadar huzurlu ve yine fikirlerimiz kadar \u00d6zg\u00fcr\u00fcz.<\/p>\n","protected":false},"excerpt":{"rendered":"<p>\u0130nsanlar, olan \u015feylerden de\u011fil, o \u015feylerle ilgili fikirlerden rahats\u0131z olurlar. Mesela \u00f6l\u00fcm k\u00f6t\u00fc de\u011fildir, e\u011fer k\u00f6t\u00fc olsayd\u0131 Sokrates\u2019e de \u00f6yle g\u00f6r\u00fcn\u00fcrd\u00fc. K\u00f6t\u00fc olan \u00f6l\u00fcm\u00fcn k\u00f6t\u00fc bir<span class=\"excerpt-hellip\"> [\u2026]<\/span><\/p>\n","protected":false},"featured_media":0,"template":"","meta":{"_monsterinsights_skip_tracking":false,"_monsterinsights_sitenote_active":false,"_monsterinsights_sitenote_note":"","_monsterinsights_sitenote_category":0},"product_brand":[],"product_cat":[12389,12388],"product_tag":[],"class_list":{"0":"post-743232","1":"product","2":"type-product","3":"status-publish","5":"product_cat-diger-felsefe","6":"product_cat-felsefe","7":"pa_cilt-ciltsiz","8":"pa_tur-kitap","9":"pa_yayinevi-spesifik-yayinlari","10":"pa_yazar-epiktetus","12":"first","13":"instock","14":"sale","15":"shipping-taxable","16":"purchasable","17":"product-type-simple"},"_links":{"self":[{"href":"https:\/\/roveyayinevi.com.tr\/index.php\/wp-json\/wp\/v2\/product\/743232","targetHints":{"allow":["GET"]}}],"collection":[{"href":"https:\/\/roveyayinevi.com.tr\/index.php\/wp-json\/wp\/v2\/product"}],"about":[{"href":"https:\/\/roveyayinevi.com.tr\/index.php\/wp-json\/wp\/v2\/types\/product"}],"wp:attachment":[{"href":"https:\/\/roveyayinevi.com.tr\/index.php\/wp-json\/wp\/v2\/media?parent=743232"}],"wp:term":[{"taxonomy":"product_brand","embeddable":true,"href":"https:\/\/roveyayinevi.com.tr\/index.php\/wp-json\/wp\/v2\/product_brand?post=743232"},{"taxonomy":"product_cat","embeddable":true,"href":"https:\/\/roveyayinevi.com.tr\/index.php\/wp-json\/wp\/v2\/product_cat?post=743232"},{"taxonomy":"product_tag","embeddable":true,"href":"https:\/\/roveyayinevi.com.tr\/index.php\/wp-json\/wp\/v2\/product_tag?post=743232"}],"curies":[{"name":"wp","href":"https:\/\/api.w.org\/{rel}","templated":true}]}}