{"id":743230,"date":"2025-08-28T01:30:24","date_gmt":"2025-08-27T22:30:24","guid":{"rendered":"https:\/\/roveyayinevi.com.tr\/index.php\/urun\/kitabut-tevehhum-olume-dair\/"},"modified":"2026-04-16T02:54:38","modified_gmt":"2026-04-15T23:54:38","slug":"kitabut-tevehhum-olume-dair","status":"publish","type":"product","link":"https:\/\/roveyayinevi.com.tr\/index.php\/urun\/kitabut-tevehhum-olume-dair\/","title":{"rendered":"Kitabu&#8217;t Tevehhum &#8211; \u00d6l\u00fcme Dair"},"content":{"rendered":"<p>Zaman\u0131n\u0131n en b\u00fcy\u00fck alimlerinden Haris El Muhasibi&#8217;nin bu eseri; \u00f6lmeden \u00f6l\u00fcm\u00fc tatt\u0131racak. \u00d6l\u00fcm an\u0131n\u0131 ve sonras\u0131n\u0131 birinci a\u011f\u0131zdan iliklerinize kadar hissedecek, cennet nimetlerinin kokusunu al\u0131p, cehennemin sesini duyacaks\u0131n\u0131z! Bu kitap, iman\u0131n zirvesini ya\u015fayan bir alimin, ebedi alemi tefekk\u00fcr ederek kaleme ald\u0131\u011f\u0131, emsaline az rastlan\u0131labilecek bir eserdir. Haris el muhasibi hicri 165 y\u0131l\u0131nda Basra&#8217;da d\u00fcnyaya gelmi\u015ftir. Nefis muhasebesi konusundaki titizli\u011finden dolay\u0131 &#8220;muhasibi&#8221; olarak tan\u0131nm\u0131\u015ft\u0131r. Ahmed b. Hanbel ve C\u00fcneyd-i Ba\u011fdadi ile ayn\u0131 d\u00f6nemde ya\u015fam\u0131\u015ft\u0131r. Kitap, \u00f6l\u00fcm an\u0131 ve ac\u0131s\u0131 ile ba\u015flamakta, \u00f6l\u00fcm mele\u011finin g\u00f6r\u00fclmesini, o anda kar\u015f\u0131la\u015f\u0131lan iyi veya k\u00f6t\u00fc hali canland\u0131rmakla devam etmektedir. Akabinde kabirde sorgu meleklerinin geli\u015fini, ard\u0131ndan ki\u015finin ameline g\u00f6re cennete veya cehenneme g\u00f6nderilmesini tasvir etmektedir. Yazar, okuyucuya cenneti ve cehennemi \u00f6lmeden iliklerine kadar ya\u015fatmaktad\u0131r. Kitab\u0131n sonuna gelindi\u011finde, Muhasibi, Allah\u2019\u0131n r\u0131zas\u0131n\u0131 kazanma yolunda neler yapmam\u0131z gerekti\u011fini anlatarak hayat\u0131m\u0131za y\u00f6n vermektedir. Kitap bitti\u011finde, Muhasibi\u2019nin muhsabesi bitmi\u015f, senin muhaseben ba\u015flam\u0131\u015f olacak!<\/p>\n","protected":false},"excerpt":{"rendered":"<p>Zaman\u0131n\u0131n en b\u00fcy\u00fck alimlerinden Haris El Muhasibi&#8217;nin bu eseri; \u00f6lmeden \u00f6l\u00fcm\u00fc tatt\u0131racak. \u00d6l\u00fcm an\u0131n\u0131 ve sonras\u0131n\u0131 birinci a\u011f\u0131zdan iliklerinize kadar hissedecek, cennet nimetlerinin kokusunu al\u0131p, cehennemin<span class=\"excerpt-hellip\"> [\u2026]<\/span><\/p>\n","protected":false},"featured_media":0,"template":"","meta":{"_monsterinsights_skip_tracking":false,"_monsterinsights_sitenote_active":false,"_monsterinsights_sitenote_note":"","_monsterinsights_sitenote_category":0},"product_brand":[],"product_cat":[12718,12719],"product_tag":[],"class_list":{"0":"post-743230","1":"product","2":"type-product","3":"status-publish","5":"product_cat-din","6":"product_cat-islam","7":"pa_cilt-ciltsiz","8":"pa_tur-kitap","9":"pa_yayinevi-debir-yayinlari","10":"pa_yazar-haris-el-muhasibi","12":"first","13":"instock","14":"sale","15":"shipping-taxable","16":"purchasable","17":"product-type-simple"},"_links":{"self":[{"href":"https:\/\/roveyayinevi.com.tr\/index.php\/wp-json\/wp\/v2\/product\/743230","targetHints":{"allow":["GET"]}}],"collection":[{"href":"https:\/\/roveyayinevi.com.tr\/index.php\/wp-json\/wp\/v2\/product"}],"about":[{"href":"https:\/\/roveyayinevi.com.tr\/index.php\/wp-json\/wp\/v2\/types\/product"}],"wp:attachment":[{"href":"https:\/\/roveyayinevi.com.tr\/index.php\/wp-json\/wp\/v2\/media?parent=743230"}],"wp:term":[{"taxonomy":"product_brand","embeddable":true,"href":"https:\/\/roveyayinevi.com.tr\/index.php\/wp-json\/wp\/v2\/product_brand?post=743230"},{"taxonomy":"product_cat","embeddable":true,"href":"https:\/\/roveyayinevi.com.tr\/index.php\/wp-json\/wp\/v2\/product_cat?post=743230"},{"taxonomy":"product_tag","embeddable":true,"href":"https:\/\/roveyayinevi.com.tr\/index.php\/wp-json\/wp\/v2\/product_tag?post=743230"}],"curies":[{"name":"wp","href":"https:\/\/api.w.org\/{rel}","templated":true}]}}