{"id":743190,"date":"2025-08-28T01:29:31","date_gmt":"2025-08-27T22:29:31","guid":{"rendered":"https:\/\/roveyayinevi.com.tr\/index.php\/urun\/sevgili-herkes\/"},"modified":"2026-04-16T02:54:36","modified_gmt":"2026-04-15T23:54:36","slug":"sevgili-herkes","status":"publish","type":"product","link":"https:\/\/roveyayinevi.com.tr\/index.php\/urun\/sevgili-herkes\/","title":{"rendered":"Sevgili Herkes"},"content":{"rendered":"<p>Ve usulca f\u0131s\u0131ldad\u0131 hayat: Beni Oku\u2026Sevgili Herkes,Hayat bazen hi\u00e7 olmad\u0131\u011f\u0131 kadar aral\u0131yor perdelerini. Bak diyor ard\u0131ma, bak nice g\u00fczellikler var. Saklanma o perdenin arkas\u0131na. Ge\u00e7mi\u015fi u\u011furla ve \u00e7\u0131k nadastan. Zira iyimserlik d\u00fcnyay\u0131 ku\u015fatacak, korkma\u2026Asl\u0131nda hepimiz bir \u015feyleri ba\u015farmak i\u00e7in programland\u0131k ve hayallerimizi ger\u00e7ek k\u0131lacak g\u00fcc\u00fc i\u00e7imizde bar\u0131nd\u0131r\u0131yoruz. Sadece baz\u0131lar\u0131m\u0131z\u0131n o g\u00fcc\u00fc serbest b\u0131rakmaya hen\u00fcz cesareti yok.Hayat okunmay\u0131 bekleyen bir kitap gibi kar\u015f\u0131m\u0131zda duruyor. Peki hayat nas\u0131l okunur?Yasemin \u00dcnl\u00fc ve Burcu Tekta\u015f Sevgili Herkes kitab\u0131nda ya\u015fad\u0131\u011f\u0131m\u0131z rutin hayat\u0131n dar alan\u0131ndan \u00e7\u0131kmaya, al\u0131\u015fkanl\u0131klar\u0131m\u0131z\u0131 sorgulamaya, korkular\u0131m\u0131z\u0131n \u00fczerine gitmeye, hayallerimize uzanan yolda \u00f6nyarg\u0131lara teslim olmadan cesaretle ad\u0131m atmaya \u00e7a\u011f\u0131r\u0131yor bizleri.Bu kitap size iyi gelecek<\/p>\n","protected":false},"excerpt":{"rendered":"<p>Ve usulca f\u0131s\u0131ldad\u0131 hayat: Beni Oku\u2026Sevgili Herkes,Hayat bazen hi\u00e7 olmad\u0131\u011f\u0131 kadar aral\u0131yor perdelerini. Bak diyor ard\u0131ma, bak nice g\u00fczellikler var. Saklanma o perdenin arkas\u0131na. Ge\u00e7mi\u015fi u\u011furla<span class=\"excerpt-hellip\"> [\u2026]<\/span><\/p>\n","protected":false},"featured_media":0,"template":"","meta":{"_monsterinsights_skip_tracking":false,"_monsterinsights_sitenote_active":false,"_monsterinsights_sitenote_note":"","_monsterinsights_sitenote_category":0},"product_brand":[],"product_cat":[12364,12376],"product_tag":[],"class_list":{"0":"post-743190","1":"product","2":"type-product","3":"status-publish","5":"product_cat-genel-konular","6":"product_cat-kisisel-gelisim","7":"pa_cilt-ciltsiz","8":"pa_tur-kitap","9":"pa_yayinevi-muptela-yayinevi","10":"pa_yazar-yasemin-unlu-burcu-tektas","12":"first","13":"instock","14":"sale","15":"shipping-taxable","16":"purchasable","17":"product-type-simple"},"_links":{"self":[{"href":"https:\/\/roveyayinevi.com.tr\/index.php\/wp-json\/wp\/v2\/product\/743190","targetHints":{"allow":["GET"]}}],"collection":[{"href":"https:\/\/roveyayinevi.com.tr\/index.php\/wp-json\/wp\/v2\/product"}],"about":[{"href":"https:\/\/roveyayinevi.com.tr\/index.php\/wp-json\/wp\/v2\/types\/product"}],"wp:attachment":[{"href":"https:\/\/roveyayinevi.com.tr\/index.php\/wp-json\/wp\/v2\/media?parent=743190"}],"wp:term":[{"taxonomy":"product_brand","embeddable":true,"href":"https:\/\/roveyayinevi.com.tr\/index.php\/wp-json\/wp\/v2\/product_brand?post=743190"},{"taxonomy":"product_cat","embeddable":true,"href":"https:\/\/roveyayinevi.com.tr\/index.php\/wp-json\/wp\/v2\/product_cat?post=743190"},{"taxonomy":"product_tag","embeddable":true,"href":"https:\/\/roveyayinevi.com.tr\/index.php\/wp-json\/wp\/v2\/product_tag?post=743190"}],"curies":[{"name":"wp","href":"https:\/\/api.w.org\/{rel}","templated":true}]}}