{"id":743180,"date":"2025-08-28T01:29:16","date_gmt":"2025-08-27T22:29:16","guid":{"rendered":"https:\/\/roveyayinevi.com.tr\/index.php\/urun\/toplumsal-cinsiyet-temelli-siddetin-cozumunde-erkekler\/"},"modified":"2026-04-16T02:54:36","modified_gmt":"2026-04-15T23:54:36","slug":"toplumsal-cinsiyet-temelli-siddetin-cozumunde-erkekler","status":"publish","type":"product","link":"https:\/\/roveyayinevi.com.tr\/index.php\/urun\/toplumsal-cinsiyet-temelli-siddetin-cozumunde-erkekler\/","title":{"rendered":"Toplumsal Cinsiyet Temelli \u015eiddetin \u00c7\u00f6z\u00fcm\u00fcnde Erkekler"},"content":{"rendered":"<p>\u201cFeminizmin ilke ve de\u011ferleri erkeklerle y\u00fcr\u00fct\u00fclecek \u00e7al\u0131\u015fmalar i\u00e7in ger\u00e7ekten uygulanabilir mi? Veyahut feminist ilke, de\u011fer ve deneyimler, en faydal\u0131 olacak bir bi\u00e7imde, ne \u00f6l\u00e7\u00fcde ve hangi d\u00fczeyde bu \u00e7al\u0131\u015fmalara aktar\u0131labilir? Bunun da \u00f6tesinde b\u00f6ylesi bir aktar\u0131m ne kadar m\u00fcmk\u00fcn olabilir? Belki de do\u011frudan aktar\u0131m de\u011fil fakat bu ilke, de\u011fer ve deneyimlerin erkeklere y\u00f6nelik \u00e7al\u0131\u015fmalara g\u00f6re uyarlanmas\u0131, yeniden yorumlanmas\u0131 gerekir. Peki bu uyarlama ve yeniden yorumlama e\u015fitli\u011fi sa\u011flama ve \u015fiddeti \u00f6nleme amac\u0131na uygun olarak nas\u0131l ger\u00e7ekle\u015ftirilecektir?\u201d Bu kitap, toplumsal cinsiyet temelli \u015fiddetin anla\u015f\u0131lmas\u0131 ve bununla m\u00fccadele edilmesi ad\u0131na erkekler ile y\u00fcr\u00fct\u00fclecek \u00e7al\u0131\u015fmalar\u0131n \u00f6nemini g\u00f6stermeyi hedeflemektedir. Bu alanda \u00e7al\u0131\u015fmalar y\u00fcr\u00fcten ya da bu \u00e7al\u0131\u015fmalara kat\u0131l\u0131m sa\u011flamak isteyen sosyal \u00e7al\u0131\u015fmac\u0131lar\u0131n, ara\u015ft\u0131rmac\u0131lar\u0131n, akademisyenlerin, aktivistlerin, kamu kurumlar\u0131 ve sivil toplum \u00f6rg\u00fctlerinden temsilcilerin \u00f6nlerinde yer alan kapasite sorununun tespit edilip a\u015f\u0131lmas\u0131 i\u00e7in gereken g\u00fcncel bir toplumsal cinsiyet perspektifinin geli\u015ftirilmesini \u00f6nermektedir. Bu ama\u00e7la, bu \u00e7al\u0131\u015fmalar\u0131n \u00f6n\u00fcnde engel te\u015fkil eden kal\u0131pla\u015fm\u0131\u015f toplumsal cinsiyetli i\u015f b\u00f6l\u00fcm\u00fc, rol ve sorumluluklar\u0131n sorgulanmas\u0131 ve d\u00f6n\u00fc\u015f\u00fcm\u00fc ad\u0131na ger\u00e7ekle\u015ftirilebilecek m\u00fccadele imk\u00e2nlar\u0131n\u0131 tart\u0131\u015fmaktad\u0131r. Bu kapsamda, toplumsal cinsiyet temelli \u015fiddet, insan haklar\u0131n\u0131n ger\u00e7ekle\u015ftirilmesinin \u00f6n\u00fcnde bir engel olarak yapabilirlikler yakla\u015f\u0131m\u0131 \u00e7er\u00e7evesinde; kapsay\u0131c\u0131, ele\u015ftirel ve feminist bir sosyal adalet yakla\u015f\u0131m\u0131n\u0131 benimseyen bir savunuculuk anlay\u0131\u015f\u0131 do\u011frultusunda de\u011ferlendirilmektedir. <\/p>\n","protected":false},"excerpt":{"rendered":"<p>\u201cFeminizmin ilke ve de\u011ferleri erkeklerle y\u00fcr\u00fct\u00fclecek \u00e7al\u0131\u015fmalar i\u00e7in ger\u00e7ekten uygulanabilir mi? Veyahut feminist ilke, de\u011fer ve deneyimler, en faydal\u0131 olacak bir bi\u00e7imde, ne \u00f6l\u00e7\u00fcde ve hangi<span class=\"excerpt-hellip\"> [\u2026]<\/span><\/p>\n","protected":false},"featured_media":0,"template":"","meta":{"_monsterinsights_skip_tracking":false,"_monsterinsights_sitenote_active":false,"_monsterinsights_sitenote_note":"","_monsterinsights_sitenote_category":0},"product_brand":[],"product_cat":[12325,12324],"product_tag":[],"class_list":{"0":"post-743180","1":"product","2":"type-product","3":"status-publish","5":"product_cat-diger-sosyoloji","6":"product_cat-sosyoloji","7":"pa_cilt-ciltsiz","8":"pa_tur-kitap","9":"pa_yayinevi-nika-yayinevi","10":"pa_yazar-erman-orsan-yetis-poyraz-kolluoglu","12":"first","13":"instock","14":"sale","15":"shipping-taxable","16":"purchasable","17":"product-type-simple"},"_links":{"self":[{"href":"https:\/\/roveyayinevi.com.tr\/index.php\/wp-json\/wp\/v2\/product\/743180","targetHints":{"allow":["GET"]}}],"collection":[{"href":"https:\/\/roveyayinevi.com.tr\/index.php\/wp-json\/wp\/v2\/product"}],"about":[{"href":"https:\/\/roveyayinevi.com.tr\/index.php\/wp-json\/wp\/v2\/types\/product"}],"wp:attachment":[{"href":"https:\/\/roveyayinevi.com.tr\/index.php\/wp-json\/wp\/v2\/media?parent=743180"}],"wp:term":[{"taxonomy":"product_brand","embeddable":true,"href":"https:\/\/roveyayinevi.com.tr\/index.php\/wp-json\/wp\/v2\/product_brand?post=743180"},{"taxonomy":"product_cat","embeddable":true,"href":"https:\/\/roveyayinevi.com.tr\/index.php\/wp-json\/wp\/v2\/product_cat?post=743180"},{"taxonomy":"product_tag","embeddable":true,"href":"https:\/\/roveyayinevi.com.tr\/index.php\/wp-json\/wp\/v2\/product_tag?post=743180"}],"curies":[{"name":"wp","href":"https:\/\/api.w.org\/{rel}","templated":true}]}}