{"id":743159,"date":"2025-08-28T01:28:52","date_gmt":"2025-08-27T22:28:52","guid":{"rendered":"https:\/\/roveyayinevi.com.tr\/index.php\/urun\/kizil-akil\/"},"modified":"2026-04-16T02:54:35","modified_gmt":"2026-04-15T23:54:35","slug":"kizil-akil","status":"publish","type":"product","link":"https:\/\/roveyayinevi.com.tr\/index.php\/urun\/kizil-akil\/","title":{"rendered":"K\u0131z\u0131l Ak\u0131l"},"content":{"rendered":"<p>VI.\/XII. y\u00fczy\u0131lda ya\u015fam\u0131\u015f b\u00fcy\u00fck suf\u00ee ve bilge filozof \u015eih\u00e2b\u00fcdd\u00een Sohreverd\u00ee, \u0130bn Sin\u00e2\u2019n\u0131n me\u015f\u015fa\u00ee felsefesi, \u0130sl\u00e2m tasavvufu ve eski \u0130ran hikmeti aras\u0131nda farkl\u0131 a\u00e7\u0131lardan ilgiler kurmay\u0131, bunlar\u0131 kar\u015f\u0131la\u015ft\u0131r\u0131p sentezleyerek aralar\u0131nda bir uyumluluk sa\u011flamay\u0131 ba\u015farm\u0131\u015f ilk ve son bilge filozof olarak kabul edilir. Yine Sohreverd\u00ee mitolojik rivayetleri de \u00f6zg\u00fcn bak\u0131\u015f a\u00e7\u0131lar\u0131 ve alabildi\u011fine geni\u015f \u00f6zg\u00fcn perspektiflerden de\u011ferlendirmeleriyle yorumlam\u0131\u015ft\u0131r. Sohreverd\u00ee eski \u0130ran rivayetleriyle ilgili yorumlar\u0131 ve \u0130\u015fr\u00e2k felsefesi eksenli g\u00f6r\u00fc\u015flerine dayanarak d\u00fcnyay\u0131 eski \u0130ran dinsel inan\u0131\u015flar\u0131nda yayg\u0131n olarak g\u00f6r\u00fclen \u201cayd\u0131nl\u0131k\u201d ve \u201ckaranl\u0131k\u201d temelli tasar\u0131mlar\u0131ndan hareketle belli \u00e7er\u00e7evelere oturtmu\u015ftur. O, \u0130sl\u00e2m bilgisinin engin evreninde eski \u0130ran hikmetinin simgesel ger\u00e7ekliklerini g\u00f6rmeyi ba\u015farm\u0131\u015f, onlara yeni bir hayat, yeni bir renk ve alg\u0131lama boyutu kazand\u0131rm\u0131\u015ft\u0131r.   Sohreverd\u00ee\u2019nin bu eseri kendisine birtak\u0131m sorular soran yak\u0131n bir arkada\u015f\u0131na vermi\u015f oldu\u011fu cevaplardan olu\u015fmaktad\u0131r.   Tasavvuf edebiyat\u0131n\u0131n bu \u00f6nemli metnini g\u00fczel dilimize \u00e7evirmek benim i\u00e7in yine zevkle yapt\u0131\u011f\u0131m bir \u00e7al\u0131\u015fma oldu. Sizin de okurken benzer bir keyif alman\u0131z dile\u011fiyle\u2026 <\/p>\n","protected":false},"excerpt":{"rendered":"<p>VI.\/XII. y\u00fczy\u0131lda ya\u015fam\u0131\u015f b\u00fcy\u00fck suf\u00ee ve bilge filozof \u015eih\u00e2b\u00fcdd\u00een Sohreverd\u00ee, \u0130bn Sin\u00e2\u2019n\u0131n me\u015f\u015fa\u00ee felsefesi, \u0130sl\u00e2m tasavvufu ve eski \u0130ran hikmeti aras\u0131nda farkl\u0131 a\u00e7\u0131lardan ilgiler kurmay\u0131, bunlar\u0131<span class=\"excerpt-hellip\"> [\u2026]<\/span><\/p>\n","protected":false},"featured_media":0,"template":"","meta":{"_monsterinsights_skip_tracking":false,"_monsterinsights_sitenote_active":false,"_monsterinsights_sitenote_note":"","_monsterinsights_sitenote_category":0},"product_brand":[],"product_cat":[12718],"product_tag":[],"class_list":{"0":"post-743159","1":"product","2":"type-product","3":"status-publish","5":"product_cat-din","6":"pa_cilt-ciltsiz","7":"pa_tur-kitap","8":"pa_yayinevi-pinhan-yayincilik","9":"pa_yazar-sihabuddin-sohreverdi","11":"first","12":"instock","13":"sale","14":"shipping-taxable","15":"purchasable","16":"product-type-simple"},"_links":{"self":[{"href":"https:\/\/roveyayinevi.com.tr\/index.php\/wp-json\/wp\/v2\/product\/743159","targetHints":{"allow":["GET"]}}],"collection":[{"href":"https:\/\/roveyayinevi.com.tr\/index.php\/wp-json\/wp\/v2\/product"}],"about":[{"href":"https:\/\/roveyayinevi.com.tr\/index.php\/wp-json\/wp\/v2\/types\/product"}],"wp:attachment":[{"href":"https:\/\/roveyayinevi.com.tr\/index.php\/wp-json\/wp\/v2\/media?parent=743159"}],"wp:term":[{"taxonomy":"product_brand","embeddable":true,"href":"https:\/\/roveyayinevi.com.tr\/index.php\/wp-json\/wp\/v2\/product_brand?post=743159"},{"taxonomy":"product_cat","embeddable":true,"href":"https:\/\/roveyayinevi.com.tr\/index.php\/wp-json\/wp\/v2\/product_cat?post=743159"},{"taxonomy":"product_tag","embeddable":true,"href":"https:\/\/roveyayinevi.com.tr\/index.php\/wp-json\/wp\/v2\/product_tag?post=743159"}],"curies":[{"name":"wp","href":"https:\/\/api.w.org\/{rel}","templated":true}]}}