{"id":743138,"date":"2025-08-28T01:28:29","date_gmt":"2025-08-27T22:28:29","guid":{"rendered":"https:\/\/roveyayinevi.com.tr\/index.php\/urun\/beden-egitimi-ve-spora-multidisipliner-bir-bakis\/"},"modified":"2026-04-16T02:54:03","modified_gmt":"2026-04-15T23:54:03","slug":"beden-egitimi-ve-spora-multidisipliner-bir-bakis","status":"publish","type":"product","link":"https:\/\/roveyayinevi.com.tr\/index.php\/urun\/beden-egitimi-ve-spora-multidisipliner-bir-bakis\/","title":{"rendered":"Beden E\u011fitimi ve Spora Multidisipliner Bir Bak\u0131\u015f"},"content":{"rendered":"<p>\u0130\u00e7indekiler:   B\u00d6L\u00dcM 1 BEDEN VE SPORDA TOPLUMSAL C\u0130NS\u0130YET ROLLER\u0130 VE KADIN   B\u00d6L\u00dcM 2 BEDEN E\u011e\u0130T\u0130M\u0130 VE SPORDA FONKS\u0130YONEL EGZERS\u0130ZLER   B\u00d6L\u00dcM 3 BEDEN E\u011e\u0130T\u0130M\u0130 VE SPORDA KAYNA\u015eTIRMA E\u011e\u0130T\u0130M\u0130   B\u00d6L\u00dcM 4 BEDEN E\u011e\u0130T\u0130M\u0130 VE SPORDA YAPISAL \u00d6\u011eRET\u0130M MODELLER\u0130   B\u00d6L\u00dcM 5 BEDEN E\u011e\u0130T\u0130M\u0130 VE SPORDA \u0130NOVASYON YAKLA\u015eIMLARI   B\u00d6L\u00dcM 6 BEDEN E\u011e\u0130T\u0130M\u0130 VE SPORDA S\u0130RKAD\u0130YEN R\u0130T\u0130M B\u00d6L\u00dcM 7 BEDEN E\u011e\u0130T\u0130M\u0130 VE SPORDA G\u00dcNCEL KUVVET ANTRENMANI YAKLA\u015eIMLARI   B\u00d6L\u00dcM 8 BEDEN E\u011e\u0130T\u0130M\u0130 VE SPORDA E-SPOR   B\u00d6L\u00dcM 9 PARAL\u0130MP\u0130K GEL\u0130\u015e\u0130M PROGRAMLARI: PARAL\u0130MP\u0130K OYUNLAR VE SPORCULAR<\/p>\n","protected":false},"excerpt":{"rendered":"<p>\u0130\u00e7indekiler: B\u00d6L\u00dcM 1 BEDEN VE SPORDA TOPLUMSAL C\u0130NS\u0130YET ROLLER\u0130 VE KADIN B\u00d6L\u00dcM 2 BEDEN E\u011e\u0130T\u0130M\u0130 VE SPORDA FONKS\u0130YONEL EGZERS\u0130ZLER B\u00d6L\u00dcM 3 BEDEN E\u011e\u0130T\u0130M\u0130 VE SPORDA KAYNA\u015eTIRMA<span class=\"excerpt-hellip\"> [\u2026]<\/span><\/p>\n","protected":false},"featured_media":0,"template":"","meta":{"_monsterinsights_skip_tracking":false,"_monsterinsights_sitenote_active":false,"_monsterinsights_sitenote_note":"","_monsterinsights_sitenote_category":0},"product_brand":[],"product_cat":[12573,12566],"product_tag":[],"class_list":{"0":"post-743138","1":"product","2":"type-product","3":"status-publish","5":"product_cat-akademik-kitaplar","6":"product_cat-egitim","7":"pa_cilt-ciltsiz","8":"pa_tur-kitap","9":"pa_yayinevi-gazi-kitabevi","10":"pa_yazar-kolektif","12":"first","13":"instock","14":"sale","15":"shipping-taxable","16":"purchasable","17":"product-type-simple"},"_links":{"self":[{"href":"https:\/\/roveyayinevi.com.tr\/index.php\/wp-json\/wp\/v2\/product\/743138","targetHints":{"allow":["GET"]}}],"collection":[{"href":"https:\/\/roveyayinevi.com.tr\/index.php\/wp-json\/wp\/v2\/product"}],"about":[{"href":"https:\/\/roveyayinevi.com.tr\/index.php\/wp-json\/wp\/v2\/types\/product"}],"wp:attachment":[{"href":"https:\/\/roveyayinevi.com.tr\/index.php\/wp-json\/wp\/v2\/media?parent=743138"}],"wp:term":[{"taxonomy":"product_brand","embeddable":true,"href":"https:\/\/roveyayinevi.com.tr\/index.php\/wp-json\/wp\/v2\/product_brand?post=743138"},{"taxonomy":"product_cat","embeddable":true,"href":"https:\/\/roveyayinevi.com.tr\/index.php\/wp-json\/wp\/v2\/product_cat?post=743138"},{"taxonomy":"product_tag","embeddable":true,"href":"https:\/\/roveyayinevi.com.tr\/index.php\/wp-json\/wp\/v2\/product_tag?post=743138"}],"curies":[{"name":"wp","href":"https:\/\/api.w.org\/{rel}","templated":true}]}}