{"id":743135,"date":"2025-08-28T01:28:25","date_gmt":"2025-08-27T22:28:25","guid":{"rendered":"https:\/\/roveyayinevi.com.tr\/index.php\/urun\/the-palimpsest-of-the-house-konut-palimpsesti\/"},"modified":"2026-04-16T02:54:03","modified_gmt":"2026-04-15T23:54:03","slug":"the-palimpsest-of-the-house-konut-palimpsesti","status":"publish","type":"product","link":"https:\/\/roveyayinevi.com.tr\/index.php\/urun\/the-palimpsest-of-the-house-konut-palimpsesti\/","title":{"rendered":"The Palimpsest Of The House (Konut Palimpsesti)"},"content":{"rendered":"<p>2013 y\u0131l\u0131nda d\u00fczenlenen 8. Uluslararas\u0131 ANAMED Y\u0131ll\u0131k Sempozyumu \u201cKonut Palimpsesti: Roma, Ge\u00e7 Antik, Bizans ve Erken \u0130slam D\u00f6nemlerinde Ya\u015fam Kal\u0131plar\u0131n\u0131 Yeniden De\u011ferlendirmek\u201din \u0130ngilizce bildiri kitab\u0131 \u201cThe Palimpsest of the House: Re-assesing Roman, Late Antique, Byzantine, and Early Islamic Living Patterns\u201d yay\u0131mland\u0131.   Yay\u0131ndaki makaleler, Roma, Ge\u00e7 Antik \u00c7a\u011f, Bizans ve Erken \u0130slam d\u00f6nemlerinde Akdeniz ve \u00e7evresindeki konutlardaki geli\u015fmelere, s\u00fcrekliliklere ve de\u011fi\u015fikliklere odaklan\u0131yor. \u00c7e\u015fitli b\u00f6lgeler ve zaman dilimlerindeki evler aras\u0131ndaki etkile\u015fime de \u0131\u015f\u0131k tutan bildiriler, konutlar\u0131n mimari \u00f6zellikleri, yerle\u015fimi ve i\u00e7 mek\u00e2nlar\u0131, in\u015fa edenleri ve kullan\u0131c\u0131lar\u0131n\u0131 da ara\u015ft\u0131r\u0131yor. <\/p>\n","protected":false},"excerpt":{"rendered":"<p>2013 y\u0131l\u0131nda d\u00fczenlenen 8. Uluslararas\u0131 ANAMED Y\u0131ll\u0131k Sempozyumu \u201cKonut Palimpsesti: Roma, Ge\u00e7 Antik, Bizans ve Erken \u0130slam D\u00f6nemlerinde Ya\u015fam Kal\u0131plar\u0131n\u0131 Yeniden De\u011ferlendirmek\u201din \u0130ngilizce bildiri kitab\u0131 \u201cThe<span class=\"excerpt-hellip\"> [\u2026]<\/span><\/p>\n","protected":false},"featured_media":0,"template":"","meta":{"_monsterinsights_skip_tracking":false,"_monsterinsights_sitenote_active":false,"_monsterinsights_sitenote_note":"","_monsterinsights_sitenote_category":0},"product_brand":[],"product_cat":[52477,52478],"product_tag":[],"class_list":{"0":"post-743135","1":"product","2":"type-product","3":"status-publish","5":"product_cat-arastirma","6":"product_cat-arkeoloji","7":"pa_cilt-ciltsiz","8":"pa_tur-kitap","9":"pa_yayinevi-anamed-koc-universitesi-anadolu-medeniyetleri-arastirma-merkezi","10":"pa_yazar-inge-uytterhoeven-alessandra-ricci","12":"first","13":"instock","14":"sale","15":"shipping-taxable","16":"purchasable","17":"product-type-simple"},"_links":{"self":[{"href":"https:\/\/roveyayinevi.com.tr\/index.php\/wp-json\/wp\/v2\/product\/743135","targetHints":{"allow":["GET"]}}],"collection":[{"href":"https:\/\/roveyayinevi.com.tr\/index.php\/wp-json\/wp\/v2\/product"}],"about":[{"href":"https:\/\/roveyayinevi.com.tr\/index.php\/wp-json\/wp\/v2\/types\/product"}],"wp:attachment":[{"href":"https:\/\/roveyayinevi.com.tr\/index.php\/wp-json\/wp\/v2\/media?parent=743135"}],"wp:term":[{"taxonomy":"product_brand","embeddable":true,"href":"https:\/\/roveyayinevi.com.tr\/index.php\/wp-json\/wp\/v2\/product_brand?post=743135"},{"taxonomy":"product_cat","embeddable":true,"href":"https:\/\/roveyayinevi.com.tr\/index.php\/wp-json\/wp\/v2\/product_cat?post=743135"},{"taxonomy":"product_tag","embeddable":true,"href":"https:\/\/roveyayinevi.com.tr\/index.php\/wp-json\/wp\/v2\/product_tag?post=743135"}],"curies":[{"name":"wp","href":"https:\/\/api.w.org\/{rel}","templated":true}]}}