{"id":743133,"date":"2025-08-28T01:28:23","date_gmt":"2025-08-27T22:28:23","guid":{"rendered":"https:\/\/roveyayinevi.com.tr\/index.php\/urun\/dort-usta-dort-yapi-ankara-ve-cevresinde-geleneksel-konut\/"},"modified":"2026-04-16T02:54:03","modified_gmt":"2026-04-15T23:54:03","slug":"dort-usta-dort-yapi-ankara-ve-cevresinde-geleneksel-konut","status":"publish","type":"product","link":"https:\/\/roveyayinevi.com.tr\/index.php\/urun\/dort-usta-dort-yapi-ankara-ve-cevresinde-geleneksel-konut\/","title":{"rendered":"D\u00f6rt Usta D\u00f6rt Yap\u0131: Ankara ve \u00c7evresinde Geleneksel Konut"},"content":{"rendered":"<p>Tarih\u00ee konutlar, uzun y\u0131llar i\u00e7inde edinilen birikimin getirdi\u011fi teknik bilgiye dayal\u0131, gelenek yoluyla aktar\u0131lan in\u015fa k\u00fclt\u00fcr\u00fcn\u00fcn \u00fcr\u00fcnleridir. Geleneksel yap\u0131 ustalar\u0131 yap\u0131y\u0131 in\u015fa edecekleri \u00e7evrenin \u00f6zelliklerini, y\u00f6reden temin edilebilecek malzemelerin niteliklerini ve yap\u0131y\u0131 kullanacak ailenin gereksinimlerini tespit ederek bu konutlar\u0131 in\u015fa etmi\u015flerdir. B\u00f6ylece bir yandan yerle\u015fmeler yerin ko\u015fullar\u0131na \u00f6zg\u00fc \u00e7\u00f6z\u00fcmlerle yap\u0131lm\u0131\u015f, bir yandan da gelenekten \u00f6\u011frenilen in\u015fa teknikleri yap\u0131 ustalar\u0131 arac\u0131l\u0131\u011f\u0131yla ku\u015faktan ku\u015fa\u011fa aktar\u0131lm\u0131\u015ft\u0131r. T\u00fcrkiye genelinde b\u00f6lgeleraras\u0131 farkl\u0131l\u0131klar\u0131 da i\u00e7erecek \u015fekilde, geleneksel konutlar\u0131n mimari ve teknik \u00f6zellikleri \u00fczerine yap\u0131lm\u0131\u015f pek \u00e7ok \u00e7al\u0131\u015fma mevcuttur. Ancak bu yap\u0131lar\u0131n in\u015fa s\u00fcrecinin par\u00e7as\u0131 olan, uzun y\u0131llar i\u00e7inde olu\u015fmu\u015f, gelenek i\u00e7inde yaparak\/in\u015fa yoluyla \u00f6\u011frenilen ve yap\u0131 ustalar\u0131 eliyle aktar\u0131lan teknik bilgi \u00fczerine yap\u0131lm\u0131\u015f \u00e7al\u0131\u015fmalar son derece k\u0131s\u0131tl\u0131d\u0131r. Bu ara\u015ft\u0131rmayla amac\u0131m\u0131z, Osmanl\u0131 konut gelene\u011finin bir par\u00e7as\u0131 olan, Ankara ve yak\u0131n\u0131ndaki yerle\u015fimlerde yer alan tarih\u00ee konutlar\u0131n in\u015fa tekniklerini eski ustalardan g\u00f6rerek \u00f6\u011frenmi\u015f ve bunu ya\u015fam\u0131 boyunca ya da ya\u015fam\u0131n\u0131n bir d\u00f6neminde uygulam\u0131\u015f geleneksel yap\u0131 ustalar\u0131n\u0131n bilgi, beceri ve davran\u0131\u015flar\u0131n\u0131 belgeleyerek, bu bilgiyi yerel in\u015fa teknikleriyle birlikte tan\u0131mlamakt\u0131r. Bu ama\u00e7la \u00f6ncelikle Ankara \u00e7evresinde yer alan geleneksel \u00f6zelliklerini koruyan yerle\u015fimlerde bu gelene\u011fi s\u00fcrdren eski yap\u0131 ustalar\u0131na ula\u015f\u0131lmaya \u00e7al\u0131\u015f\u0131lm\u0131\u015ft\u0131r.   Be\u015f ana b\u00f6l\u00fcmden olu\u015fan \u00e7al\u0131\u015fman\u0131n birinci b\u00f6l\u00fcm\u00fcnde, Ankara ve \u00e7evresinde geleneksel konutlara ve yap\u0131 ustalar\u0131na ili\u015fkin bilginin ba\u011flam\u0131n\u0131 aktarmak \u00fczere, Osmanl\u0131 konutunun \u00f6zelliklerinden yola \u00e7\u0131k\u0131larak \u201cAnkara konutu\u201d ve nitelikleri tan\u0131mlanm\u0131\u015f; alanyaz\u0131ndaki ara\u015ft\u0131rmalara dayanarak, Osmanl\u0131\u2019dan bu yana tarihsel bir perspektif i\u00e7inde konut \u00fcreten yap\u0131 ustalar\u0131 hakk\u0131nda bilinenler aktar\u0131lm\u0131\u015ft\u0131r. Sonraki d\u00f6rt b\u00f6l\u00fcmde, tan\u0131mlanan genel \u00e7er\u00e7eveye g\u00f6re Ankara\u2019n\u0131n yak\u0131n \u00e7evresinden se\u00e7ilen Sivrihisar, Beypazar\u0131, Polatl\u0131 il\u00e7esi Sar\u0131oba k\u00f6y\u00fc ve Kazan il\u00e7esi Fethiye k\u00f6y\u00fc yerle\u015fimlerinde ula\u015f\u0131lan bir yap\u0131 ustas\u0131 ve incelenen bir yap\u0131 \u00fczerinden yerel mimari konut k\u00fclt\u00fcr\u00fc ile geleneksel konutun \u00f6zellikleri tan\u0131mlanm\u0131\u015ft\u0131r. <\/p>\n","protected":false},"excerpt":{"rendered":"<p>Tarih\u00ee konutlar, uzun y\u0131llar i\u00e7inde edinilen birikimin getirdi\u011fi teknik bilgiye dayal\u0131, gelenek yoluyla aktar\u0131lan in\u015fa k\u00fclt\u00fcr\u00fcn\u00fcn \u00fcr\u00fcnleridir. Geleneksel yap\u0131 ustalar\u0131 yap\u0131y\u0131 in\u015fa edecekleri \u00e7evrenin \u00f6zelliklerini, y\u00f6reden<span class=\"excerpt-hellip\"> [\u2026]<\/span><\/p>\n","protected":false},"featured_media":0,"template":"","meta":{"_monsterinsights_skip_tracking":false,"_monsterinsights_sitenote_active":false,"_monsterinsights_sitenote_note":"","_monsterinsights_sitenote_category":0},"product_brand":[],"product_cat":[12370,12304],"product_tag":[],"class_list":{"0":"post-743133","1":"product","2":"type-product","3":"status-publish","5":"product_cat-arastirma-inceleme","6":"product_cat-tarih","7":"pa_cilt-ciltsiz","8":"pa_tur-kitap","9":"pa_yayinevi-koc-universitesi-yayinlari","10":"pa_yazar-ozlem-karakul-neriman-sahin-guchan","12":"first","13":"instock","14":"sale","15":"shipping-taxable","16":"purchasable","17":"product-type-simple"},"_links":{"self":[{"href":"https:\/\/roveyayinevi.com.tr\/index.php\/wp-json\/wp\/v2\/product\/743133","targetHints":{"allow":["GET"]}}],"collection":[{"href":"https:\/\/roveyayinevi.com.tr\/index.php\/wp-json\/wp\/v2\/product"}],"about":[{"href":"https:\/\/roveyayinevi.com.tr\/index.php\/wp-json\/wp\/v2\/types\/product"}],"wp:attachment":[{"href":"https:\/\/roveyayinevi.com.tr\/index.php\/wp-json\/wp\/v2\/media?parent=743133"}],"wp:term":[{"taxonomy":"product_brand","embeddable":true,"href":"https:\/\/roveyayinevi.com.tr\/index.php\/wp-json\/wp\/v2\/product_brand?post=743133"},{"taxonomy":"product_cat","embeddable":true,"href":"https:\/\/roveyayinevi.com.tr\/index.php\/wp-json\/wp\/v2\/product_cat?post=743133"},{"taxonomy":"product_tag","embeddable":true,"href":"https:\/\/roveyayinevi.com.tr\/index.php\/wp-json\/wp\/v2\/product_tag?post=743133"}],"curies":[{"name":"wp","href":"https:\/\/api.w.org\/{rel}","templated":true}]}}