{"id":743128,"date":"2025-08-28T01:28:18","date_gmt":"2025-08-27T22:28:18","guid":{"rendered":"https:\/\/roveyayinevi.com.tr\/index.php\/urun\/ilk-kitaplarim-1-yas\/"},"modified":"2026-04-16T02:54:03","modified_gmt":"2026-04-15T23:54:03","slug":"ilk-kitaplarim-1-yas","status":"publish","type":"product","link":"https:\/\/roveyayinevi.com.tr\/index.php\/urun\/ilk-kitaplarim-1-yas\/","title":{"rendered":"\u0130lk Kitaplar\u0131m \u2013 1 Ya\u015f"},"content":{"rendered":"<p>Bu kocaman kitap d\u00fcnyam\u0131z\u0131, dilimizi ve ba\u015fka kitaplar\u0131 ke\u015ffetmek i\u00e7in harika bir ba\u015flang\u0131\u00e7!   Hayat\u0131 yeni ke\u015ffetmeye ba\u015flayan bebekler i\u00e7in \u00f6zel haz\u0131rlanan bu kitap nesneleri, renkleri, yiyecekleri, hayvanlar\u0131 ve ta\u015f\u0131tlar\u0131 tan\u0131t\u0131yor. Bir ya\u015f\u0131ndakilerin kelime haznelerini geli\u015ftirmeleri i\u00e7in ebeveynlere yard\u0131mc\u0131 oluyor.    \u00c7ok sevilen B\u00fcy\u00fck Sorular Kitab\u0131m&#8217;\u0131n ill\u00fcstrat\u00f6r\u00fc Tiago Americo bu kitab\u0131 1 ya\u015f\u0131ndaki \u00e7ocuklar i\u00e7in \u00f6zel olarak tasarlad\u0131. <\/p>\n","protected":false},"excerpt":{"rendered":"<p>Bu kocaman kitap d\u00fcnyam\u0131z\u0131, dilimizi ve ba\u015fka kitaplar\u0131 ke\u015ffetmek i\u00e7in harika bir ba\u015flang\u0131\u00e7! Hayat\u0131 yeni ke\u015ffetmeye ba\u015flayan bebekler i\u00e7in \u00f6zel haz\u0131rlanan bu kitap nesneleri, renkleri, yiyecekleri,<span class=\"excerpt-hellip\"> [\u2026]<\/span><\/p>\n","protected":false},"featured_media":0,"template":"","meta":{"_monsterinsights_skip_tracking":false,"_monsterinsights_sitenote_active":false,"_monsterinsights_sitenote_note":"","_monsterinsights_sitenote_category":0},"product_brand":[],"product_cat":[15192,12274],"product_tag":[],"class_list":{"0":"post-743128","1":"product","2":"type-product","3":"status-publish","5":"product_cat-1-3-yas-kitaplari","6":"product_cat-cocuk-ve-genclik-kitaplari","7":"pa_cilt-ciltli","8":"pa_tur-kitap","9":"pa_yayinevi-yapi-kredi-yayinlari","10":"pa_yazar-tiago-americo","12":"first","13":"instock","14":"sale","15":"shipping-taxable","16":"purchasable","17":"product-type-simple"},"_links":{"self":[{"href":"https:\/\/roveyayinevi.com.tr\/index.php\/wp-json\/wp\/v2\/product\/743128","targetHints":{"allow":["GET"]}}],"collection":[{"href":"https:\/\/roveyayinevi.com.tr\/index.php\/wp-json\/wp\/v2\/product"}],"about":[{"href":"https:\/\/roveyayinevi.com.tr\/index.php\/wp-json\/wp\/v2\/types\/product"}],"wp:attachment":[{"href":"https:\/\/roveyayinevi.com.tr\/index.php\/wp-json\/wp\/v2\/media?parent=743128"}],"wp:term":[{"taxonomy":"product_brand","embeddable":true,"href":"https:\/\/roveyayinevi.com.tr\/index.php\/wp-json\/wp\/v2\/product_brand?post=743128"},{"taxonomy":"product_cat","embeddable":true,"href":"https:\/\/roveyayinevi.com.tr\/index.php\/wp-json\/wp\/v2\/product_cat?post=743128"},{"taxonomy":"product_tag","embeddable":true,"href":"https:\/\/roveyayinevi.com.tr\/index.php\/wp-json\/wp\/v2\/product_tag?post=743128"}],"curies":[{"name":"wp","href":"https:\/\/api.w.org\/{rel}","templated":true}]}}