{"id":743103,"date":"2025-08-28T01:27:47","date_gmt":"2025-08-27T22:27:47","guid":{"rendered":"https:\/\/roveyayinevi.com.tr\/index.php\/urun\/neptun-muzakereleri\/"},"modified":"2026-04-16T02:54:02","modified_gmt":"2026-04-15T23:54:02","slug":"neptun-muzakereleri","status":"publish","type":"product","link":"https:\/\/roveyayinevi.com.tr\/index.php\/urun\/neptun-muzakereleri\/","title":{"rendered":"Nept\u00fcn M\u00fczakereleri"},"content":{"rendered":"<p>\u201cBelki de evrende y\u00fcz binlerce, hatta milyonlarca ak\u0131ll\u0131 bilgisayar geziyordu.\u201d\u0130nsanl\u0131k uzaydan ve o uzak diyarlardan gelecek ak\u0131ll\u0131 varl\u0131klara olan inanc\u0131ndan hi\u00e7 \u015f\u00fcphe duymad\u0131. Ancak \u00e7o\u011funlukla Mars\u2019a \u00e7evirdi y\u00fcz\u00fcn\u00fc ya da Sat\u00fcrn\u2019\u00fcn halkalar\u0131ndan alamad\u0131 g\u00f6z\u00fcn\u00fc. Oysa D\u00fcnya\u2019n\u0131n biraz daha uza\u011f\u0131ndaki Nept\u00fcn pek \u00f6nemsenmemi\u015f, hik\u00e2yelere pek konu olmam\u0131\u015f, g\u00fczellikleri pek \u00f6n plana \u00e7\u0131kar\u0131lmam\u0131\u015ft\u0131. En az\u0131ndan, \u015fimdiye kadar&#8230;D\u00fcnya\u2019n\u0131n \u00fc\u00e7 b\u00fcy\u00fck devleti aras\u0131nda y\u0131llard\u0131r s\u00fcren sava\u015f\u0131n tam ortas\u0131nda, Nept\u00fcn\u2019\u00fcn y\u00f6r\u00fcngesinde bir anda ortaya \u00e7\u0131kan simsiyah bir cisim, D\u00fcnya d\u0131\u015f\u0131 ak\u0131ll\u0131 varl\u0131klara ili\u015fkin t\u00fcm sorular\u0131 cevaplayabilecek midir?D\u00fcnya \u00f6l\u00e7e\u011findeki ekonomik dertlerin, siyasi \u00e7alkant\u0131lar\u0131n, \u00e7evresel sorunlar\u0131n tarihte belki de hi\u00e7 olmad\u0131\u011f\u0131 kadar insanlar\u0131 kendi kabu\u011funa k\u0131st\u0131rd\u0131\u011f\u0131, dar g\u00f6r\u00fc\u015fl\u00fcl\u00fc\u011fe s\u00fcr\u00fckledi\u011fi bir d\u00f6nemde bak\u0131\u015flar\u0131 yeniden g\u00f6klere, uzay\u0131n geni\u015fli\u011fine \u00e7evirmeye davet eden bir anlat\u0131 Nept\u00fcn M\u00fczakereleri. Ku\u015fa\u011f\u0131n\u0131n a\u00e7mazlar\u0131n\u0131 dile getiren gen\u00e7 bir kalemin, T\u00fcrkiye\u2019de ender rastlanan \u201cuzay operas\u0131\u201d t\u00fcr\u00fcne de g\u00f6z k\u0131rpan ilk roman\u0131.<\/p>\n","protected":false},"excerpt":{"rendered":"<p>\u201cBelki de evrende y\u00fcz binlerce, hatta milyonlarca ak\u0131ll\u0131 bilgisayar geziyordu.\u201d\u0130nsanl\u0131k uzaydan ve o uzak diyarlardan gelecek ak\u0131ll\u0131 varl\u0131klara olan inanc\u0131ndan hi\u00e7 \u015f\u00fcphe duymad\u0131. Ancak \u00e7o\u011funlukla Mars\u2019a<span class=\"excerpt-hellip\"> [\u2026]<\/span><\/p>\n","protected":false},"featured_media":0,"template":"","meta":{"_monsterinsights_skip_tracking":false,"_monsterinsights_sitenote_active":false,"_monsterinsights_sitenote_note":"","_monsterinsights_sitenote_category":0},"product_brand":[],"product_cat":[12540,12291],"product_tag":[],"class_list":{"0":"post-743103","1":"product","2":"type-product","3":"status-publish","5":"product_cat-bilim-kurgu","6":"product_cat-edebiyat","7":"pa_cilt-ciltsiz","8":"pa_tur-kitap","9":"pa_yayinevi-ithaki-yayinlari","10":"pa_yazar-murat-boyner","12":"first","13":"instock","14":"sale","15":"shipping-taxable","16":"purchasable","17":"product-type-simple"},"_links":{"self":[{"href":"https:\/\/roveyayinevi.com.tr\/index.php\/wp-json\/wp\/v2\/product\/743103","targetHints":{"allow":["GET"]}}],"collection":[{"href":"https:\/\/roveyayinevi.com.tr\/index.php\/wp-json\/wp\/v2\/product"}],"about":[{"href":"https:\/\/roveyayinevi.com.tr\/index.php\/wp-json\/wp\/v2\/types\/product"}],"wp:attachment":[{"href":"https:\/\/roveyayinevi.com.tr\/index.php\/wp-json\/wp\/v2\/media?parent=743103"}],"wp:term":[{"taxonomy":"product_brand","embeddable":true,"href":"https:\/\/roveyayinevi.com.tr\/index.php\/wp-json\/wp\/v2\/product_brand?post=743103"},{"taxonomy":"product_cat","embeddable":true,"href":"https:\/\/roveyayinevi.com.tr\/index.php\/wp-json\/wp\/v2\/product_cat?post=743103"},{"taxonomy":"product_tag","embeddable":true,"href":"https:\/\/roveyayinevi.com.tr\/index.php\/wp-json\/wp\/v2\/product_tag?post=743103"}],"curies":[{"name":"wp","href":"https:\/\/api.w.org\/{rel}","templated":true}]}}