{"id":743090,"date":"2025-08-28T01:27:31","date_gmt":"2025-08-27T22:27:31","guid":{"rendered":"https:\/\/roveyayinevi.com.tr\/index.php\/urun\/dusler-kervani\/"},"modified":"2026-04-16T02:54:02","modified_gmt":"2026-04-15T23:54:02","slug":"dusler-kervani","status":"publish","type":"product","link":"https:\/\/roveyayinevi.com.tr\/index.php\/urun\/dusler-kervani\/","title":{"rendered":"D\u00fc\u015fler Kervan\u0131"},"content":{"rendered":"<p>\u201c\u0130\u015eTE BURADAYIZ, HEP\u0130M\u0130Z: B\u0130R D\u00dc\u015e KERVANINDA. B\u0130R KERVAN, AMA D\u00dc\u015e DE \u2013 B\u0130R D\u00dc\u015e, AMA KERVAN DA. VE HANG\u0130LER\u0130N\u0130N D\u00dc\u015e OLDU\u011eUNU B\u0130L\u0130YORUZ. ORADADIR UMUDUMUZ.\u201d \u2013 BAH\u00c2EDD\u0130N \u015eAH   Do\u011fu felsefesinde d\u00fcnyan\u0131n \u00f6nde gelen uzmanlar\u0131ndan \u0130dris \u015eah taraf\u0131ndan derlenen D\u00dc\u015eLER KERVANI, Do\u011fu d\u00fc\u015f\u00fcncesinin \u00f6z\u00fcn\u00fc dam\u0131tan bir \u015f\u00f6lendir. \u0130dris \u015eah, insanl\u0131\u011f\u0131 Do\u011fu\u2019nun manevi \u00f6z\u00fcne yakla\u015ft\u0131ran bu e\u015fsiz antolojide mitolojiyi ger\u00e7eklikle ili\u015fkilendirerek, tarihsel kal\u0131plar\u0131 ayd\u0131nlat\u0131yor ve sundu\u011fu felsefi efsanelerle tek bir bilincin eksiksiz resmini olu\u015fturuyor. S\u00f6zl\u00fc ve yaz\u0131l\u0131 Do\u011fu edebiyat\u0131n\u0131n renkli bir kervan\u0131 olan bu e\u015fsiz koleksiyon, dervi\u015f filozoflar\u0131 ve mistiklerinin en iyi bilinen \u00f6\u011fretim \u00f6yk\u00fclerini, \u0130dris \u015eah\u2019\u0131n Mekke ve \u0130slam \u00fczerine yaz\u0131lar\u0131n\u0131, \u015fiir, atas\u00f6zleri, alegorilerle birlikte \u015fa\u015f\u0131rt\u0131c\u0131 zenginlik ve \u00e7e\u015fitlili\u011fe sahip sembolik hik\u00e2yeleri i\u00e7eriyor. <\/p>\n","protected":false},"excerpt":{"rendered":"<p>\u201c\u0130\u015eTE BURADAYIZ, HEP\u0130M\u0130Z: B\u0130R D\u00dc\u015e KERVANINDA. B\u0130R KERVAN, AMA D\u00dc\u015e DE \u2013 B\u0130R D\u00dc\u015e, AMA KERVAN DA. VE HANG\u0130LER\u0130N\u0130N D\u00dc\u015e OLDU\u011eUNU B\u0130L\u0130YORUZ. ORADADIR UMUDUMUZ.\u201d \u2013 BAH\u00c2EDD\u0130N<span class=\"excerpt-hellip\"> [\u2026]<\/span><\/p>\n","protected":false},"featured_media":0,"template":"","meta":{"_monsterinsights_skip_tracking":false,"_monsterinsights_sitenote_active":false,"_monsterinsights_sitenote_note":"","_monsterinsights_sitenote_category":0},"product_brand":[],"product_cat":[12718,12719],"product_tag":[],"class_list":{"0":"post-743090","1":"product","2":"type-product","3":"status-publish","5":"product_cat-din","6":"product_cat-islam","7":"pa_cilt-ciltsiz","8":"pa_tur-kitap","9":"pa_yayinevi-beyaz-baykus-yayinlari","10":"pa_yazar-idris-sah","12":"first","13":"instock","14":"sale","15":"shipping-taxable","16":"purchasable","17":"product-type-simple"},"_links":{"self":[{"href":"https:\/\/roveyayinevi.com.tr\/index.php\/wp-json\/wp\/v2\/product\/743090","targetHints":{"allow":["GET"]}}],"collection":[{"href":"https:\/\/roveyayinevi.com.tr\/index.php\/wp-json\/wp\/v2\/product"}],"about":[{"href":"https:\/\/roveyayinevi.com.tr\/index.php\/wp-json\/wp\/v2\/types\/product"}],"wp:attachment":[{"href":"https:\/\/roveyayinevi.com.tr\/index.php\/wp-json\/wp\/v2\/media?parent=743090"}],"wp:term":[{"taxonomy":"product_brand","embeddable":true,"href":"https:\/\/roveyayinevi.com.tr\/index.php\/wp-json\/wp\/v2\/product_brand?post=743090"},{"taxonomy":"product_cat","embeddable":true,"href":"https:\/\/roveyayinevi.com.tr\/index.php\/wp-json\/wp\/v2\/product_cat?post=743090"},{"taxonomy":"product_tag","embeddable":true,"href":"https:\/\/roveyayinevi.com.tr\/index.php\/wp-json\/wp\/v2\/product_tag?post=743090"}],"curies":[{"name":"wp","href":"https:\/\/api.w.org\/{rel}","templated":true}]}}