{"id":743083,"date":"2025-08-28T01:27:23","date_gmt":"2025-08-27T22:27:23","guid":{"rendered":"https:\/\/roveyayinevi.com.tr\/index.php\/urun\/vakalarla-cocuk-psikopatolojileri-2\/"},"modified":"2026-04-16T02:54:02","modified_gmt":"2026-04-15T23:54:02","slug":"vakalarla-cocuk-psikopatolojileri-2","status":"publish","type":"product","link":"https:\/\/roveyayinevi.com.tr\/index.php\/urun\/vakalarla-cocuk-psikopatolojileri-2\/","title":{"rendered":"Vakalarla \u00c7ocuk Psikopatolojileri -2"},"content":{"rendered":"<p>D\u00fcnya her ne kadar ya\u015flansa da insano\u011flu, \u00e7ocuklu\u011funu hep heybesinde ta\u015f\u0131maya devam eder. \u0130nsanl\u0131\u011f\u0131n \u00e7ocuklu\u011fu b\u00fcy\u00fcmez; sa\u011fl\u0131\u011f\u0131nda da, salg\u0131n\u0131nda da, bar\u0131\u015f\u0131nda da, sava\u015f\u0131nda da \u00e7ocukluk halleri adeta ilk g\u00fcnk\u00fc gibi canl\u0131d\u0131r. D\u00fcnyan\u0131n bu ge\u00e7i\u015flerinde yine etkilenmeye en a\u00e7\u0131k olanlar, hayat\u0131 s\u00fcrekli ge\u00e7i\u015fler olarak ya\u015fayan \u00e7ocuklard\u0131r. Bu kitap bu t\u00fcrden olaylar\u0131n ya\u015fand\u0131\u011f\u0131 d\u00fcnyada \u00e7ocuk psikopatolojilerine yeniden u\u011framak, g\u00fcncel veriler \u0131\u015f\u0131\u011f\u0131nda \u00e7ocu\u011fun \u201ckendisine\u201d bakabilmek amac\u0131yla kaleme al\u0131nm\u0131\u015ft\u0131r.   Eser \u00e7ocuk ruhsall\u0131\u011f\u0131ndaki patolojik unsurlar\u0131 bu zeminde anlamada; aileleri, psikiyatristleri, psikologlar\u0131, ruh sa\u011fl\u0131\u011f\u0131 alan\u0131nda emek veren di\u011fer ki\u015fileri ve t\u00fcm \u00e7ocuk ruhsall\u0131\u011f\u0131 merakl\u0131lar\u0131n\u0131 kapsayabilecek geni\u015f yelpazeli bir dilde yaz\u0131lm\u0131\u015ft\u0131r. \u00c7ocukluk ve ergenlik d\u00f6neminde g\u00f6r\u00fclen psikopatolojilerin k\u0131sa tarih\u00e7elerine de\u011finildikten sonra g\u00fcncel tan\u0131mlamalar ve s\u0131n\u0131flama sistemlerinin yakla\u015f\u0131m\u0131 konu edinilmi\u015ftir. Her bir patoloji i\u00e7in etiyolojik fakt\u00f6rler g\u00f6zden ge\u00e7irildikten sonra tedavi se\u00e7enekleri kaleme al\u0131nm\u0131\u015ft\u0131r. Eserde, \u00e7ocuk ruhsall\u0131\u011f\u0131n\u0131 derinlemesine incelemek ve psikopatolojik durumlara farkl\u0131 bir verteks\/\u2018tepe\u2019den de bakabilmek ad\u0131na her patolojinin psikanalitik kuram ve literat\u00fcrde nas\u0131l ele al\u0131nd\u0131\u011f\u0131na dair ba\u015fl\u0131klara yer verilmi\u015ftir. Son olarak psikopatolojik fenomenlerin daha iyi anla\u015f\u0131labilmesini sa\u011flamak ad\u0131na her b\u00f6l\u00fcmde konu ile ilgili kurgusal vaka \u00f6rnekleri payla\u015f\u0131lm\u0131\u015f ve vaka tart\u0131\u015fmas\u0131 yap\u0131lm\u0131\u015ft\u0131r. <\/p>\n","protected":false},"excerpt":{"rendered":"<p>D\u00fcnya her ne kadar ya\u015flansa da insano\u011flu, \u00e7ocuklu\u011funu hep heybesinde ta\u015f\u0131maya devam eder. \u0130nsanl\u0131\u011f\u0131n \u00e7ocuklu\u011fu b\u00fcy\u00fcmez; sa\u011fl\u0131\u011f\u0131nda da, salg\u0131n\u0131nda da, bar\u0131\u015f\u0131nda da, sava\u015f\u0131nda da \u00e7ocukluk halleri<span class=\"excerpt-hellip\"> [\u2026]<\/span><\/p>\n","protected":false},"featured_media":0,"template":"","meta":{"_monsterinsights_skip_tracking":false,"_monsterinsights_sitenote_active":false,"_monsterinsights_sitenote_note":"","_monsterinsights_sitenote_category":0},"product_brand":[],"product_cat":[12679,12357],"product_tag":[],"class_list":{"0":"post-743083","1":"product","2":"type-product","3":"status-publish","5":"product_cat-cocuk-psikolojisi","6":"product_cat-psikoloji","7":"pa_cilt-ciltsiz","8":"pa_tur-kitap","9":"pa_yayinevi-ideal-kultur-akademik","10":"pa_yazar-kolektif","12":"first","13":"instock","14":"sale","15":"shipping-taxable","16":"purchasable","17":"product-type-simple"},"_links":{"self":[{"href":"https:\/\/roveyayinevi.com.tr\/index.php\/wp-json\/wp\/v2\/product\/743083","targetHints":{"allow":["GET"]}}],"collection":[{"href":"https:\/\/roveyayinevi.com.tr\/index.php\/wp-json\/wp\/v2\/product"}],"about":[{"href":"https:\/\/roveyayinevi.com.tr\/index.php\/wp-json\/wp\/v2\/types\/product"}],"wp:attachment":[{"href":"https:\/\/roveyayinevi.com.tr\/index.php\/wp-json\/wp\/v2\/media?parent=743083"}],"wp:term":[{"taxonomy":"product_brand","embeddable":true,"href":"https:\/\/roveyayinevi.com.tr\/index.php\/wp-json\/wp\/v2\/product_brand?post=743083"},{"taxonomy":"product_cat","embeddable":true,"href":"https:\/\/roveyayinevi.com.tr\/index.php\/wp-json\/wp\/v2\/product_cat?post=743083"},{"taxonomy":"product_tag","embeddable":true,"href":"https:\/\/roveyayinevi.com.tr\/index.php\/wp-json\/wp\/v2\/product_tag?post=743083"}],"curies":[{"name":"wp","href":"https:\/\/api.w.org\/{rel}","templated":true}]}}