{"id":743076,"date":"2025-08-28T01:27:12","date_gmt":"2025-08-27T22:27:12","guid":{"rendered":"https:\/\/roveyayinevi.com.tr\/index.php\/urun\/gama\/"},"modified":"2026-04-16T02:54:01","modified_gmt":"2026-04-15T23:54:01","slug":"gama","status":"publish","type":"product","link":"https:\/\/roveyayinevi.com.tr\/index.php\/urun\/gama\/","title":{"rendered":"Gama"},"content":{"rendered":"<p>D\u00fcnyan\u0131n s\u00fcper g\u00fcc\u00fc ve d\u00fcnya ekonomisinin kalbi Amerika Birle\u015fik Devletleri\u2019nin New York \u015fehrinde aniden patlak veren ak\u0131l almaz olaylar d\u00fcnya g\u00fcndemine bomba gibi d\u00fc\u015fecekti. Tan\u0131mlanamayan bir vir\u00fcs do\u011fu b\u00f6lgelerden ba\u015flayarak \u00f6nemli \u015fehir ve eyaletleri etkisi alt\u0131na ald\u0131\u011f\u0131nda sokaklarda kan, vah\u015fet ve kaos h\u00e2kimdi. \u0130nsanl\u0131\u011f\u0131n ve ya\u015famsal atmosferin seyrini de\u011fi\u015ftiren olaylar bir zombi sald\u0131r\u0131s\u0131 olarak adland\u0131r\u0131ld\u0131.   D\u00fcnyay\u0131 aya\u011fa kald\u0131ran, insani ve ekonomik \u00e7\u00f6k\u00fcnt\u00fclerle bir istilan\u0131n hik\u00e2yesi\u2026 <\/p>\n","protected":false},"excerpt":{"rendered":"<p>D\u00fcnyan\u0131n s\u00fcper g\u00fcc\u00fc ve d\u00fcnya ekonomisinin kalbi Amerika Birle\u015fik Devletleri\u2019nin New York \u015fehrinde aniden patlak veren ak\u0131l almaz olaylar d\u00fcnya g\u00fcndemine bomba gibi d\u00fc\u015fecekti. Tan\u0131mlanamayan bir<span class=\"excerpt-hellip\"> [\u2026]<\/span><\/p>\n","protected":false},"featured_media":0,"template":"","meta":{"_monsterinsights_skip_tracking":false,"_monsterinsights_sitenote_active":false,"_monsterinsights_sitenote_note":"","_monsterinsights_sitenote_category":0},"product_brand":[],"product_cat":[12540,12291],"product_tag":[],"class_list":{"0":"post-743076","1":"product","2":"type-product","3":"status-publish","5":"product_cat-bilim-kurgu","6":"product_cat-edebiyat","7":"pa_cilt-ciltsiz","8":"pa_tur-kitap","9":"pa_yayinevi-perseus","10":"pa_yazar-bora-deniz-kurban","12":"first","13":"instock","14":"sale","15":"shipping-taxable","16":"purchasable","17":"product-type-simple"},"_links":{"self":[{"href":"https:\/\/roveyayinevi.com.tr\/index.php\/wp-json\/wp\/v2\/product\/743076","targetHints":{"allow":["GET"]}}],"collection":[{"href":"https:\/\/roveyayinevi.com.tr\/index.php\/wp-json\/wp\/v2\/product"}],"about":[{"href":"https:\/\/roveyayinevi.com.tr\/index.php\/wp-json\/wp\/v2\/types\/product"}],"wp:attachment":[{"href":"https:\/\/roveyayinevi.com.tr\/index.php\/wp-json\/wp\/v2\/media?parent=743076"}],"wp:term":[{"taxonomy":"product_brand","embeddable":true,"href":"https:\/\/roveyayinevi.com.tr\/index.php\/wp-json\/wp\/v2\/product_brand?post=743076"},{"taxonomy":"product_cat","embeddable":true,"href":"https:\/\/roveyayinevi.com.tr\/index.php\/wp-json\/wp\/v2\/product_cat?post=743076"},{"taxonomy":"product_tag","embeddable":true,"href":"https:\/\/roveyayinevi.com.tr\/index.php\/wp-json\/wp\/v2\/product_tag?post=743076"}],"curies":[{"name":"wp","href":"https:\/\/api.w.org\/{rel}","templated":true}]}}