{"id":743062,"date":"2025-08-28T01:26:55","date_gmt":"2025-08-27T22:26:55","guid":{"rendered":"https:\/\/roveyayinevi.com.tr\/index.php\/urun\/iklimi-ne-degistirdi-boyle\/"},"modified":"2026-04-16T02:54:01","modified_gmt":"2026-04-15T23:54:01","slug":"iklimi-ne-degistirdi-boyle","status":"publish","type":"product","link":"https:\/\/roveyayinevi.com.tr\/index.php\/urun\/iklimi-ne-degistirdi-boyle\/","title":{"rendered":"\u0130klim&#8217;i Ne De\u011fi\u015ftirdi B\u00f6yle"},"content":{"rendered":"<p>Asaf, izledi\u011fi belgeselden \u00f6\u011frendiklerini g\u00fcndelik hayat\u0131nda uygulamaya karar verir. A\u015f\u0131r\u0131\u2026 a\u015f\u0131r\u0131\u2026 a\u015f\u0131r\u0131\u2026 t\u00fcketilen her \u015feyin gezegenimizi \u00fczd\u00fc\u011f\u00fcn\u00fc \u00f6\u011frenmi\u015ftir art\u0131k. D\u00fcnya i\u00e7in iyi bir \u015fey yapmaya evinden ba\u015flayabilece\u011fini anlad\u0131\u011f\u0131nda, ailesinin g\u00fcnl\u00fck ya\u015fam\u0131n\u0131 inceler. Ablas\u0131n\u0131n t\u00fcketim al\u0131\u015fkanl\u0131klar\u0131n\u0131 de\u011fi\u015ftirmek i\u00e7in \u00e7abalamaya karar verir. Abla karde\u015fin esprili ve yarat\u0131c\u0131 \u00e7evre dostu fikir yar\u0131\u015fmas\u0131 da i\u015fte b\u00f6yle ba\u015flar.   \u00c7ok \u00f6d\u00fcll\u00fc, sevilen yazar Mavisel Yener\u2019in kaleminden yarat\u0131c\u0131 d\u00fc\u015f\u00fcnmeye bir \u00e7a\u011fr\u0131\u2026 Usta yazar Mavisel Yener\u2019in yazd\u0131\u011f\u0131 \u0130klim\u2019i Ne De\u011fi\u015ftirdi B\u00f6yle? e\u011flenceli kurgusuyla okurlar\u0131na, d\u00fcnyan\u0131n gelece\u011fini korumak i\u00e7in yap\u0131labileceklere y\u00f6nelik parlak fikirler sunuyor. S\u0131cac\u0131k bir aile ortam\u0131n\u0131n g\u00fcvenli atmosferinde, iklim de\u011fi\u015fikli\u011fi konusunu ince ince g\u00fcndeme getiriyor.  <\/p>\n","protected":false},"excerpt":{"rendered":"<p>Asaf, izledi\u011fi belgeselden \u00f6\u011frendiklerini g\u00fcndelik hayat\u0131nda uygulamaya karar verir. A\u015f\u0131r\u0131\u2026 a\u015f\u0131r\u0131\u2026 a\u015f\u0131r\u0131\u2026 t\u00fcketilen her \u015feyin gezegenimizi \u00fczd\u00fc\u011f\u00fcn\u00fc \u00f6\u011frenmi\u015ftir art\u0131k. D\u00fcnya i\u00e7in iyi bir \u015fey yapmaya evinden<span class=\"excerpt-hellip\"> [\u2026]<\/span><\/p>\n","protected":false},"featured_media":0,"template":"","meta":{"_monsterinsights_skip_tracking":false,"_monsterinsights_sitenote_active":false,"_monsterinsights_sitenote_note":"","_monsterinsights_sitenote_category":0},"product_brand":[],"product_cat":[12689,12274],"product_tag":[],"class_list":{"0":"post-743062","1":"product","2":"type-product","3":"status-publish","5":"product_cat-cizgi-roman-cocuk-ve-genclik-kitaplari","6":"product_cat-cocuk-ve-genclik-kitaplari","7":"pa_cilt-ciltsiz","8":"pa_tur-kitap","9":"pa_yayinevi-redhouse-kidz-yayinlari","10":"pa_yazar-mavisel-yener","12":"first","13":"instock","14":"sale","15":"shipping-taxable","16":"purchasable","17":"product-type-simple"},"_links":{"self":[{"href":"https:\/\/roveyayinevi.com.tr\/index.php\/wp-json\/wp\/v2\/product\/743062","targetHints":{"allow":["GET"]}}],"collection":[{"href":"https:\/\/roveyayinevi.com.tr\/index.php\/wp-json\/wp\/v2\/product"}],"about":[{"href":"https:\/\/roveyayinevi.com.tr\/index.php\/wp-json\/wp\/v2\/types\/product"}],"wp:attachment":[{"href":"https:\/\/roveyayinevi.com.tr\/index.php\/wp-json\/wp\/v2\/media?parent=743062"}],"wp:term":[{"taxonomy":"product_brand","embeddable":true,"href":"https:\/\/roveyayinevi.com.tr\/index.php\/wp-json\/wp\/v2\/product_brand?post=743062"},{"taxonomy":"product_cat","embeddable":true,"href":"https:\/\/roveyayinevi.com.tr\/index.php\/wp-json\/wp\/v2\/product_cat?post=743062"},{"taxonomy":"product_tag","embeddable":true,"href":"https:\/\/roveyayinevi.com.tr\/index.php\/wp-json\/wp\/v2\/product_tag?post=743062"}],"curies":[{"name":"wp","href":"https:\/\/api.w.org\/{rel}","templated":true}]}}