{"id":743051,"date":"2025-08-28T01:26:41","date_gmt":"2025-08-27T22:26:41","guid":{"rendered":"https:\/\/roveyayinevi.com.tr\/index.php\/urun\/dokuz-arti-bir\/"},"modified":"2026-04-11T14:11:54","modified_gmt":"2026-04-11T11:11:54","slug":"dokuz-arti-bir","status":"publish","type":"product","link":"https:\/\/roveyayinevi.com.tr\/index.php\/urun\/dokuz-arti-bir\/","title":{"rendered":"Dokuz Art\u0131 Bir"},"content":{"rendered":"<p>Biliyoruz ki hepimizin bir \u00f6yk\u00fcs\u00fc var.Gerek ya\u015fanm\u0131\u015fl\u0131klar\u0131m\u0131zdan gerekse ya\u015fanamam\u0131\u015fl\u0131klar\u0131m\u0131zdan, gerek umutlar\u0131m\u0131zdan gerekse pi\u015fmanl\u0131klar\u0131m\u0131zdan, gerek mutluluklar\u0131m\u0131zdan gerekse korkular\u0131m\u0131zdan izler ta\u015f\u0131yan \u00f6yk\u00fcler\u2026 Elinizde bulunan bu kitapta da birbirinden farkl\u0131 duygular\u0131 bar\u0131nd\u0131ran dokuz \u00f6yk\u00fc bulunuyor. Her ya\u015fam\u0131n biricik oldu\u011fu gibi her \u00f6yk\u00fc de o biricik ya\u015famlar\u0131 temsil ediyor. Okurken hayat \u00f6yk\u00fcn\u00fcze y\u00f6n verebilecek ibretlik hik\u00e2yelere de rastlayacaks\u0131n\u0131z.<\/p>\n","protected":false},"excerpt":{"rendered":"<p>Biliyoruz ki hepimizin bir \u00f6yk\u00fcs\u00fc var.Gerek ya\u015fanm\u0131\u015fl\u0131klar\u0131m\u0131zdan gerekse ya\u015fanamam\u0131\u015fl\u0131klar\u0131m\u0131zdan, gerek umutlar\u0131m\u0131zdan gerekse pi\u015fmanl\u0131klar\u0131m\u0131zdan, gerek mutluluklar\u0131m\u0131zdan gerekse korkular\u0131m\u0131zdan izler ta\u015f\u0131yan \u00f6yk\u00fcler\u2026 Elinizde bulunan bu kitapta da birbirinden<span class=\"excerpt-hellip\"> [\u2026]<\/span><\/p>\n","protected":false},"featured_media":0,"template":"","meta":{"_monsterinsights_skip_tracking":false,"_monsterinsights_sitenote_active":false,"_monsterinsights_sitenote_note":"","_monsterinsights_sitenote_category":0},"product_brand":[],"product_cat":[12291,12711],"product_tag":[],"class_list":{"0":"post-743051","1":"product","2":"type-product","3":"status-publish","5":"product_cat-edebiyat","6":"product_cat-roman-oyku","7":"pa_cilt-ciltsiz","8":"pa_tur-kitap","9":"pa_yayinevi-servet-yayinevi","10":"pa_yazar-ali-kiper","12":"first","13":"instock","14":"sale","15":"shipping-taxable","16":"purchasable","17":"product-type-simple"},"_links":{"self":[{"href":"https:\/\/roveyayinevi.com.tr\/index.php\/wp-json\/wp\/v2\/product\/743051","targetHints":{"allow":["GET"]}}],"collection":[{"href":"https:\/\/roveyayinevi.com.tr\/index.php\/wp-json\/wp\/v2\/product"}],"about":[{"href":"https:\/\/roveyayinevi.com.tr\/index.php\/wp-json\/wp\/v2\/types\/product"}],"wp:attachment":[{"href":"https:\/\/roveyayinevi.com.tr\/index.php\/wp-json\/wp\/v2\/media?parent=743051"}],"wp:term":[{"taxonomy":"product_brand","embeddable":true,"href":"https:\/\/roveyayinevi.com.tr\/index.php\/wp-json\/wp\/v2\/product_brand?post=743051"},{"taxonomy":"product_cat","embeddable":true,"href":"https:\/\/roveyayinevi.com.tr\/index.php\/wp-json\/wp\/v2\/product_cat?post=743051"},{"taxonomy":"product_tag","embeddable":true,"href":"https:\/\/roveyayinevi.com.tr\/index.php\/wp-json\/wp\/v2\/product_tag?post=743051"}],"curies":[{"name":"wp","href":"https:\/\/api.w.org\/{rel}","templated":true}]}}