{"id":743047,"date":"2025-08-28T01:26:36","date_gmt":"2025-08-27T22:26:36","guid":{"rendered":"https:\/\/roveyayinevi.com.tr\/index.php\/urun\/miras-6\/"},"modified":"2026-04-16T02:54:01","modified_gmt":"2026-04-15T23:54:01","slug":"miras-6","status":"publish","type":"product","link":"https:\/\/roveyayinevi.com.tr\/index.php\/urun\/miras-6\/","title":{"rendered":"Miras"},"content":{"rendered":"<p>Fransa\u2019daki ba\u011flar\u0131 amans\u0131z bir salg\u0131nla kuruyup giden bir ba\u011fc\u0131 sa\u011f kalan son asma k\u00f6k\u00fcn\u00fc cebine koyar ve onu California\u2019ya ta\u015f\u0131mas\u0131n\u0131 umdu\u011fu gemiye biner. Fakat hayalleri talihiyle ba\u011fda\u015fmaz. Karahumma olup gemiden Valpara\u00edso Liman\u0131\u2019nda inmek zorunda kald\u0131\u011f\u0131 g\u00fcn, yola \u00e7\u0131kt\u0131\u011f\u0131 Fransa ve ayak bast\u0131\u011f\u0131 \u015eili\u2019yi bekleyen kader, g\u00fcmr\u00fckteki bir yanl\u0131\u015f anlama sonucu soyad\u0131 Lonsonier olacak ailenin de kaderi olacakt\u0131r. Birinci ve \u0130kinci D\u00fcnya Sava\u015f\u0131, \u015eili\u2019deki askeri darbe ve izleyen diktat\u00f6rl\u00fck y\u0131llar\u0131 fonda t\u00fcyler \u00fcrpertici bir ger\u00e7eklikle ak\u0131p giderken, aralar\u0131nda bir ornitolog, u\u00e7a\u011f\u0131n\u0131 elleriyle in\u015fa eden bir kad\u0131n pilot, d\u00e2hi bir orkestra \u015fefi gibi birbirinden ilgin\u00e7 ve tutkulu karakterler olan bu ailenin \u00fc\u00e7 nesli her nefeste \u00f6l\u00fcme meydan okuyacakt\u0131r. Miguel Bonnefoy, siperlerin derinliklerinden s\u0131rada\u011flar\u0131n doruklar\u0131na, limon a\u011fa\u00e7lar\u0131n\u0131n g\u00f6lgesinden diktat\u00f6rl\u00fck y\u0131llar\u0131n\u0131n karanl\u0131\u011f\u0131na uzanan bu b\u00fcy\u00fcl\u00fc hik\u00e2yesiyle geni\u015f bir zaman dilimini k\u0131sa bir romana s\u0131\u011fd\u0131r\u0131rken, hayranl\u0131k uyand\u0131ran \u00fcslubu ile ke\u015ffedilmesi ve takip edilmesi gereken bir yazar oldu\u011funu kan\u0131tl\u0131yor. <\/p>\n","protected":false},"excerpt":{"rendered":"<p>Fransa\u2019daki ba\u011flar\u0131 amans\u0131z bir salg\u0131nla kuruyup giden bir ba\u011fc\u0131 sa\u011f kalan son asma k\u00f6k\u00fcn\u00fc cebine koyar ve onu California\u2019ya ta\u015f\u0131mas\u0131n\u0131 umdu\u011fu gemiye biner. Fakat hayalleri talihiyle<span class=\"excerpt-hellip\"> [\u2026]<\/span><\/p>\n","protected":false},"featured_media":0,"template":"","meta":{"_monsterinsights_skip_tracking":false,"_monsterinsights_sitenote_active":false,"_monsterinsights_sitenote_note":"","_monsterinsights_sitenote_category":0},"product_brand":[],"product_cat":[12291,12711],"product_tag":[],"class_list":{"0":"post-743047","1":"product","2":"type-product","3":"status-publish","5":"product_cat-edebiyat","6":"product_cat-roman-oyku","7":"pa_cilt-ciltsiz","8":"pa_tur-kitap","9":"pa_yayinevi-is-bankasi-kultur-yayinlari","10":"pa_yazar-miguel-bonnefoy","12":"first","13":"instock","14":"sale","15":"shipping-taxable","16":"purchasable","17":"product-type-simple"},"_links":{"self":[{"href":"https:\/\/roveyayinevi.com.tr\/index.php\/wp-json\/wp\/v2\/product\/743047","targetHints":{"allow":["GET"]}}],"collection":[{"href":"https:\/\/roveyayinevi.com.tr\/index.php\/wp-json\/wp\/v2\/product"}],"about":[{"href":"https:\/\/roveyayinevi.com.tr\/index.php\/wp-json\/wp\/v2\/types\/product"}],"wp:attachment":[{"href":"https:\/\/roveyayinevi.com.tr\/index.php\/wp-json\/wp\/v2\/media?parent=743047"}],"wp:term":[{"taxonomy":"product_brand","embeddable":true,"href":"https:\/\/roveyayinevi.com.tr\/index.php\/wp-json\/wp\/v2\/product_brand?post=743047"},{"taxonomy":"product_cat","embeddable":true,"href":"https:\/\/roveyayinevi.com.tr\/index.php\/wp-json\/wp\/v2\/product_cat?post=743047"},{"taxonomy":"product_tag","embeddable":true,"href":"https:\/\/roveyayinevi.com.tr\/index.php\/wp-json\/wp\/v2\/product_tag?post=743047"}],"curies":[{"name":"wp","href":"https:\/\/api.w.org\/{rel}","templated":true}]}}