{"id":743040,"date":"2025-08-28T01:26:27","date_gmt":"2025-08-27T22:26:27","guid":{"rendered":"https:\/\/roveyayinevi.com.tr\/index.php\/urun\/kitap-okuma-gunlugum\/"},"modified":"2026-04-16T02:54:00","modified_gmt":"2026-04-15T23:54:00","slug":"kitap-okuma-gunlugum","status":"publish","type":"product","link":"https:\/\/roveyayinevi.com.tr\/index.php\/urun\/kitap-okuma-gunlugum\/","title":{"rendered":"Kitap Okuma G\u00fcnl\u00fc\u011f\u00fcm"},"content":{"rendered":"<p>Kitap Okuma G\u00fcnl\u00fc\u011f\u00fcm, seninle tan\u0131\u015fmak i\u00e7in haz\u0131r! Okudu\u011fun kitaplar \u00fczerine d\u00fc\u015f\u00fcncelerini yazabilir ya da kendi okuma listelerini olu\u015fturabilirsin.Gezdi\u011fin k\u00fct\u00fcphaneler hakk\u0131nda notlar alabilir veya yazma al\u0131\u015ft\u0131rmalar\u0131 yapabilirsin.Bu e\u011flenceli g\u00fcnl\u00fck, senin en yak\u0131n arkada\u015f\u0131n olacak&#8230;Ve hi\u00e7 yan\u0131ndan ayr\u0131lmayacak!<\/p>\n","protected":false},"excerpt":{"rendered":"<p>Kitap Okuma G\u00fcnl\u00fc\u011f\u00fcm, seninle tan\u0131\u015fmak i\u00e7in haz\u0131r! Okudu\u011fun kitaplar \u00fczerine d\u00fc\u015f\u00fcncelerini yazabilir ya da kendi okuma listelerini olu\u015fturabilirsin.Gezdi\u011fin k\u00fct\u00fcphaneler hakk\u0131nda notlar alabilir veya yazma al\u0131\u015ft\u0131rmalar\u0131 yapabilirsin.Bu<span class=\"excerpt-hellip\"> [\u2026]<\/span><\/p>\n","protected":false},"featured_media":0,"template":"","meta":{"_monsterinsights_skip_tracking":false,"_monsterinsights_sitenote_active":false,"_monsterinsights_sitenote_note":"","_monsterinsights_sitenote_category":0},"product_brand":[],"product_cat":[12275,12274],"product_tag":[],"class_list":{"0":"post-743040","1":"product","2":"type-product","3":"status-publish","5":"product_cat-6-12-yas-kitaplari","6":"product_cat-cocuk-ve-genclik-kitaplari","7":"pa_cilt-ciltsiz","8":"pa_tur-kitap","9":"pa_yayinevi-timas-cocuk","10":"pa_yazar-anil-basili","12":"first","13":"instock","14":"sale","15":"shipping-taxable","16":"purchasable","17":"product-type-simple"},"_links":{"self":[{"href":"https:\/\/roveyayinevi.com.tr\/index.php\/wp-json\/wp\/v2\/product\/743040","targetHints":{"allow":["GET"]}}],"collection":[{"href":"https:\/\/roveyayinevi.com.tr\/index.php\/wp-json\/wp\/v2\/product"}],"about":[{"href":"https:\/\/roveyayinevi.com.tr\/index.php\/wp-json\/wp\/v2\/types\/product"}],"wp:attachment":[{"href":"https:\/\/roveyayinevi.com.tr\/index.php\/wp-json\/wp\/v2\/media?parent=743040"}],"wp:term":[{"taxonomy":"product_brand","embeddable":true,"href":"https:\/\/roveyayinevi.com.tr\/index.php\/wp-json\/wp\/v2\/product_brand?post=743040"},{"taxonomy":"product_cat","embeddable":true,"href":"https:\/\/roveyayinevi.com.tr\/index.php\/wp-json\/wp\/v2\/product_cat?post=743040"},{"taxonomy":"product_tag","embeddable":true,"href":"https:\/\/roveyayinevi.com.tr\/index.php\/wp-json\/wp\/v2\/product_tag?post=743040"}],"curies":[{"name":"wp","href":"https:\/\/api.w.org\/{rel}","templated":true}]}}