{"id":743028,"date":"2025-08-28T01:25:43","date_gmt":"2025-08-27T22:25:43","guid":{"rendered":"https:\/\/roveyayinevi.com.tr\/index.php\/urun\/cocuk-neyi-neden-yapar-1\/"},"modified":"2026-04-16T02:54:00","modified_gmt":"2026-04-15T23:54:00","slug":"cocuk-neyi-neden-yapar-1","status":"publish","type":"product","link":"https:\/\/roveyayinevi.com.tr\/index.php\/urun\/cocuk-neyi-neden-yapar-1\/","title":{"rendered":"\u00c7ocuk Neyi Neden Yapar-1"},"content":{"rendered":"<p>Yemek ve uyku d\u00fczeni, dil geli\u015fimi, tuvalet e\u011fitimi, s\u00fctten kesme, inat\u00e7\u0131l\u0131k, h\u0131r\u00e7\u0131nl\u0131k, kaba s\u00f6zc\u00fckler, parmak emme, t\u0131rnak yeme, karde\u015f k\u0131skan\u00e7l\u0131\u011f\u0131 ve di\u011ferleri\u2026 Her anne baban\u0131n kafas\u0131na tak\u0131lan, kimi zaman i\u00e7inden \u00e7\u0131kamad\u0131\u011f\u0131 sorunlard\u0131r bunlar\u2026 Baz\u0131 anne babalar bunlar\u0131n ne anlama geldi\u011fini bildikleri i\u00e7in \u00e7ocuklar\u0131n\u0131 incitmeden sorunlar\u0131 \u00e7\u00f6zerken, kimileri \u00e7aresiz kal\u0131p \u00e7ocuklar\u0131yla \u00e7at\u0131\u015fmaya girerler. Ve bu \u00e7at\u0131\u015fmalarda, hem kendilerini hem de \u00e7ocuklar\u0131n\u0131 y\u0131prat\u0131rlar.\u0130\u015fte bu nedenle Adem G\u00fcne\u015f, \u00c7ocuk Neyi Neden Yapar\u2019\u0131 \u2018\u00e7ocuk davran\u0131\u015flar\u0131n\u0131 anlama rehberi\u2019 olarak haz\u0131rlad\u0131. \u00c7ocuk davran\u0131\u015flar\u0131n\u0131n nedenlerini ve \u00e7\u00f6z\u00fcm \u00f6nerilerini yal\u0131n bir dille, ebeveynlerle payla\u015ft\u0131. Bu kitap, \u00e7ocuk davran\u0131\u015flar\u0131n\u0131 anlamak isteyen her yeti\u015fkinin elinin alt\u0131nda bulunmas\u0131 gereken bir pratik bilgi kayna\u011f\u0131d\u0131r.<\/p>\n","protected":false},"excerpt":{"rendered":"<p>Yemek ve uyku d\u00fczeni, dil geli\u015fimi, tuvalet e\u011fitimi, s\u00fctten kesme, inat\u00e7\u0131l\u0131k, h\u0131r\u00e7\u0131nl\u0131k, kaba s\u00f6zc\u00fckler, parmak emme, t\u0131rnak yeme, karde\u015f k\u0131skan\u00e7l\u0131\u011f\u0131 ve di\u011ferleri\u2026 Her anne baban\u0131n kafas\u0131na<span class=\"excerpt-hellip\"> [\u2026]<\/span><\/p>\n","protected":false},"featured_media":0,"template":"","meta":{"_monsterinsights_skip_tracking":false,"_monsterinsights_sitenote_active":false,"_monsterinsights_sitenote_note":"","_monsterinsights_sitenote_category":0},"product_brand":[],"product_cat":[12679,12357],"product_tag":[],"class_list":{"0":"post-743028","1":"product","2":"type-product","3":"status-publish","5":"product_cat-cocuk-psikolojisi","6":"product_cat-psikoloji","7":"pa_cilt-ciltsiz","8":"pa_tur-kitap","9":"pa_yayinevi-timas-yayinlari","10":"pa_yazar-adem-gunes","12":"first","13":"instock","14":"sale","15":"shipping-taxable","16":"purchasable","17":"product-type-simple"},"_links":{"self":[{"href":"https:\/\/roveyayinevi.com.tr\/index.php\/wp-json\/wp\/v2\/product\/743028","targetHints":{"allow":["GET"]}}],"collection":[{"href":"https:\/\/roveyayinevi.com.tr\/index.php\/wp-json\/wp\/v2\/product"}],"about":[{"href":"https:\/\/roveyayinevi.com.tr\/index.php\/wp-json\/wp\/v2\/types\/product"}],"wp:attachment":[{"href":"https:\/\/roveyayinevi.com.tr\/index.php\/wp-json\/wp\/v2\/media?parent=743028"}],"wp:term":[{"taxonomy":"product_brand","embeddable":true,"href":"https:\/\/roveyayinevi.com.tr\/index.php\/wp-json\/wp\/v2\/product_brand?post=743028"},{"taxonomy":"product_cat","embeddable":true,"href":"https:\/\/roveyayinevi.com.tr\/index.php\/wp-json\/wp\/v2\/product_cat?post=743028"},{"taxonomy":"product_tag","embeddable":true,"href":"https:\/\/roveyayinevi.com.tr\/index.php\/wp-json\/wp\/v2\/product_tag?post=743028"}],"curies":[{"name":"wp","href":"https:\/\/api.w.org\/{rel}","templated":true}]}}