{"id":743020,"date":"2025-08-28T01:25:35","date_gmt":"2025-08-27T22:25:35","guid":{"rendered":"https:\/\/roveyayinevi.com.tr\/index.php\/urun\/liberalizm-neden-coktu\/"},"modified":"2026-04-16T02:54:00","modified_gmt":"2026-04-15T23:54:00","slug":"liberalizm-neden-coktu","status":"publish","type":"product","link":"https:\/\/roveyayinevi.com.tr\/index.php\/urun\/liberalizm-neden-coktu\/","title":{"rendered":"Liberalizm Neden \u00c7\u00f6kt\u00fc ?"},"content":{"rendered":"<p>Liberalizm iflas etmi\u015ftir ama verdi\u011fi s\u00f6zleri tutmad\u0131\u011f\u0131 i\u00e7in de\u011fil, bilakis tuttu\u011fu i\u00e7in iflas etmi\u015ftir. \u0130flas etmi\u015ftir, \u00e7\u00fcnk\u00fc ba\u015far\u0131l\u0131 olmu\u015ftur. Liberalizm \u201cdaha fazla kendisi olduk\u00e7a\u201d i\u00e7 mant\u0131\u011f\u0131 ve i\u00e7 \u00e7eli\u015fkileri daha g\u00f6r\u00fcn\u00fcr h\u00e2le geldik\u00e7e, iddialar\u0131n\u0131 \u00e7\u00fcr\u00fct\u00fcp liberal ideolojiyi fiil\u00ee ger\u00e7ekli\u011fe d\u00f6n\u00fc\u015ft\u00fcren patolojiler \u00fcretmi\u015ftir.   20. y\u00fczy\u0131l\u0131n \u00f6nde gelen \u00fc\u00e7 ideolojisi \u2013kom\u00fcnizm, fa\u015fizm, liberalizm\u2013 aras\u0131ndan sadece liberalizm varl\u0131\u011f\u0131n\u0131 devam ettirebiliyor. Liberalizm ideolojik a\u00e7\u0131dan tarafs\u0131zm\u0131\u015f gibi davranmay\u0131, h\u00e2kimiyeti alt\u0131ndaki zihinleri \u015fekillendirmek gibi bir niyetinin olmad\u0131\u011f\u0131na inand\u0131rmay\u0131 ba\u015farm\u0131\u015ft\u0131r. Liberalizmin \u00f6zg\u00fcrl\u00fck, zevk ve refah gibi vaatleri belki de uzun \u00f6mr\u00fcn\u00fcn bir s\u0131rr\u0131d\u0131r. Liberalizm halklar\u0131n e\u015fitli\u011fine vurgu yap\u0131yor, ama g\u00fcn\u00fcm\u00fczde ba\u015fta Amerika Birle\u015fik Devletleri olmak \u00fczere, liberal \u00fclkelerde maddi e\u015fitsizlik giderek art\u0131yor. Liberalizm bireyin \u00f6zg\u00fcrl\u00fc\u011f\u00fcne dayan\u0131yor, ama insanl\u0131k tarihinde g\u00f6r\u00fclmedik \u015fekilde tahakk\u00fcm kuran bir kamu \u00f6rg\u00fctlenmesi liberal politikalar\u0131n uyguland\u0131\u011f\u0131 \u00fclkelerde zorunlu h\u00e2le gelmi\u015f durumda. Liberalizm aristokrasiyi kabul etmiyor, ama k\u00fcresel elitlerin d\u00fcnya h\u00e2kimiyetini sa\u011fl\u0131yor. Liberalizm Neden \u00c7\u00f6kt\u00fc? sadece iki y\u0131l i\u00e7inde, Almanca, Arap\u00e7a, Japonca, Macarca gibi on iki dile \u00e7evrildi. \u00c7a\u011f\u0131m\u0131z\u0131n en \u00f6nemli toplumsal-ideolojik tart\u0131\u015fmas\u0131n\u0131n bu \u00f6nemli eserini Vak\u0131fBank K\u00fclt\u00fcr Yay\u0131nlar\u0131 T\u00fcrk fikir d\u00fcnyas\u0131n\u0131n ilgisine sunuyor. <\/p>\n","protected":false},"excerpt":{"rendered":"<p>Liberalizm iflas etmi\u015ftir ama verdi\u011fi s\u00f6zleri tutmad\u0131\u011f\u0131 i\u00e7in de\u011fil, bilakis tuttu\u011fu i\u00e7in iflas etmi\u015ftir. \u0130flas etmi\u015ftir, \u00e7\u00fcnk\u00fc ba\u015far\u0131l\u0131 olmu\u015ftur. Liberalizm \u201cdaha fazla kendisi olduk\u00e7a\u201d i\u00e7 mant\u0131\u011f\u0131<span class=\"excerpt-hellip\"> [\u2026]<\/span><\/p>\n","protected":false},"featured_media":0,"template":"","meta":{"_monsterinsights_skip_tracking":false,"_monsterinsights_sitenote_active":false,"_monsterinsights_sitenote_note":"","_monsterinsights_sitenote_category":0},"product_brand":[],"product_cat":[12325,12324],"product_tag":[],"class_list":{"0":"post-743020","1":"product","2":"type-product","3":"status-publish","5":"product_cat-diger-sosyoloji","6":"product_cat-sosyoloji","7":"pa_cilt-ciltsiz","8":"pa_tur-kitap","9":"pa_yayinevi-vakifbank-kultur-yayinlari","10":"pa_yazar-patrick-j-deneen","12":"first","13":"instock","14":"sale","15":"shipping-taxable","16":"purchasable","17":"product-type-simple"},"_links":{"self":[{"href":"https:\/\/roveyayinevi.com.tr\/index.php\/wp-json\/wp\/v2\/product\/743020","targetHints":{"allow":["GET"]}}],"collection":[{"href":"https:\/\/roveyayinevi.com.tr\/index.php\/wp-json\/wp\/v2\/product"}],"about":[{"href":"https:\/\/roveyayinevi.com.tr\/index.php\/wp-json\/wp\/v2\/types\/product"}],"wp:attachment":[{"href":"https:\/\/roveyayinevi.com.tr\/index.php\/wp-json\/wp\/v2\/media?parent=743020"}],"wp:term":[{"taxonomy":"product_brand","embeddable":true,"href":"https:\/\/roveyayinevi.com.tr\/index.php\/wp-json\/wp\/v2\/product_brand?post=743020"},{"taxonomy":"product_cat","embeddable":true,"href":"https:\/\/roveyayinevi.com.tr\/index.php\/wp-json\/wp\/v2\/product_cat?post=743020"},{"taxonomy":"product_tag","embeddable":true,"href":"https:\/\/roveyayinevi.com.tr\/index.php\/wp-json\/wp\/v2\/product_tag?post=743020"}],"curies":[{"name":"wp","href":"https:\/\/api.w.org\/{rel}","templated":true}]}}