{"id":742995,"date":"2025-08-28T01:25:04","date_gmt":"2025-08-27T22:25:04","guid":{"rendered":"https:\/\/roveyayinevi.com.tr\/index.php\/urun\/eflatun-koza\/"},"modified":"2026-04-16T02:53:59","modified_gmt":"2026-04-15T23:53:59","slug":"eflatun-koza","status":"publish","type":"product","link":"https:\/\/roveyayinevi.com.tr\/index.php\/urun\/eflatun-koza\/","title":{"rendered":"Eflatun Koza"},"content":{"rendered":"<p>\u201cKahvalt\u0131dan sonra Ece\u2019nin dolab\u0131n\u0131 a\u00e7t\u0131m. Keskin bir naftalinkokusu burnuma doldu. Annem yeni naftalin paketleri asm\u0131\u015folmal\u0131yd\u0131. San\u0131r\u0131m o kokunun etkisiyle Ece\u2019nin bu zamana ait biri,benim karde\u015fim de\u011fil de \u00e7ok \u00e7ok eskiden ya\u015fam\u0131\u015f ve \u00f6lm\u00fc\u015f ya\u015fl\u0131bir akrabam oldu\u011fu fikrine kap\u0131ld\u0131m. B\u00f6yle d\u00fc\u015f\u00fcn\u00fcnce birdenuzakla\u015f\u0131verdim ondan. Eti etimden koptu sanki, hafifledim.K\u0131rm\u0131z\u0131 bir kazak, siyah bir kot ve onun giymeye k\u0131yamad\u0131\u011f\u0131s\u00fcet botlar\u0131n\u0131 ald\u0131m dolaptan. Annem hi\u00e7 istemez ona ait \u015feylerigiymemi. Ece\u2019yi hat\u0131rlat\u0131yormu\u015fum ona. Her \u00f6yle dedi\u011finde, \u201c\u0130yiya, belki beni o san\u0131p daha \u00e7ok seversin?\u201d diye laf\u0131 oturtmak geliri\u00e7imden ama diyemem tabii. D\u00fc\u015f\u00fcnd\u00fcklerini s\u00f6yleyebilenlerdenolmad\u0131m, o a\u015famaya hi\u00e7 gelemedim. Akl\u0131mdan ge\u00e7enleri elemed\u00f6n\u00fc\u015ft\u00fcrebiliyorum ancak.\u201d  \u201cCahide\u2019nin romanlar\u0131nda hi\u00e7 kimseye g\u00fcvenmeye gelmez. Hi\u00e7kimseyle \u00f6zde\u015flik kurmaya gelmez. Usul usul, dikkatsiz bir okumayla ka\u00e7\u0131rabilece\u011finiz ayr\u0131nt\u0131larla bir \u00f6r\u00fcmcek a\u011f\u0131 gibi \u00fcst\u00fcn\u00fcze gerilen muamma hi\u00e7 ummad\u0131\u011f\u0131n\u0131z bir yerde ve zamandapatlayabilir. O da sizi roman boyu kand\u0131rm\u0131\u015f \u00e7\u0131kabilir. Onun d\u00fcnyas\u0131n\u0131n b\u00fcy\u00fcs\u00fc de budur zaten. Evet, b\u00fct\u00fcn iyi romanc\u0131lar gibi Cahide de \u015funu bilir: En yal\u0131n anlat\u0131m\u0131yla, hi\u00e7bir \u015fey g\u00f6r\u00fcnd\u00fc\u011f\u00fc gibi de\u011fildir.\u201d\u2013YILDIRIM T\u00dcRKER<\/p>\n","protected":false},"excerpt":{"rendered":"<p>\u201cKahvalt\u0131dan sonra Ece\u2019nin dolab\u0131n\u0131 a\u00e7t\u0131m. Keskin bir naftalinkokusu burnuma doldu. Annem yeni naftalin paketleri asm\u0131\u015folmal\u0131yd\u0131. San\u0131r\u0131m o kokunun etkisiyle Ece\u2019nin bu zamana ait biri,benim karde\u015fim de\u011fil<span class=\"excerpt-hellip\"> [\u2026]<\/span><\/p>\n","protected":false},"featured_media":0,"template":"","meta":{"_monsterinsights_skip_tracking":false,"_monsterinsights_sitenote_active":false,"_monsterinsights_sitenote_note":"","_monsterinsights_sitenote_category":0},"product_brand":[],"product_cat":[12291,50487],"product_tag":[],"class_list":{"0":"post-742995","1":"product","2":"type-product","3":"status-publish","5":"product_cat-edebiyat","6":"product_cat-kurgu","7":"pa_cilt-ciltsiz","8":"pa_tur-kitap","9":"pa_yayinevi-kafka-yayinevi","10":"pa_yazar-cahide-birgul","12":"first","13":"instock","14":"sale","15":"shipping-taxable","16":"purchasable","17":"product-type-simple"},"_links":{"self":[{"href":"https:\/\/roveyayinevi.com.tr\/index.php\/wp-json\/wp\/v2\/product\/742995","targetHints":{"allow":["GET"]}}],"collection":[{"href":"https:\/\/roveyayinevi.com.tr\/index.php\/wp-json\/wp\/v2\/product"}],"about":[{"href":"https:\/\/roveyayinevi.com.tr\/index.php\/wp-json\/wp\/v2\/types\/product"}],"wp:attachment":[{"href":"https:\/\/roveyayinevi.com.tr\/index.php\/wp-json\/wp\/v2\/media?parent=742995"}],"wp:term":[{"taxonomy":"product_brand","embeddable":true,"href":"https:\/\/roveyayinevi.com.tr\/index.php\/wp-json\/wp\/v2\/product_brand?post=742995"},{"taxonomy":"product_cat","embeddable":true,"href":"https:\/\/roveyayinevi.com.tr\/index.php\/wp-json\/wp\/v2\/product_cat?post=742995"},{"taxonomy":"product_tag","embeddable":true,"href":"https:\/\/roveyayinevi.com.tr\/index.php\/wp-json\/wp\/v2\/product_tag?post=742995"}],"curies":[{"name":"wp","href":"https:\/\/api.w.org\/{rel}","templated":true}]}}