{"id":742974,"date":"2025-08-28T01:24:35","date_gmt":"2025-08-27T22:24:35","guid":{"rendered":"https:\/\/roveyayinevi.com.tr\/index.php\/urun\/ozlem-saylan-kitaplari-2-kitap-set\/"},"modified":"2025-11-21T08:15:00","modified_gmt":"2025-11-21T05:15:00","slug":"ozlem-saylan-kitaplari-2-kitap-set","status":"publish","type":"product","link":"https:\/\/roveyayinevi.com.tr\/index.php\/urun\/ozlem-saylan-kitaplari-2-kitap-set\/","title":{"rendered":"\u00d6zlem \u015eaylan Kitaplar\u0131 (2 Kitap Set)"},"content":{"rendered":"<p>SER\u00c2\u0130R          Serair, okurken farkl\u0131 lezzetlerle bulu\u015faca\u011f\u0131n\u0131z, birbirinden ba\u011f\u0131ms\u0131z 14 hik\u00e2yeden olu\u015fuyor.          Bazen tozlu odalarda gizli kalm\u0131\u015f ve a\u00e7\u0131\u011fa \u00e7\u0131kmak i\u00e7in direnen s\u0131rlar\u0131 ke\u015ffedecek, bazen hep orada ve var diye g\u00f6rmezden geldi\u011finiz mucizeleri hat\u0131rlayacak, bazen de r\u00fcyalar\u0131n, hayallerin ger\u00e7eklerle harmanlanaca\u011f\u0131 bilinmeyen d\u00fcnyalarda heyecanl\u0131 ser\u00fcvenlere \u00e7\u0131kacaks\u0131n\u0131z.          An gelip sokakta y\u00fcr\u00fcrken yan\u0131n\u0131zdan ge\u00e7en bir bi\u00e7arenin kalbine misafir olacak an gelip bir \u015fehre ait olup hatta burnunuza gelen bir sabun kokusu ile sevdalara dalacaks\u0131n\u0131z.          Tam yery\u00fcz\u00fcndeki bir cennet bah\u00e7esinde g\u00f6zlerinizi a\u00e7m\u0131\u015fken bir sonraki hik\u00e2yede uzay\u0131n derinliklerinde dola\u015facaks\u0131n\u0131z. Bazen de bedeninizden soyutlan\u0131p g\u00f6r\u00fcnmeyen d\u00fcnyalarda kaybolacaks\u0131n\u0131z.          Hi\u00e7 bitmesin isteyece\u011finiz, tad\u0131 dama\u011f\u0131n\u0131zda kalacak birbirinden keyifli hik\u00e2yeler kalbinizin k\u00f6\u015fesinde yer edinmek i\u00e7in sizi bekliyor&#8230;    HAYATIN KADINLARI \u0130simleri, ya\u015flar\u0131, bulunduklar\u0131 \u015fehirler farkl\u0131 olsa da ya\u015fad\u0131klar\u0131, hissettikleri ve s\u00f6yleyemedikleri ayn\u0131&#8230; G\u00f6r\u00fcnmeyen prangalara, kalplerinde a\u00e7\u0131lan yaralara ra\u011fmen hayata tutunma \u00e7abas\u0131. Bunca zamand\u0131r i\u00e7inde hayk\u0131rd\u0131klar\u0131n\u0131 art\u0131k d\u0131\u015fa vurma vakti! Hayk\u0131r hem de hi\u00e7 hayk\u0131rmad\u0131\u011f\u0131n kadar daha \u00e7ok hayk\u0131r. B\u0131rak son kez kanas\u0131n yaralar\u0131n, izin ver hafiflesin y\u00fcre\u011fin. Ya\u015famak! \u00d6zg\u00fcrce, sayg\u0131 ve sevgiyle payla\u015fabilmek yar\u0131nlar\u0131 taptaze umutlarla, senin de en do\u011fal hakk\u0131n umutla yar\u0131nlara bakmak\u2026 Biliyorum \u00e7\u00fcnk\u00fc senin de bir hik\u00e2yen var, t\u0131pk\u0131 bu kitapta anlat\u0131lanlar gibi&#8230; <\/p>\n","protected":false},"excerpt":{"rendered":"<p>SER\u00c2\u0130R Serair, okurken farkl\u0131 lezzetlerle bulu\u015faca\u011f\u0131n\u0131z, birbirinden ba\u011f\u0131ms\u0131z 14 hik\u00e2yeden olu\u015fuyor. Bazen tozlu odalarda gizli kalm\u0131\u015f ve a\u00e7\u0131\u011fa \u00e7\u0131kmak i\u00e7in direnen s\u0131rlar\u0131 ke\u015ffedecek, bazen hep orada<span class=\"excerpt-hellip\"> [\u2026]<\/span><\/p>\n","protected":false},"featured_media":0,"template":"","meta":{"_monsterinsights_skip_tracking":false,"_monsterinsights_sitenote_active":false,"_monsterinsights_sitenote_note":"","_monsterinsights_sitenote_category":0},"product_brand":[],"product_cat":[12291,18202],"product_tag":[],"class_list":{"0":"post-742974","1":"product","2":"type-product","3":"status-publish","5":"product_cat-edebiyat","6":"product_cat-hikaye","7":"pa_cilt-ciltsiz","8":"pa_tur-kitap","9":"pa_yayinevi-kitap-muptelasi-yayinlari","10":"pa_yazar-ozlem-saylan","12":"first","13":"instock","14":"sale","15":"shipping-taxable","16":"purchasable","17":"product-type-simple"},"_links":{"self":[{"href":"https:\/\/roveyayinevi.com.tr\/index.php\/wp-json\/wp\/v2\/product\/742974","targetHints":{"allow":["GET"]}}],"collection":[{"href":"https:\/\/roveyayinevi.com.tr\/index.php\/wp-json\/wp\/v2\/product"}],"about":[{"href":"https:\/\/roveyayinevi.com.tr\/index.php\/wp-json\/wp\/v2\/types\/product"}],"wp:attachment":[{"href":"https:\/\/roveyayinevi.com.tr\/index.php\/wp-json\/wp\/v2\/media?parent=742974"}],"wp:term":[{"taxonomy":"product_brand","embeddable":true,"href":"https:\/\/roveyayinevi.com.tr\/index.php\/wp-json\/wp\/v2\/product_brand?post=742974"},{"taxonomy":"product_cat","embeddable":true,"href":"https:\/\/roveyayinevi.com.tr\/index.php\/wp-json\/wp\/v2\/product_cat?post=742974"},{"taxonomy":"product_tag","embeddable":true,"href":"https:\/\/roveyayinevi.com.tr\/index.php\/wp-json\/wp\/v2\/product_tag?post=742974"}],"curies":[{"name":"wp","href":"https:\/\/api.w.org\/{rel}","templated":true}]}}