{"id":742960,"date":"2025-08-28T01:24:18","date_gmt":"2025-08-27T22:24:18","guid":{"rendered":"https:\/\/roveyayinevi.com.tr\/index.php\/urun\/telezzuz-savour-the-flavour-ciltli\/"},"modified":"2026-04-16T02:53:58","modified_gmt":"2026-04-15T23:53:58","slug":"telezzuz-savour-the-flavour-ciltli","status":"publish","type":"product","link":"https:\/\/roveyayinevi.com.tr\/index.php\/urun\/telezzuz-savour-the-flavour-ciltli\/","title":{"rendered":"Telezz\u00fcz Savour the Flavour (Ciltli)"},"content":{"rendered":"<p>With these new delicacies from the kitchens of Burak Aziz S\u00fcr\u00fck and Cengiz \u00c7ak\u0131t, you can prepare magnificent dishes for your loved ones or just for yourself. The delicious recipes in Telezz\u00fcz: Savour the Flavour, where traditional Turkish cuisine is delicately blended with world cuisines, promise a great gastronomic experience to anyone who is interested in cuisine. Breakfast suggestions, entr\u00e9es, main courses, side dishes to accompany your main meals, desserts, and healthy drinks are all in this book&#8230; <\/p>\n","protected":false},"excerpt":{"rendered":"<p>With these new delicacies from the kitchens of Burak Aziz S\u00fcr\u00fck and Cengiz \u00c7ak\u0131t, you can prepare magnificent dishes for your loved ones or just for<span class=\"excerpt-hellip\"> [\u2026]<\/span><\/p>\n","protected":false},"featured_media":0,"template":"","meta":{"_monsterinsights_skip_tracking":false,"_monsterinsights_sitenote_active":false,"_monsterinsights_sitenote_note":"","_monsterinsights_sitenote_category":0},"product_brand":[],"product_cat":[22706,12457],"product_tag":[],"class_list":{"0":"post-742960","1":"product","2":"type-product","3":"status-publish","5":"product_cat-dunya-mutfagi","6":"product_cat-yemek-kitaplari","7":"pa_cilt-ciltli","8":"pa_tur-kitap","9":"pa_yayinevi-yapi-kredi-yayinlari","10":"pa_yazar-burak-aziz-suruk-cengiz-cakit","12":"first","13":"instock","14":"sale","15":"shipping-taxable","16":"purchasable","17":"product-type-simple"},"_links":{"self":[{"href":"https:\/\/roveyayinevi.com.tr\/index.php\/wp-json\/wp\/v2\/product\/742960","targetHints":{"allow":["GET"]}}],"collection":[{"href":"https:\/\/roveyayinevi.com.tr\/index.php\/wp-json\/wp\/v2\/product"}],"about":[{"href":"https:\/\/roveyayinevi.com.tr\/index.php\/wp-json\/wp\/v2\/types\/product"}],"wp:attachment":[{"href":"https:\/\/roveyayinevi.com.tr\/index.php\/wp-json\/wp\/v2\/media?parent=742960"}],"wp:term":[{"taxonomy":"product_brand","embeddable":true,"href":"https:\/\/roveyayinevi.com.tr\/index.php\/wp-json\/wp\/v2\/product_brand?post=742960"},{"taxonomy":"product_cat","embeddable":true,"href":"https:\/\/roveyayinevi.com.tr\/index.php\/wp-json\/wp\/v2\/product_cat?post=742960"},{"taxonomy":"product_tag","embeddable":true,"href":"https:\/\/roveyayinevi.com.tr\/index.php\/wp-json\/wp\/v2\/product_tag?post=742960"}],"curies":[{"name":"wp","href":"https:\/\/api.w.org\/{rel}","templated":true}]}}