{"id":742942,"date":"2025-08-28T01:23:59","date_gmt":"2025-08-27T22:23:59","guid":{"rendered":"https:\/\/roveyayinevi.com.tr\/index.php\/urun\/aru-shah-ve-zamanin-sonu\/"},"modified":"2026-04-16T02:53:58","modified_gmt":"2026-04-15T23:53:58","slug":"aru-shah-ve-zamanin-sonu","status":"publish","type":"product","link":"https:\/\/roveyayinevi.com.tr\/index.php\/urun\/aru-shah-ve-zamanin-sonu\/","title":{"rendered":"Aru Shah ve Zaman\u0131n Sonu"},"content":{"rendered":"<p>Aru Shah, ortaokula giden ve annesinin m\u00fcd\u00fcr olarak \u00e7al\u0131\u015ft\u0131\u011f\u0131 Antik Hint Sanat ve K\u00fclt\u00fcr M\u00fczesi\u2019ndeki ufak bir dairede ya\u015fayan, s\u0131radan bir k\u0131zd\u0131. Yani en az\u0131ndan o \u00f6yle san\u0131yordu! Bir g\u00fcn okulda rezil olmamak ve arkada\u015flar\u0131na hava atmak isterken m\u00fczedeki bir lambay\u0131 yakt\u0131. Annesinin lanetli oldu\u011funu ve asla ama asla yak\u0131lmamas\u0131 gerekti\u011fini s\u00f6yledi\u011fi lambay\u0131! \u0130\u015fte o zaman i\u015fler \u00e7\u0131\u011f\u0131r\u0131ndan \u00f6yle bir \u00e7\u0131kt\u0131 ki Aru kendisini Hindu mitolojisiyle \u00e7evrili bir maceran\u0131n i\u00e7inde buldu!\u015eimdi b\u00fct\u00fcn hastal\u0131klardan korkan ruh karde\u015fiyle birlikte bir s\u00fcr\u00fc do\u011fa\u00fcst\u00fc g\u00f6revi yerine getirmesi ve zaman\u0131n sonu gelmesin diye \u00f6l\u00fcmle burun buruna gelmesi gerekiyordu. Ama bunlar\u0131n hepsini, \u00fczerindeki \u00d6r\u00fcmcek Adam pijamas\u0131yla yapabilecek miydi?Arkada\u015fl\u0131k ve Hint mitolojisi \u00fczerine yaz\u0131lm\u0131\u015f bu nefes kesici kitap, Rick Riordan\u2019\u0131n \u00f6ns\u00f6z\u00fcyle okurlar\u0131yla bulu\u015fuyor!<\/p>\n","protected":false},"excerpt":{"rendered":"<p>Aru Shah, ortaokula giden ve annesinin m\u00fcd\u00fcr olarak \u00e7al\u0131\u015ft\u0131\u011f\u0131 Antik Hint Sanat ve K\u00fclt\u00fcr M\u00fczesi\u2019ndeki ufak bir dairede ya\u015fayan, s\u0131radan bir k\u0131zd\u0131. Yani en az\u0131ndan o<span class=\"excerpt-hellip\"> [\u2026]<\/span><\/p>\n","protected":false},"featured_media":0,"template":"","meta":{"_monsterinsights_skip_tracking":false,"_monsterinsights_sitenote_active":false,"_monsterinsights_sitenote_note":"","_monsterinsights_sitenote_category":0},"product_brand":[],"product_cat":[12689,12274],"product_tag":[],"class_list":{"0":"post-742942","1":"product","2":"type-product","3":"status-publish","5":"product_cat-cizgi-roman-cocuk-ve-genclik-kitaplari","6":"product_cat-cocuk-ve-genclik-kitaplari","7":"pa_cilt-ciltsiz","8":"pa_tur-kitap","9":"pa_yayinevi-ithaki-yayinlari","10":"pa_yazar-roshani-chokshi","12":"first","13":"instock","14":"sale","15":"shipping-taxable","16":"purchasable","17":"product-type-simple"},"_links":{"self":[{"href":"https:\/\/roveyayinevi.com.tr\/index.php\/wp-json\/wp\/v2\/product\/742942","targetHints":{"allow":["GET"]}}],"collection":[{"href":"https:\/\/roveyayinevi.com.tr\/index.php\/wp-json\/wp\/v2\/product"}],"about":[{"href":"https:\/\/roveyayinevi.com.tr\/index.php\/wp-json\/wp\/v2\/types\/product"}],"wp:attachment":[{"href":"https:\/\/roveyayinevi.com.tr\/index.php\/wp-json\/wp\/v2\/media?parent=742942"}],"wp:term":[{"taxonomy":"product_brand","embeddable":true,"href":"https:\/\/roveyayinevi.com.tr\/index.php\/wp-json\/wp\/v2\/product_brand?post=742942"},{"taxonomy":"product_cat","embeddable":true,"href":"https:\/\/roveyayinevi.com.tr\/index.php\/wp-json\/wp\/v2\/product_cat?post=742942"},{"taxonomy":"product_tag","embeddable":true,"href":"https:\/\/roveyayinevi.com.tr\/index.php\/wp-json\/wp\/v2\/product_tag?post=742942"}],"curies":[{"name":"wp","href":"https:\/\/api.w.org\/{rel}","templated":true}]}}