{"id":742937,"date":"2025-08-28T01:23:52","date_gmt":"2025-08-27T22:23:52","guid":{"rendered":"https:\/\/roveyayinevi.com.tr\/index.php\/urun\/sair-evlenmesi-8\/"},"modified":"2026-04-16T02:53:58","modified_gmt":"2026-04-15T23:53:58","slug":"sair-evlenmesi-8","status":"publish","type":"product","link":"https:\/\/roveyayinevi.com.tr\/index.php\/urun\/sair-evlenmesi-8\/","title":{"rendered":"\u015eair Evlenmesi"},"content":{"rendered":"<p>\u201c\u015eimdi benim Kumrucu\u011fum kafese girecek ha! Ah, bir kere kanad\u0131n\u0131n alt\u0131na girebileydim! Fakat insan k\u0131sm\u0131n\u0131n yedi\u011fi bir yem var ya, ad\u0131na para derler. E\u011fer ondan isteyecek olursa mesela\u2026 E ne olmu\u015f? Ben de elimden geleni esirgemem ya. Verebilece\u011fim \u015fey, \u00e7ok mu? Hepi topu bir teselli.\u201dTanzimat D\u00f6nemi\u2019nin en \u00f6nemli yazarlar\u0131ndan biri olan \u015einasi\u2019nin Terc\u00fcman-\u0131 Ahval gazetesinde tefrika edilen \u015eair Evlenmesi oyunu, T\u00fcrk edebiyat\u0131n\u0131n Bat\u0131l\u0131 tarzdaki ilk tiyatro oyunu kabul edilmektedir. \u015einasi, t\u00f6re komedisi niteli\u011fi ta\u015f\u0131yan bu eserinde g\u00f6r\u00fcc\u00fc usul\u00fc evlenmenin sak\u0131ncalar\u0131na de\u011finir.Alafranga tutumu ve giyimi sebebiyle mahalleliler taraf\u0131ndan ho\u015f kar\u015f\u0131lanmayan M\u00fc\u015ftak Bey, yoksul fakat e\u011fitimli bir \u015fairdir. Her ne kadar g\u00f6nl\u00fcn\u00fc Kumru Han\u0131m\u2019a kapt\u0131rm\u0131\u015f olsa da mahallelinin entrikalar\u0131 sebebiyle Sakine Han\u0131m\u2019la evlenmeye mecbur kal\u0131r. M\u00fc\u015ftak Bey\u2019i bu zor durumdan kurtaracak ki\u015fi ise arkada\u015f\u0131 Hikmet Efendi\u2019dir.Anadolu gelene\u011fini Bat\u0131l\u0131 tarz ile ustal\u0131kla harmanlayan bu eserle \u015einasi, hem Anadolu \u00e2detlerine h\u00e2kim oldu\u011funu kan\u0131tlam\u0131\u015f hem de T\u00fcrk tiyatrosunda yeni bir bi\u00e7imin \u00f6n\u00fcn\u00fc a\u00e7m\u0131\u015ft\u0131r.<\/p>\n","protected":false},"excerpt":{"rendered":"<p>\u201c\u015eimdi benim Kumrucu\u011fum kafese girecek ha! Ah, bir kere kanad\u0131n\u0131n alt\u0131na girebileydim! Fakat insan k\u0131sm\u0131n\u0131n yedi\u011fi bir yem var ya, ad\u0131na para derler. E\u011fer ondan isteyecek<span class=\"excerpt-hellip\"> [\u2026]<\/span><\/p>\n","protected":false},"featured_media":0,"template":"","meta":{"_monsterinsights_skip_tracking":false,"_monsterinsights_sitenote_active":false,"_monsterinsights_sitenote_note":"","_monsterinsights_sitenote_category":0},"product_brand":[],"product_cat":[12291,14272],"product_tag":[],"class_list":{"0":"post-742937","1":"product","2":"type-product","3":"status-publish","5":"product_cat-edebiyat","6":"product_cat-tiyatro","7":"pa_cilt-ciltsiz","8":"pa_tur-kitap","9":"pa_yayinevi-ithaki-yayinlari","10":"pa_yazar-sinasi","12":"first","13":"instock","14":"sale","15":"shipping-taxable","16":"purchasable","17":"product-type-simple"},"_links":{"self":[{"href":"https:\/\/roveyayinevi.com.tr\/index.php\/wp-json\/wp\/v2\/product\/742937","targetHints":{"allow":["GET"]}}],"collection":[{"href":"https:\/\/roveyayinevi.com.tr\/index.php\/wp-json\/wp\/v2\/product"}],"about":[{"href":"https:\/\/roveyayinevi.com.tr\/index.php\/wp-json\/wp\/v2\/types\/product"}],"wp:attachment":[{"href":"https:\/\/roveyayinevi.com.tr\/index.php\/wp-json\/wp\/v2\/media?parent=742937"}],"wp:term":[{"taxonomy":"product_brand","embeddable":true,"href":"https:\/\/roveyayinevi.com.tr\/index.php\/wp-json\/wp\/v2\/product_brand?post=742937"},{"taxonomy":"product_cat","embeddable":true,"href":"https:\/\/roveyayinevi.com.tr\/index.php\/wp-json\/wp\/v2\/product_cat?post=742937"},{"taxonomy":"product_tag","embeddable":true,"href":"https:\/\/roveyayinevi.com.tr\/index.php\/wp-json\/wp\/v2\/product_tag?post=742937"}],"curies":[{"name":"wp","href":"https:\/\/api.w.org\/{rel}","templated":true}]}}