{"id":742936,"date":"2025-08-28T01:23:51","date_gmt":"2025-08-27T22:23:51","guid":{"rendered":"https:\/\/roveyayinevi.com.tr\/index.php\/urun\/monte-cristo-kontu-2-cilt\/"},"modified":"2026-04-16T02:53:58","modified_gmt":"2026-04-15T23:53:58","slug":"monte-cristo-kontu-2-cilt","status":"publish","type":"product","link":"https:\/\/roveyayinevi.com.tr\/index.php\/urun\/monte-cristo-kontu-2-cilt\/","title":{"rendered":"Monte Cristo Kontu -(2 Cilt)"},"content":{"rendered":"<p>\u201cAlexandre Dumas medeniyeti ye\u015fertenlerdendir; kimbilir nas\u0131l ne\u015feli ve kuvvetli bir berrakl\u0131kla zihinleri ar\u0131nd\u0131r\u0131p geli\u015ftirir; ruhu ve zihni, zek\u00e2y\u0131 bereketlendirir; okuma arzusu yarat\u0131r insanda.\u201d\u2014Victor Hugo, Dumas\u2019n\u0131n o\u011fluna yazd\u0131\u011f\u0131 taziye mektubundan28 A\u011fustos 1844 tarihinden 15 Ocak 1846\u2019ya kadar on sekiz par\u00e7a h\u00e2linde Journal des D\u00e9bats\u2019da tefrika edilen ve yay\u0131mland\u0131\u011f\u0131 d\u00f6nemde de Avrupa\u2019da kimsenin dilinden d\u00fc\u015f\u00fcrmedi\u011fi bir fenomene d\u00f6n\u00fc\u015fen, Alexandre Dumas\u2019n\u0131n ya\u015fanm\u0131\u015f bir hadiseden yola \u00e7\u0131karak kaleme ald\u0131\u011f\u0131 Monte Cristo Kontu, Frans\u0131z edebiyat\u0131n\u0131n en nadide m\u00fccevherlerinden biri.Edmond Dant\u00e8s evlenece\u011fi g\u00fcn Marsilya\u2019da uydurma bir su\u00e7tan tutuklan\u0131r ve m\u00fcebbet hapse mahk\u00fbm edildi\u011fi, deniz ortas\u0131nda ka\u00e7man\u0131n imk\u00e2ns\u0131z oldu\u011fu If \u015eatosu\u2019na g\u00f6nderilir. Dant\u00e8s burada tan\u0131\u015f\u0131p yak\u0131nl\u0131k kurdu\u011fu bir di\u011fer mahk\u00fbmun yard\u0131mlar\u0131yla \u00f6nce \u015fatodan ka\u00e7acak, sonra Monte Cristo Adas\u0131\u2019nda elde edece\u011fi muazzam zenginlikle yepyeni bir kimlik yarat\u0131p onu kumpasa d\u00fc\u015f\u00fcren herkesin hayat\u0131n\u0131 zindan edecektir.Monte Cristo Kontu, d\u00fcnya edebiyat\u0131nda intikam temas\u0131yla \u00f6zde\u015fle\u015fmi\u015f g\u00f6rkemli bir ser\u00fcven.<\/p>\n","protected":false},"excerpt":{"rendered":"<p>\u201cAlexandre Dumas medeniyeti ye\u015fertenlerdendir; kimbilir nas\u0131l ne\u015feli ve kuvvetli bir berrakl\u0131kla zihinleri ar\u0131nd\u0131r\u0131p geli\u015ftirir; ruhu ve zihni, zek\u00e2y\u0131 bereketlendirir; okuma arzusu yarat\u0131r insanda.\u201d\u2014Victor Hugo, Dumas\u2019n\u0131n o\u011fluna<span class=\"excerpt-hellip\"> [\u2026]<\/span><\/p>\n","protected":false},"featured_media":0,"template":"","meta":{"_monsterinsights_skip_tracking":false,"_monsterinsights_sitenote_active":false,"_monsterinsights_sitenote_note":"","_monsterinsights_sitenote_category":0},"product_brand":[],"product_cat":[12291,12711],"product_tag":[],"class_list":{"0":"post-742936","1":"product","2":"type-product","3":"status-publish","5":"product_cat-edebiyat","6":"product_cat-roman-oyku","7":"pa_cilt-ciltsiz","8":"pa_tur-kitap","9":"pa_yayinevi-ithaki-yayinlari","10":"pa_yazar-alexandre-dumas","12":"first","13":"instock","14":"sale","15":"shipping-taxable","16":"purchasable","17":"product-type-simple"},"_links":{"self":[{"href":"https:\/\/roveyayinevi.com.tr\/index.php\/wp-json\/wp\/v2\/product\/742936","targetHints":{"allow":["GET"]}}],"collection":[{"href":"https:\/\/roveyayinevi.com.tr\/index.php\/wp-json\/wp\/v2\/product"}],"about":[{"href":"https:\/\/roveyayinevi.com.tr\/index.php\/wp-json\/wp\/v2\/types\/product"}],"wp:attachment":[{"href":"https:\/\/roveyayinevi.com.tr\/index.php\/wp-json\/wp\/v2\/media?parent=742936"}],"wp:term":[{"taxonomy":"product_brand","embeddable":true,"href":"https:\/\/roveyayinevi.com.tr\/index.php\/wp-json\/wp\/v2\/product_brand?post=742936"},{"taxonomy":"product_cat","embeddable":true,"href":"https:\/\/roveyayinevi.com.tr\/index.php\/wp-json\/wp\/v2\/product_cat?post=742936"},{"taxonomy":"product_tag","embeddable":true,"href":"https:\/\/roveyayinevi.com.tr\/index.php\/wp-json\/wp\/v2\/product_tag?post=742936"}],"curies":[{"name":"wp","href":"https:\/\/api.w.org\/{rel}","templated":true}]}}