{"id":742926,"date":"2025-08-28T01:23:36","date_gmt":"2025-08-27T22:23:36","guid":{"rendered":"https:\/\/roveyayinevi.com.tr\/index.php\/urun\/mental-aritmatik-toplama-cikarma-alistirmalari\/"},"modified":"2026-04-16T02:53:57","modified_gmt":"2026-04-15T23:53:57","slug":"mental-aritmatik-toplama-cikarma-alistirmalari","status":"publish","type":"product","link":"https:\/\/roveyayinevi.com.tr\/index.php\/urun\/mental-aritmatik-toplama-cikarma-alistirmalari\/","title":{"rendered":"Mental Aritmatik Toplama \u00c7\u0131karma Al\u0131\u015ft\u0131rmalar\u0131"},"content":{"rendered":"<p>Mental aritmetikte ustala\u015fman\u0131n en e\u011flenceli yolu! Say\u0131 becerilerini geli\u015ftirmek i\u00e7in al\u0131\u015ft\u0131rmalardaki bo\u015fluklar\u0131 doldurman yeterli!   SAYI ALI\u015eTIRMALARIYLA, MATEMAT\u0130KTE HIZ VE \u00d6Z G\u00dcVEN KAZANACAKSIN. <\/p>\n","protected":false},"excerpt":{"rendered":"<p>Mental aritmetikte ustala\u015fman\u0131n en e\u011flenceli yolu! Say\u0131 becerilerini geli\u015ftirmek i\u00e7in al\u0131\u015ft\u0131rmalardaki bo\u015fluklar\u0131 doldurman yeterli! SAYI ALI\u015eTIRMALARIYLA, MATEMAT\u0130KTE HIZ VE \u00d6Z G\u00dcVEN KAZANACAKSIN.<\/p>\n","protected":false},"featured_media":0,"template":"","meta":{"_monsterinsights_skip_tracking":false,"_monsterinsights_sitenote_active":false,"_monsterinsights_sitenote_note":"","_monsterinsights_sitenote_category":0},"product_brand":[],"product_cat":[12274,15842],"product_tag":[],"class_list":{"0":"post-742926","1":"product","2":"type-product","3":"status-publish","5":"product_cat-cocuk-ve-genclik-kitaplari","6":"product_cat-egitici-kitaplar","7":"pa_cilt-ciltsiz","8":"pa_tur-kitap","9":"pa_yayinevi-dogan-cocuk","10":"pa_yazar-kolektif","12":"first","13":"instock","14":"sale","15":"shipping-taxable","16":"purchasable","17":"product-type-simple"},"_links":{"self":[{"href":"https:\/\/roveyayinevi.com.tr\/index.php\/wp-json\/wp\/v2\/product\/742926","targetHints":{"allow":["GET"]}}],"collection":[{"href":"https:\/\/roveyayinevi.com.tr\/index.php\/wp-json\/wp\/v2\/product"}],"about":[{"href":"https:\/\/roveyayinevi.com.tr\/index.php\/wp-json\/wp\/v2\/types\/product"}],"wp:attachment":[{"href":"https:\/\/roveyayinevi.com.tr\/index.php\/wp-json\/wp\/v2\/media?parent=742926"}],"wp:term":[{"taxonomy":"product_brand","embeddable":true,"href":"https:\/\/roveyayinevi.com.tr\/index.php\/wp-json\/wp\/v2\/product_brand?post=742926"},{"taxonomy":"product_cat","embeddable":true,"href":"https:\/\/roveyayinevi.com.tr\/index.php\/wp-json\/wp\/v2\/product_cat?post=742926"},{"taxonomy":"product_tag","embeddable":true,"href":"https:\/\/roveyayinevi.com.tr\/index.php\/wp-json\/wp\/v2\/product_tag?post=742926"}],"curies":[{"name":"wp","href":"https:\/\/api.w.org\/{rel}","templated":true}]}}