{"id":742915,"date":"2025-08-28T01:23:24","date_gmt":"2025-08-27T22:23:24","guid":{"rendered":"https:\/\/roveyayinevi.com.tr\/index.php\/urun\/turkiyede-genclik-arastirmalari-temalar-yonelimler-ve-yaklasimlar\/"},"modified":"2026-04-16T02:53:57","modified_gmt":"2026-04-15T23:53:57","slug":"turkiyede-genclik-arastirmalari-temalar-yonelimler-ve-yaklasimlar","status":"publish","type":"product","link":"https:\/\/roveyayinevi.com.tr\/index.php\/urun\/turkiyede-genclik-arastirmalari-temalar-yonelimler-ve-yaklasimlar\/","title":{"rendered":"T\u00fcrkiye\u2019de Gen\u00e7lik Ara\u015ft\u0131rmalar\u0131: Temalar, Y\u00f6nelimler ve Yakla\u015f\u0131mlar"},"content":{"rendered":"<p>T\u00fcrkiye\u2019de Gen\u00e7lik Ara\u015ft\u0131rmalar\u0131 : Temalar, Y\u00f6nelimler ve Yakla\u015f\u0131mlar, yak\u0131n d\u00f6nem T\u00fcrkiye tarihine \u0131\u015f\u0131k tutan, yeni ku\u015faklar\u0131n e\u011filimlerinin izini s\u00fcren bir kitap. T\u00fckiye\u2019de gen\u00e7lik son zamanlarda daha fazla g\u00fcndeme gelmeye ba\u015flad\u0131. \u00d6zellikle gen\u00e7lerin siyasi e\u011filimleri ve olas\u0131 bir se\u00e7imde hangi partileri destekleyecekleri, g\u00fcn\u00fcm\u00fcz gen\u00e7lerinin i\u00e7inde yer ald\u0131\u011f\u0131 varsay\u0131lan \u2018\u2018Z ku\u015fa\u011f\u0131\u2019n\u0131n\u2019\u2019 \u00f6zellikleri ve gen\u00e7lerin yurtd\u0131\u015f\u0131na gitmeyi tercih etmeleri s\u0131k\u00e7a tart\u0131\u015f\u0131l\u0131yor. Gen\u00e7li\u011fin tart\u0131\u015f\u0131lmas\u0131 gen\u00e7lerin daha fazla dikkate al\u0131nmas\u0131na imkan verdi\u011fi m\u00fcddet\u00e7e \u00f6nemli bir geli\u015fme. Ancak, gen\u00e7li\u011fin kamuoyunda g\u00fcndeme getirili\u015finde baz\u0131 temel eksiklikler hemen dikkat \u00e7ekiyor. Y\u0131ld\u0131r\u0131m \u015eent\u00fcrk, Ay\u015fe Berna U\u00e7arol ve Abdullah Ezik taraf\u0131ndan yay\u0131na haz\u0131rlanan bu eserin her bir b\u00f6l\u00fcm\u00fcnde alan\u0131nda uzun y\u0131llard\u0131r \u00e7al\u0131\u015fma y\u00fcr\u00fcten ara\u015ft\u0131rmac\u0131, akademisyen ve yazarlar\u0131n metinleri gen\u00e7lik \u00fczerine ihmal edilen meseleleri yeniden tart\u0131\u015fmaya a\u00e7\u0131yor.<\/p>\n","protected":false},"excerpt":{"rendered":"<p>T\u00fcrkiye\u2019de Gen\u00e7lik Ara\u015ft\u0131rmalar\u0131 : Temalar, Y\u00f6nelimler ve Yakla\u015f\u0131mlar, yak\u0131n d\u00f6nem T\u00fcrkiye tarihine \u0131\u015f\u0131k tutan, yeni ku\u015faklar\u0131n e\u011filimlerinin izini s\u00fcren bir kitap. T\u00fckiye\u2019de gen\u00e7lik son zamanlarda daha<span class=\"excerpt-hellip\"> [\u2026]<\/span><\/p>\n","protected":false},"featured_media":0,"template":"","meta":{"_monsterinsights_skip_tracking":false,"_monsterinsights_sitenote_active":false,"_monsterinsights_sitenote_note":"","_monsterinsights_sitenote_category":0},"product_brand":[],"product_cat":[12325,12324],"product_tag":[],"class_list":{"0":"post-742915","1":"product","2":"type-product","3":"status-publish","5":"product_cat-diger-sosyoloji","6":"product_cat-sosyoloji","7":"pa_cilt-ciltsiz","8":"pa_tur-kitap","9":"pa_yayinevi-heretik-yayincilik","10":"pa_yazar-heretik-kolektif","12":"first","13":"instock","14":"sale","15":"shipping-taxable","16":"purchasable","17":"product-type-simple"},"_links":{"self":[{"href":"https:\/\/roveyayinevi.com.tr\/index.php\/wp-json\/wp\/v2\/product\/742915","targetHints":{"allow":["GET"]}}],"collection":[{"href":"https:\/\/roveyayinevi.com.tr\/index.php\/wp-json\/wp\/v2\/product"}],"about":[{"href":"https:\/\/roveyayinevi.com.tr\/index.php\/wp-json\/wp\/v2\/types\/product"}],"wp:attachment":[{"href":"https:\/\/roveyayinevi.com.tr\/index.php\/wp-json\/wp\/v2\/media?parent=742915"}],"wp:term":[{"taxonomy":"product_brand","embeddable":true,"href":"https:\/\/roveyayinevi.com.tr\/index.php\/wp-json\/wp\/v2\/product_brand?post=742915"},{"taxonomy":"product_cat","embeddable":true,"href":"https:\/\/roveyayinevi.com.tr\/index.php\/wp-json\/wp\/v2\/product_cat?post=742915"},{"taxonomy":"product_tag","embeddable":true,"href":"https:\/\/roveyayinevi.com.tr\/index.php\/wp-json\/wp\/v2\/product_tag?post=742915"}],"curies":[{"name":"wp","href":"https:\/\/api.w.org\/{rel}","templated":true}]}}