{"id":742908,"date":"2025-08-28T01:23:17","date_gmt":"2025-08-27T22:23:17","guid":{"rendered":"https:\/\/roveyayinevi.com.tr\/index.php\/urun\/turkiye-ihracatinda-urun-ve-ulke-cesitlemesinin-sosyo-ekonomik-belirleyicileri\/"},"modified":"2026-04-16T02:53:57","modified_gmt":"2026-04-15T23:53:57","slug":"turkiye-ihracatinda-urun-ve-ulke-cesitlemesinin-sosyo-ekonomik-belirleyicileri","status":"publish","type":"product","link":"https:\/\/roveyayinevi.com.tr\/index.php\/urun\/turkiye-ihracatinda-urun-ve-ulke-cesitlemesinin-sosyo-ekonomik-belirleyicileri\/","title":{"rendered":"T\u00fcrkiye \u0130hracat\u0131nda \u00dcr\u00fcn ve \u00dclke \u00c7e\u015fitlemesinin Sosyo-Ekonomik Belirleyicileri"},"content":{"rendered":"<p>\u0130\u00e7indekiler   B\u0130R\u0130NC\u0130 B\u00d6L\u00dcM \u00c7E\u015e\u0130TLEME VE TEOR\u0130K ALTYAPISI   \u0130K\u0130NC\u0130 B\u00d6L\u00dcM \u0130HRACAT \u00c7E\u015e\u0130TLEMES\u0130N\u0130N BEL\u0130RLEY\u0130C\u0130LER\u0130   \u00dc\u00c7\u00dcNC\u00dc B\u00d6L\u00dcM T\u00dcRK\u0130YE\u2019DE \u0130HRACAT \u00c7E\u015e\u0130TLEMES\u0130N\u0130N BEL\u0130RLEY\u0130C\u0130LER\u0130 <\/p>\n","protected":false},"excerpt":{"rendered":"<p>\u0130\u00e7indekiler B\u0130R\u0130NC\u0130 B\u00d6L\u00dcM \u00c7E\u015e\u0130TLEME VE TEOR\u0130K ALTYAPISI \u0130K\u0130NC\u0130 B\u00d6L\u00dcM \u0130HRACAT \u00c7E\u015e\u0130TLEMES\u0130N\u0130N BEL\u0130RLEY\u0130C\u0130LER\u0130 \u00dc\u00c7\u00dcNC\u00dc B\u00d6L\u00dcM T\u00dcRK\u0130YE\u2019DE \u0130HRACAT \u00c7E\u015e\u0130TLEMES\u0130N\u0130N BEL\u0130RLEY\u0130C\u0130LER\u0130<\/p>\n","protected":false},"featured_media":0,"template":"","meta":{"_monsterinsights_skip_tracking":false,"_monsterinsights_sitenote_active":false,"_monsterinsights_sitenote_note":"","_monsterinsights_sitenote_category":0},"product_brand":[],"product_cat":[13043,14144],"product_tag":[],"class_list":{"0":"post-742908","1":"product","2":"type-product","3":"status-publish","5":"product_cat-ekonomi","6":"product_cat-turkiye-ekonomisi","7":"pa_cilt-ciltsiz","8":"pa_tur-kitap","9":"pa_yayinevi-gazi-kitabevi","10":"pa_yazar-dr-adem-turkmen","12":"first","13":"instock","14":"sale","15":"shipping-taxable","16":"purchasable","17":"product-type-simple"},"_links":{"self":[{"href":"https:\/\/roveyayinevi.com.tr\/index.php\/wp-json\/wp\/v2\/product\/742908","targetHints":{"allow":["GET"]}}],"collection":[{"href":"https:\/\/roveyayinevi.com.tr\/index.php\/wp-json\/wp\/v2\/product"}],"about":[{"href":"https:\/\/roveyayinevi.com.tr\/index.php\/wp-json\/wp\/v2\/types\/product"}],"wp:attachment":[{"href":"https:\/\/roveyayinevi.com.tr\/index.php\/wp-json\/wp\/v2\/media?parent=742908"}],"wp:term":[{"taxonomy":"product_brand","embeddable":true,"href":"https:\/\/roveyayinevi.com.tr\/index.php\/wp-json\/wp\/v2\/product_brand?post=742908"},{"taxonomy":"product_cat","embeddable":true,"href":"https:\/\/roveyayinevi.com.tr\/index.php\/wp-json\/wp\/v2\/product_cat?post=742908"},{"taxonomy":"product_tag","embeddable":true,"href":"https:\/\/roveyayinevi.com.tr\/index.php\/wp-json\/wp\/v2\/product_tag?post=742908"}],"curies":[{"name":"wp","href":"https:\/\/api.w.org\/{rel}","templated":true}]}}

Türkiye İhracatında Ürün ve Ülke Çeşitlemesinin Sosyo-Ekonomik Belirleyicileri

<p>İçindekiler   BİRİNCİ BÖLÜM ÇEŞİTLEME VE TEORİK ALTYAPISI   İKİNCİ BÖLÜM İHRACAT ÇEŞİTLEMESİNİN BELİRLEYİCİLERİ   ÜÇÜNCÜ BÖLÜM TÜRKİYE’DE İHRACAT ÇEŞİTLEMESİNİN BELİRLEYİCİLERİ </p>

<p>İçindekiler BİRİNCİ BÖLÜM ÇEŞİTLEME VE TEORİK ALTYAPISI İKİNCİ BÖLÜM İHRACAT ÇEŞİTLEMESİNİN BELİRLEYİCİLERİ ÜÇÜNCÜ BÖLÜM TÜRKİYE’DE İHRACAT ÇEŞİTLEMESİNİN BELİRLEYİCİLERİ</p>
