{"id":742902,"date":"2025-08-28T01:23:09","date_gmt":"2025-08-27T22:23:09","guid":{"rendered":"https:\/\/roveyayinevi.com.tr\/index.php\/urun\/ben-kucukken\/"},"modified":"2026-04-12T02:58:36","modified_gmt":"2026-04-11T23:58:36","slug":"ben-kucukken","status":"publish","type":"product","link":"https:\/\/roveyayinevi.com.tr\/index.php\/urun\/ben-kucukken\/","title":{"rendered":"Ben K\u00fc\u00e7\u00fckken"},"content":{"rendered":"<p>Bu kitab\u0131 yazarken en \u00e7ok esinlendi\u011fim sebep \u015fu an sosyal medyada yaz\u0131lan bir \u00e7ok yaz\u0131da eskiye duyulan \u00f6zlemdir. \u0130leri ya\u015flardaki insanlar\u0131n nostaljik bir olaya \u015fahit olduklar\u0131nda y\u00fczlerdeki g\u00f6r\u00fclen tebess\u00fcmd\u00fcr. \u0130nsanlar her f\u0131rsatta eskiyi anlat\u0131r ve \u00f6zlediklerini dile getirirler. Bunu da en \u00e7ok eski t\u00fcrk filmlerinde bu filmlerde s\u0131k s\u0131k kar\u015f\u0131la\u015ft\u0131\u011f\u0131m\u0131z \u015fark\u0131larda fark ederiz. Hatta \u00f6yle ki; benim \u00e7ocukluk ve gen\u00e7lik y\u0131llar\u0131mda arabesk m\u00fczi\u011fi TRT\u2019de yasakt\u0131. Bir t\u00fcrl\u00fc TRT\u2019den onay alamazd\u0131. Sadece filmlerde birde y\u0131lba\u015f\u0131 \u00f6zel programlar\u0131nda. Bununla birlikte gen\u00e7lerin bir k\u0131sm\u0131 hari\u00e7 insanlarda arabesk m\u00fczi\u011fini itici ve gereksiz bulurdu. Bu m\u00fczi\u011fin insanlar\u0131 isyana ve bo\u015fvermi\u015fli\u011fe itece\u011fi konu\u015fulurdu. Fakat \u015fimdi eski filmler ekranda izlendi\u011finde o m\u00fczikleri dinlerken insanlar\u0131n tatl\u0131 bir tebess\u00fcmle g\u00fcl\u00fcmsedi\u011fini hepimiz g\u00f6rm\u00fc\u015f\u00fczd\u00fcr. Eskiler genellikle g\u00fczel hat\u0131rlan\u0131r ve \u00f6zlenir&#8230; Okurken hat\u0131rlaman\u0131z ve zevk alman\u0131z temennilerimle.<\/p>\n","protected":false},"excerpt":{"rendered":"<p>Bu kitab\u0131 yazarken en \u00e7ok esinlendi\u011fim sebep \u015fu an sosyal medyada yaz\u0131lan bir \u00e7ok yaz\u0131da eskiye duyulan \u00f6zlemdir. \u0130leri ya\u015flardaki insanlar\u0131n nostaljik bir olaya \u015fahit olduklar\u0131nda<span class=\"excerpt-hellip\"> [\u2026]<\/span><\/p>\n","protected":false},"featured_media":0,"template":"","meta":{"_monsterinsights_skip_tracking":false,"_monsterinsights_sitenote_active":false,"_monsterinsights_sitenote_note":"","_monsterinsights_sitenote_category":0},"product_brand":[],"product_cat":[14009,12291],"product_tag":[],"class_list":{"0":"post-742902","1":"product","2":"type-product","3":"status-publish","5":"product_cat-biyografi-otobiyografi-edebiyat","6":"product_cat-edebiyat","7":"pa_cilt-ciltsiz","8":"pa_tur-kitap","9":"pa_yayinevi-platanus-publishing","10":"pa_yazar-ahmet-aksoy","12":"first","13":"instock","14":"sale","15":"shipping-taxable","16":"purchasable","17":"product-type-simple"},"_links":{"self":[{"href":"https:\/\/roveyayinevi.com.tr\/index.php\/wp-json\/wp\/v2\/product\/742902","targetHints":{"allow":["GET"]}}],"collection":[{"href":"https:\/\/roveyayinevi.com.tr\/index.php\/wp-json\/wp\/v2\/product"}],"about":[{"href":"https:\/\/roveyayinevi.com.tr\/index.php\/wp-json\/wp\/v2\/types\/product"}],"wp:attachment":[{"href":"https:\/\/roveyayinevi.com.tr\/index.php\/wp-json\/wp\/v2\/media?parent=742902"}],"wp:term":[{"taxonomy":"product_brand","embeddable":true,"href":"https:\/\/roveyayinevi.com.tr\/index.php\/wp-json\/wp\/v2\/product_brand?post=742902"},{"taxonomy":"product_cat","embeddable":true,"href":"https:\/\/roveyayinevi.com.tr\/index.php\/wp-json\/wp\/v2\/product_cat?post=742902"},{"taxonomy":"product_tag","embeddable":true,"href":"https:\/\/roveyayinevi.com.tr\/index.php\/wp-json\/wp\/v2\/product_tag?post=742902"}],"curies":[{"name":"wp","href":"https:\/\/api.w.org\/{rel}","templated":true}]}}