{"id":742900,"date":"2025-08-28T01:23:07","date_gmt":"2025-08-27T22:23:07","guid":{"rendered":"https:\/\/roveyayinevi.com.tr\/index.php\/urun\/dokunuver-hayata-bir\/"},"modified":"2026-04-16T02:53:57","modified_gmt":"2026-04-15T23:53:57","slug":"dokunuver-hayata-bir","status":"publish","type":"product","link":"https:\/\/roveyayinevi.com.tr\/index.php\/urun\/dokunuver-hayata-bir\/","title":{"rendered":"Dokunuver Hayata Bir"},"content":{"rendered":"<p>Ya\u015famak m\u00fccadele gerektirir.Ya\u015famak i\u00e7in m\u00fccadele etmek, kaderi de\u011fi\u015ftirmek gerekir. Bazen kaderi zorlamak, istedi\u011fi yolda y\u00fcr\u00fcmekyerine, kaderi yolunuza sokmak, de\u011fi\u015ftirmek gerekir. Hayat uzun bir yoldur. Uzun yollar genelde yorucu,engebeli olur ama her engel a\u015f\u0131ld\u0131k\u00e7a biraz daha umutlan\u0131r, heyecanlan\u0131r insan.Kad\u0131nlar \u00f6zel varl\u0131klar; m\u00fccadeleci, sakin, sab\u0131rl\u0131, ak\u0131ll\u0131, g\u00fc\u00e7l\u00fc, merhametli, vicdanl\u0131, sevgi dolular. Belkibu sebeple y\u00fckleri de daha a\u011f\u0131r. Ama kad\u0131nlar kadere teslim olmayacak, kaderi de\u011fi\u015ftirecek kadar da g\u00fc\u00e7l\u00fcd\u00fcr.G\u00fc\u00e7l\u00fc kad\u0131n; g\u00fczel d\u00fcnya demektir.Elife Kaya \u201cF\u0131nd\u0131kl\u0131 Kahve\u201d kitab\u0131ndan sonra \u201cDokunuver HayataBir\u201d ve \u201cDokunuver Hayata \u0130ki\u201d isimli eserlerini kaleme alm\u0131\u015ft\u0131r.\u201d<\/p>\n","protected":false},"excerpt":{"rendered":"<p>Ya\u015famak m\u00fccadele gerektirir.Ya\u015famak i\u00e7in m\u00fccadele etmek, kaderi de\u011fi\u015ftirmek gerekir. Bazen kaderi zorlamak, istedi\u011fi yolda y\u00fcr\u00fcmekyerine, kaderi yolunuza sokmak, de\u011fi\u015ftirmek gerekir. Hayat uzun bir yoldur. Uzun yollar<span class=\"excerpt-hellip\"> [\u2026]<\/span><\/p>\n","protected":false},"featured_media":0,"template":"","meta":{"_monsterinsights_skip_tracking":false,"_monsterinsights_sitenote_active":false,"_monsterinsights_sitenote_note":"","_monsterinsights_sitenote_category":0},"product_brand":[],"product_cat":[14009,12291],"product_tag":[],"class_list":{"0":"post-742900","1":"product","2":"type-product","3":"status-publish","5":"product_cat-biyografi-otobiyografi-edebiyat","6":"product_cat-edebiyat","7":"pa_cilt-ciltsiz","8":"pa_tur-kitap","9":"pa_yayinevi-platanus-publishing","10":"pa_yazar-elife-kaya","12":"first","13":"instock","14":"sale","15":"shipping-taxable","16":"purchasable","17":"product-type-simple"},"_links":{"self":[{"href":"https:\/\/roveyayinevi.com.tr\/index.php\/wp-json\/wp\/v2\/product\/742900","targetHints":{"allow":["GET"]}}],"collection":[{"href":"https:\/\/roveyayinevi.com.tr\/index.php\/wp-json\/wp\/v2\/product"}],"about":[{"href":"https:\/\/roveyayinevi.com.tr\/index.php\/wp-json\/wp\/v2\/types\/product"}],"wp:attachment":[{"href":"https:\/\/roveyayinevi.com.tr\/index.php\/wp-json\/wp\/v2\/media?parent=742900"}],"wp:term":[{"taxonomy":"product_brand","embeddable":true,"href":"https:\/\/roveyayinevi.com.tr\/index.php\/wp-json\/wp\/v2\/product_brand?post=742900"},{"taxonomy":"product_cat","embeddable":true,"href":"https:\/\/roveyayinevi.com.tr\/index.php\/wp-json\/wp\/v2\/product_cat?post=742900"},{"taxonomy":"product_tag","embeddable":true,"href":"https:\/\/roveyayinevi.com.tr\/index.php\/wp-json\/wp\/v2\/product_tag?post=742900"}],"curies":[{"name":"wp","href":"https:\/\/api.w.org\/{rel}","templated":true}]}}