{"id":742892,"date":"2025-08-28T01:22:55","date_gmt":"2025-08-27T22:22:55","guid":{"rendered":"https:\/\/roveyayinevi.com.tr\/index.php\/urun\/isanin-olumu\/"},"modified":"2026-04-16T02:53:56","modified_gmt":"2026-04-15T23:53:56","slug":"isanin-olumu","status":"publish","type":"product","link":"https:\/\/roveyayinevi.com.tr\/index.php\/urun\/isanin-olumu\/","title":{"rendered":"\u0130sa&#8217;n\u0131n \u00d6l\u00fcm\u00fc"},"content":{"rendered":"<p>Estrella\u2019da ya\u015fayan David on ya\u015flar\u0131nda, uzun boylu, yap\u0131l\u0131 bir gen\u00e7 olma yolundad\u0131r; en b\u00fcy\u00fck merak\u0131ysa arkada\u015flar\u0131yla birlikte futbol oynamakt\u0131r. Babas\u0131 Sim\u00f3n onun ma\u00e7lar\u0131n\u0131 seyredip geli\u015fimine tan\u0131k olurken annesi In\u00e9s ise bir butikte \u00e7al\u0131\u015f\u0131r.  Merakl\u0131 David en temel ger\u00e7ekleri irdeleyen sorular\u0131yla anne babas\u0131n\u0131 ve otorite fig\u00fcrlerini sarsmaya devam eder. M\u00fczik Akademisi\u2019ndeki e\u011fitiminde ise son derece ba\u015f\u0131na buyruk bir tutum sergiler.   Bir g\u00fcn yak\u0131nlardaki yetimhanenin y\u00f6neticisi Julio Fabricante, David\u2019e kuracaklar\u0131 yeni bir futbol tak\u0131m\u0131nda oynamay\u0131 teklif eder. David ailesini terk edip Julio\u2019yla ya\u015famaya karar verir. Bunu izleyen beklenmedik geli\u015fmelerle aile daha da derinden sars\u0131lacakt\u0131r.   J.M. Coetzee\u2019nin tarihten, bellekten yoksun olmas\u0131na kar\u015f\u0131n soru i\u015faretleriyle dolu bir d\u00fcnyay\u0131 irdeledi\u011fi benzersiz \u201c\u0130sa \u00dc\u00e7lemesi\u201d, \u0130sa\u2019n\u0131n \u00d6l\u00fcm\u00fc\u2019yle tamamlan\u0131yor.   \u201c\u0130sa\u2019n\u0131n \u00d6l\u00fcm\u00fc, yak\u0131n d\u00f6nemde kurmaca alan\u0131ndaki en ilgi \u00e7ekici ve en yanl\u0131\u015f anla\u015f\u0131lan giri\u015fimlerden biri olan \u00fc\u00e7lemenin son kitab\u0131\u2026 Kariyerlerinin son d\u00f6nemindeki di\u011fer b\u00fcy\u00fck sanat\u00e7\u0131lar gibi Coetzee de daha az didaktikle\u015firken ustala\u015ft\u0131, yan\u0131t vermektense soru sormay\u0131 se\u00e7ti. O sorular ki en kadim ve b\u00fcy\u00fckleri, kutsall\u0131k ve adalet, ebeveynlik ve \u00f6l\u00fcmden sonraki ya\u015famla ilgili olanlar. Gelgelelim bu ille de a\u015f\u0131r\u0131 ciddiyetle ele al\u0131nmalar\u0131 gerekti\u011fi anlam\u0131na gelmiyor.\u201d   Adam Kirsch, Tablet   <\/p>\n","protected":false},"excerpt":{"rendered":"<p>Estrella\u2019da ya\u015fayan David on ya\u015flar\u0131nda, uzun boylu, yap\u0131l\u0131 bir gen\u00e7 olma yolundad\u0131r; en b\u00fcy\u00fck merak\u0131ysa arkada\u015flar\u0131yla birlikte futbol oynamakt\u0131r. Babas\u0131 Sim\u00f3n onun ma\u00e7lar\u0131n\u0131 seyredip geli\u015fimine tan\u0131k<span class=\"excerpt-hellip\"> [\u2026]<\/span><\/p>\n","protected":false},"featured_media":0,"template":"","meta":{"_monsterinsights_skip_tracking":false,"_monsterinsights_sitenote_active":false,"_monsterinsights_sitenote_note":"","_monsterinsights_sitenote_category":0},"product_brand":[],"product_cat":[12291,12711],"product_tag":[],"class_list":{"0":"post-742892","1":"product","2":"type-product","3":"status-publish","5":"product_cat-edebiyat","6":"product_cat-roman-oyku","7":"pa_cilt-ciltsiz","8":"pa_tur-kitap","9":"pa_yayinevi-can-yayinlari","10":"pa_yazar-c-m-coetzee","12":"first","13":"instock","14":"sale","15":"shipping-taxable","16":"purchasable","17":"product-type-simple"},"_links":{"self":[{"href":"https:\/\/roveyayinevi.com.tr\/index.php\/wp-json\/wp\/v2\/product\/742892","targetHints":{"allow":["GET"]}}],"collection":[{"href":"https:\/\/roveyayinevi.com.tr\/index.php\/wp-json\/wp\/v2\/product"}],"about":[{"href":"https:\/\/roveyayinevi.com.tr\/index.php\/wp-json\/wp\/v2\/types\/product"}],"wp:attachment":[{"href":"https:\/\/roveyayinevi.com.tr\/index.php\/wp-json\/wp\/v2\/media?parent=742892"}],"wp:term":[{"taxonomy":"product_brand","embeddable":true,"href":"https:\/\/roveyayinevi.com.tr\/index.php\/wp-json\/wp\/v2\/product_brand?post=742892"},{"taxonomy":"product_cat","embeddable":true,"href":"https:\/\/roveyayinevi.com.tr\/index.php\/wp-json\/wp\/v2\/product_cat?post=742892"},{"taxonomy":"product_tag","embeddable":true,"href":"https:\/\/roveyayinevi.com.tr\/index.php\/wp-json\/wp\/v2\/product_tag?post=742892"}],"curies":[{"name":"wp","href":"https:\/\/api.w.org\/{rel}","templated":true}]}}