{"id":742890,"date":"2025-08-28T01:22:53","date_gmt":"2025-08-27T22:22:53","guid":{"rendered":"https:\/\/roveyayinevi.com.tr\/index.php\/urun\/yikici-duygular\/"},"modified":"2026-04-16T02:53:56","modified_gmt":"2026-04-15T23:53:56","slug":"yikici-duygular","status":"publish","type":"product","link":"https:\/\/roveyayinevi.com.tr\/index.php\/urun\/yikici-duygular\/","title":{"rendered":"Y\u0131k\u0131c\u0131 Duygular"},"content":{"rendered":"<p>Duygusal Zek\u00e2\u2019n\u0131n yazar\u0131 Daniel Goleman\u2019dan YIKICI DUYGULAR DALAI LAMA \u0130LE B\u0130L\u0130MSEL B\u0130R D\u0130YALOG \u00d8  D\u0131\u015far\u0131dan bak\u0131ld\u0131\u011f\u0131nda akl\u0131 ba\u015f\u0131nda ve zeki g\u00f6r\u00fcnen insanlar neden su\u00e7a ve \u015fiddete y\u00f6nelir? \u00d8  Y\u0131k\u0131c\u0131 davran\u0131\u015flar\u0131n k\u00f6kenindeki as\u0131l nedenler nelerdir? \u00d8  Bu d\u00fcrt\u00fcleri harekete ge\u00e7iren duygular\u0131 nas\u0131l kontrol edebiliriz? \u00d8  Kendimizle ve ba\u015fkalar\u0131yla bar\u0131\u015f ve huzur i\u00e7inde ya\u015famay\u0131 \u00f6\u011frenebilir miyiz?   Farz edin ki Dalai Lama\u2019n\u0131n davetlisi olarak kendi \u00f6zel kabul salonunda, d\u00fcnyaca \u00fcnl\u00fc bir grup bilim insan\u0131 ve felsefeciyle birlikte oturuyorsunuz. Bu rehber zihinler bug\u00fcn de \u00f6nemini ve aciliyetini koruyan kadim sorularla bo\u011fu\u015furken hararetli oldu\u011fu kadar b\u00fcy\u00fcleyici de olan bir diyalog ortaya \u00e7\u0131k\u0131yor\u2026 Duygusal Zek\u00e2\u2019n\u0131n \u00fcnl\u00fc yazar\u0131 Daniel Goleman, Hindistan\u2019\u0131n Dharamsala kentindeki Zihin ve Ya\u015fam Enstit\u00fcs\u00fc\u2019nde ger\u00e7ekle\u015fen e\u015fsiz bulu\u015fman\u0131n verdi\u011fi ilhamla, \u00e7\u0131\u011f\u0131r a\u00e7\u0131c\u0131 bir ara\u015ft\u0131rman\u0131n ayd\u0131nlat\u0131c\u0131 yorumlar\u0131n\u0131 ve raporlar\u0131n\u0131 payla\u015f\u0131yor bu kitapta.   Zihni ve duygular\u0131 incelemeye y\u00f6nelik iki k\u00f6kl\u00fc sistem olarak Bat\u0131 bilimi ile Buddhizm\u2019in g\u00fc\u00e7lerini birle\u015ftirdi\u011finde neler olabilece\u011finin hayranl\u0131k uyand\u0131r\u0131c\u0131 bir kayd\u0131 olan bu eserde ki\u015fisel mutsuzluklar ve ki\u015fileraras\u0131 \u00e7at\u0131\u015fmalar\u0131n kayna\u011f\u0131 olan \u00fc\u00e7 zehirle \u2013\u015fiddetli arzu, nefret, aldan\u0131\u015f\u2013 ba\u015f etmeyi, do\u011fu\u015ftan gelen hakk\u0131n\u0131z olan \u015fefkati beslemeyi ve duygusal dayan\u0131kl\u0131l\u0131\u011f\u0131n\u0131z\u0131 art\u0131rmay\u0131 \u00f6\u011freneceksiniz. <\/p>\n","protected":false},"excerpt":{"rendered":"<p>Duygusal Zek\u00e2\u2019n\u0131n yazar\u0131 Daniel Goleman\u2019dan YIKICI DUYGULAR DALAI LAMA \u0130LE B\u0130L\u0130MSEL B\u0130R D\u0130YALOG \u00d8 D\u0131\u015far\u0131dan bak\u0131ld\u0131\u011f\u0131nda akl\u0131 ba\u015f\u0131nda ve zeki g\u00f6r\u00fcnen insanlar neden su\u00e7a ve \u015fiddete<span class=\"excerpt-hellip\"> [\u2026]<\/span><\/p>\n","protected":false},"featured_media":0,"template":"","meta":{"_monsterinsights_skip_tracking":false,"_monsterinsights_sitenote_active":false,"_monsterinsights_sitenote_note":"","_monsterinsights_sitenote_category":0},"product_brand":[],"product_cat":[12364,12376],"product_tag":[],"class_list":{"0":"post-742890","1":"product","2":"type-product","3":"status-publish","5":"product_cat-genel-konular","6":"product_cat-kisisel-gelisim","7":"pa_cilt-ciltsiz","8":"pa_tur-kitap","9":"pa_yayinevi-koridor-yayincilik","10":"pa_yazar-daniel-goleman","12":"first","13":"instock","14":"sale","15":"shipping-taxable","16":"purchasable","17":"product-type-simple"},"_links":{"self":[{"href":"https:\/\/roveyayinevi.com.tr\/index.php\/wp-json\/wp\/v2\/product\/742890","targetHints":{"allow":["GET"]}}],"collection":[{"href":"https:\/\/roveyayinevi.com.tr\/index.php\/wp-json\/wp\/v2\/product"}],"about":[{"href":"https:\/\/roveyayinevi.com.tr\/index.php\/wp-json\/wp\/v2\/types\/product"}],"wp:attachment":[{"href":"https:\/\/roveyayinevi.com.tr\/index.php\/wp-json\/wp\/v2\/media?parent=742890"}],"wp:term":[{"taxonomy":"product_brand","embeddable":true,"href":"https:\/\/roveyayinevi.com.tr\/index.php\/wp-json\/wp\/v2\/product_brand?post=742890"},{"taxonomy":"product_cat","embeddable":true,"href":"https:\/\/roveyayinevi.com.tr\/index.php\/wp-json\/wp\/v2\/product_cat?post=742890"},{"taxonomy":"product_tag","embeddable":true,"href":"https:\/\/roveyayinevi.com.tr\/index.php\/wp-json\/wp\/v2\/product_tag?post=742890"}],"curies":[{"name":"wp","href":"https:\/\/api.w.org\/{rel}","templated":true}]}}