{"id":742889,"date":"2025-08-28T01:22:52","date_gmt":"2025-08-27T22:22:52","guid":{"rendered":"https:\/\/roveyayinevi.com.tr\/index.php\/urun\/yirminci-yuzyilin-kisa-tarihi\/"},"modified":"2026-04-16T02:53:56","modified_gmt":"2026-04-15T23:53:56","slug":"yirminci-yuzyilin-kisa-tarihi","status":"publish","type":"product","link":"https:\/\/roveyayinevi.com.tr\/index.php\/urun\/yirminci-yuzyilin-kisa-tarihi\/","title":{"rendered":"Yirminci Y\u00fczy\u0131l\u0131n K\u0131sa Tarihi"},"content":{"rendered":"<p>20. y\u00fczy\u0131l\u0131n tarihine ekonomik, k\u00fclt\u00fcrel ve siyasi g\u00fc\u00e7ler \u00fczerinden de\u011fil de tart\u0131\u015fmal\u0131 ve tarihe y\u00f6n vermi\u015f isimler \u00fczerinden bakmaya ne dersiniz? Stalin\u2019den Hitler\u2019e, Churchill\u2019den Roosevelt\u2019e kadar 20. y\u00fczy\u0131la damga vurmu\u015f isimler, verdikleri kararlarla pek \u00e7ok alanda etkin oldular. G\u00fcn\u00fcn sonunda insanl\u0131\u011fa b\u0131rakt\u0131klar\u0131 miras, gelece\u011fimizin nereye do\u011fru gitti\u011fine ayna tutuyor ve bug\u00fcn uluslararas\u0131 arenada ya\u015fananlara dair farkl\u0131 bak\u0131\u015f a\u00e7\u0131lar\u0131 geli\u015ftirmemizi sa\u011fl\u0131yor. John Lukacs, Yirminci Y\u00fczy\u0131l\u0131n K\u0131sa Tarihi\u2019nde kendi iddias\u0131na g\u00f6re 1914\u2019te Birinci D\u00fcnya Sava\u015f\u0131 ile ba\u015flayan ve 1989\u2019da Berlin Duvar\u0131\u2019n\u0131n y\u0131k\u0131lmas\u0131yla sona eren ve hayli \u201ck\u0131sa\u201d s\u00fcren 20. Y\u00fczy\u0131l\u0131, yaln\u0131zca Avrupa\u2019n\u0131n tarihiyle s\u0131n\u0131rland\u0131rm\u0131yor, G\u00fcney Amerika\u2019dan Uzak Do\u011fu\u2019ya t\u00fcm d\u00fcnyay\u0131 kapsayan bir bak\u0131\u015f a\u00e7\u0131s\u0131yla ele al\u0131yor. <\/p>\n","protected":false},"excerpt":{"rendered":"<p>20. y\u00fczy\u0131l\u0131n tarihine ekonomik, k\u00fclt\u00fcrel ve siyasi g\u00fc\u00e7ler \u00fczerinden de\u011fil de tart\u0131\u015fmal\u0131 ve tarihe y\u00f6n vermi\u015f isimler \u00fczerinden bakmaya ne dersiniz? Stalin\u2019den Hitler\u2019e, Churchill\u2019den Roosevelt\u2019e kadar<span class=\"excerpt-hellip\"> [\u2026]<\/span><\/p>\n","protected":false},"featured_media":0,"template":"","meta":{"_monsterinsights_skip_tracking":false,"_monsterinsights_sitenote_active":false,"_monsterinsights_sitenote_note":"","_monsterinsights_sitenote_category":0},"product_brand":[],"product_cat":[12304,14128],"product_tag":[],"class_list":{"0":"post-742889","1":"product","2":"type-product","3":"status-publish","5":"product_cat-tarih","6":"product_cat-yakin-tarih","7":"pa_cilt-ciltsiz","8":"pa_tur-kitap","9":"pa_yayinevi-ketebe-yayinlari","10":"pa_yazar-john-lukacs","12":"first","13":"instock","14":"sale","15":"shipping-taxable","16":"purchasable","17":"product-type-simple"},"_links":{"self":[{"href":"https:\/\/roveyayinevi.com.tr\/index.php\/wp-json\/wp\/v2\/product\/742889","targetHints":{"allow":["GET"]}}],"collection":[{"href":"https:\/\/roveyayinevi.com.tr\/index.php\/wp-json\/wp\/v2\/product"}],"about":[{"href":"https:\/\/roveyayinevi.com.tr\/index.php\/wp-json\/wp\/v2\/types\/product"}],"wp:attachment":[{"href":"https:\/\/roveyayinevi.com.tr\/index.php\/wp-json\/wp\/v2\/media?parent=742889"}],"wp:term":[{"taxonomy":"product_brand","embeddable":true,"href":"https:\/\/roveyayinevi.com.tr\/index.php\/wp-json\/wp\/v2\/product_brand?post=742889"},{"taxonomy":"product_cat","embeddable":true,"href":"https:\/\/roveyayinevi.com.tr\/index.php\/wp-json\/wp\/v2\/product_cat?post=742889"},{"taxonomy":"product_tag","embeddable":true,"href":"https:\/\/roveyayinevi.com.tr\/index.php\/wp-json\/wp\/v2\/product_tag?post=742889"}],"curies":[{"name":"wp","href":"https:\/\/api.w.org\/{rel}","templated":true}]}}