{"id":742873,"date":"2025-08-28T01:22:29","date_gmt":"2025-08-27T22:22:29","guid":{"rendered":"https:\/\/roveyayinevi.com.tr\/index.php\/urun\/ekolojik-mahalle-ciltli\/"},"modified":"2026-04-16T02:53:56","modified_gmt":"2026-04-15T23:53:56","slug":"ekolojik-mahalle-ciltli","status":"publish","type":"product","link":"https:\/\/roveyayinevi.com.tr\/index.php\/urun\/ekolojik-mahalle-ciltli\/","title":{"rendered":"Ekolojik Mahalle  (Ciltli)"},"content":{"rendered":"<p>Arkada\u015flar, mahallenize kendi renginizi vermek ister misiniz?Evinizin oldu\u011fu, kom\u015fular\u0131n\u0131zla birlikte ya\u015fad\u0131\u011f\u0131n\u0131z soka\u011f\u0131 de\u011fi\u015ftirmek ister misiniz?Her g\u00fcn ge\u00e7ip gitti\u011finiz yolu g\u00fczelle\u015ftirmek.Size yard\u0131mc\u0131 olan g\u00f6revlilerle tan\u0131\u015fmak.Esnaf\u0131 ziyaret etmek ve onlarla i\u015f birli\u011fi yapmak.Fazla e\u015fyalar\u0131n\u0131z\u0131 ihtiyac\u0131 olanlara vermek.Araba y\u0131kamak ve hatta soka\u011f\u0131n\u0131za bir kent bah\u00e7esi kurmak ister misiniz?   Cevab\u0131n\u0131z evet ise, buyurun ekolojik mahalleye. <\/p>\n","protected":false},"excerpt":{"rendered":"<p>Arkada\u015flar, mahallenize kendi renginizi vermek ister misiniz?Evinizin oldu\u011fu, kom\u015fular\u0131n\u0131zla birlikte ya\u015fad\u0131\u011f\u0131n\u0131z soka\u011f\u0131 de\u011fi\u015ftirmek ister misiniz?Her g\u00fcn ge\u00e7ip gitti\u011finiz yolu g\u00fczelle\u015ftirmek.Size yard\u0131mc\u0131 olan g\u00f6revlilerle tan\u0131\u015fmak.Esnaf\u0131 ziyaret etmek<span class=\"excerpt-hellip\"> [\u2026]<\/span><\/p>\n","protected":false},"featured_media":0,"template":"","meta":{"_monsterinsights_skip_tracking":false,"_monsterinsights_sitenote_active":false,"_monsterinsights_sitenote_note":"","_monsterinsights_sitenote_category":0},"product_brand":[],"product_cat":[12274,12284],"product_tag":[],"class_list":{"0":"post-742873","1":"product","2":"type-product","3":"status-publish","5":"product_cat-cocuk-ve-genclik-kitaplari","6":"product_cat-hikayeler","7":"pa_cilt-ciltli","8":"pa_tur-kitap","9":"pa_yayinevi-yeni-insan-yayinlari","10":"pa_yazar-ralp-weder","12":"first","13":"instock","14":"sale","15":"shipping-taxable","16":"purchasable","17":"product-type-simple"},"_links":{"self":[{"href":"https:\/\/roveyayinevi.com.tr\/index.php\/wp-json\/wp\/v2\/product\/742873","targetHints":{"allow":["GET"]}}],"collection":[{"href":"https:\/\/roveyayinevi.com.tr\/index.php\/wp-json\/wp\/v2\/product"}],"about":[{"href":"https:\/\/roveyayinevi.com.tr\/index.php\/wp-json\/wp\/v2\/types\/product"}],"wp:attachment":[{"href":"https:\/\/roveyayinevi.com.tr\/index.php\/wp-json\/wp\/v2\/media?parent=742873"}],"wp:term":[{"taxonomy":"product_brand","embeddable":true,"href":"https:\/\/roveyayinevi.com.tr\/index.php\/wp-json\/wp\/v2\/product_brand?post=742873"},{"taxonomy":"product_cat","embeddable":true,"href":"https:\/\/roveyayinevi.com.tr\/index.php\/wp-json\/wp\/v2\/product_cat?post=742873"},{"taxonomy":"product_tag","embeddable":true,"href":"https:\/\/roveyayinevi.com.tr\/index.php\/wp-json\/wp\/v2\/product_tag?post=742873"}],"curies":[{"name":"wp","href":"https:\/\/api.w.org\/{rel}","templated":true}]}}