{"id":742843,"date":"2025-08-28T01:21:51","date_gmt":"2025-08-27T22:21:51","guid":{"rendered":"https:\/\/roveyayinevi.com.tr\/index.php\/urun\/kremste-bukulu-zaman\/"},"modified":"2026-04-16T02:53:55","modified_gmt":"2026-04-15T23:53:55","slug":"kremste-bukulu-zaman","status":"publish","type":"product","link":"https:\/\/roveyayinevi.com.tr\/index.php\/urun\/kremste-bukulu-zaman\/","title":{"rendered":"Krems\u2019te B\u00fck\u00fcl\u00fc Zaman"},"content":{"rendered":"<p>\u201c&#8230; arkada\u015fl\u0131k, a\u015fk\u0131n di\u011fer ad\u0131d\u0131r, s\u0131ms\u0131cak ve tehlikeli bir birlikte y\u00fcr\u00fcy\u00fc\u015ft\u00fcr, sevmek bir kumard\u0131r ama sonsuza kadard\u0131r, demek ki \u015fimdidir&#8230;\u201d   Krems\u2019te B\u00fck\u00fcl\u00fc Zaman Claudio Magris\u2019in yo\u011fun, g\u00f6rkemli ve \u00fcslup a\u00e7\u0131s\u0131ndan m\u00fckemmel be\u015f hik\u00e2yesine yer veriyor. Pusuya yatm\u0131\u015f bir melankoli i\u00e7indeki k\u00fclt\u00fcrl\u00fc be\u015f ya\u015fl\u0131 adam\u0131n ac\u0131 verici deneyimlerine odaklan\u0131yor. Zaman da ya\u015fl\u0131l\u0131k gibi bu kitab\u0131n kahramanlar\u0131ndan biri. D\u00fc\u015f\u00fcnceleri b\u00fcy\u00fcte\u00e7 alt\u0131na alan ve zaman\u0131n kartlar\u0131n\u0131 kar\u0131\u015ft\u0131ran belle\u011fin sessiz nefesi, Einstein\u2019\u0131n g\u00f6relilik teorisi ve \u201cb\u00fck\u00fcl\u00fc zaman\u201da kur yap\u0131yor gibi g\u00f6r\u00fcn\u00fcyor.   \u201cBir y\u0131l, D\u00fcnya\u2019n\u0131n G\u00fcne\u015f etraf\u0131nda d\u00f6nmesi i\u00e7in gereken zaman anlam\u0131na gelir ve bir g\u00fcn D\u00fcnya\u2019n\u0131n kendi etraf\u0131nda d\u00f6nmesi i\u00e7in gereken zaman dilimidir, ama ne D\u00fcnya ne de G\u00fcne\u015f yokken y\u0131llar ve g\u00fcnler ne anlama geliyordu, var olmayan o y\u0131llarda ne var olabilirdi ve ne meydana gelebilirdi? Her hal\u00fck\u00e2rda, y\u0131llar i\u00e7inde sava\u015flar ba\u015flad\u0131 ve bitti \u2013 nerede bitti? Yara izleri h\u00e2l\u00e2 oradalar; bedende kaz\u0131nan d\u00f6vmeler gibi, d\u00fcnyan\u0131n ve her birimizin derisinin alt\u0131nda yanmaya devam ediyorlar. D\u00fcnya haritas\u0131 p\u00fcr\u00fczs\u00fczd\u00fcr, el onun \u00e7ok renkli ve kaygan y\u00fczeyini ok\u015far, sular\u0131n mavili\u011finin ve uzak adalar\u0131n alt\u0131nda her \u015fey bir kanama ve \u00e7\u00fcr\u00fcmeden ibarettir.\u201d   \u201cG\u00fcn\u00fcm\u00fcz\u00fcn en b\u00fcy\u00fck yazarlar\u0131ndan biri&#8230;\u201d Mario Vargas Llosa <\/p>\n","protected":false},"excerpt":{"rendered":"<p>\u201c&#8230; arkada\u015fl\u0131k, a\u015fk\u0131n di\u011fer ad\u0131d\u0131r, s\u0131ms\u0131cak ve tehlikeli bir birlikte y\u00fcr\u00fcy\u00fc\u015ft\u00fcr, sevmek bir kumard\u0131r ama sonsuza kadard\u0131r, demek ki \u015fimdidir&#8230;\u201d Krems\u2019te B\u00fck\u00fcl\u00fc Zaman Claudio Magris\u2019in yo\u011fun,<span class=\"excerpt-hellip\"> [\u2026]<\/span><\/p>\n","protected":false},"featured_media":0,"template":"","meta":{"_monsterinsights_skip_tracking":false,"_monsterinsights_sitenote_active":false,"_monsterinsights_sitenote_note":"","_monsterinsights_sitenote_category":0},"product_brand":[],"product_cat":[12291,12711],"product_tag":[],"class_list":{"0":"post-742843","1":"product","2":"type-product","3":"status-publish","5":"product_cat-edebiyat","6":"product_cat-roman-oyku","7":"pa_cilt-ciltsiz","8":"pa_tur-kitap","9":"pa_yayinevi-yapi-kredi-yayinlari","10":"pa_yazar-claudio-magris","12":"first","13":"instock","14":"sale","15":"shipping-taxable","16":"purchasable","17":"product-type-simple"},"_links":{"self":[{"href":"https:\/\/roveyayinevi.com.tr\/index.php\/wp-json\/wp\/v2\/product\/742843","targetHints":{"allow":["GET"]}}],"collection":[{"href":"https:\/\/roveyayinevi.com.tr\/index.php\/wp-json\/wp\/v2\/product"}],"about":[{"href":"https:\/\/roveyayinevi.com.tr\/index.php\/wp-json\/wp\/v2\/types\/product"}],"wp:attachment":[{"href":"https:\/\/roveyayinevi.com.tr\/index.php\/wp-json\/wp\/v2\/media?parent=742843"}],"wp:term":[{"taxonomy":"product_brand","embeddable":true,"href":"https:\/\/roveyayinevi.com.tr\/index.php\/wp-json\/wp\/v2\/product_brand?post=742843"},{"taxonomy":"product_cat","embeddable":true,"href":"https:\/\/roveyayinevi.com.tr\/index.php\/wp-json\/wp\/v2\/product_cat?post=742843"},{"taxonomy":"product_tag","embeddable":true,"href":"https:\/\/roveyayinevi.com.tr\/index.php\/wp-json\/wp\/v2\/product_tag?post=742843"}],"curies":[{"name":"wp","href":"https:\/\/api.w.org\/{rel}","templated":true}]}}