{"id":742827,"date":"2025-08-28T01:21:16","date_gmt":"2025-08-27T22:21:16","guid":{"rendered":"https:\/\/roveyayinevi.com.tr\/index.php\/urun\/fena-seyler-mutlu-sonlar\/"},"modified":"2026-04-16T02:53:55","modified_gmt":"2026-04-15T23:53:55","slug":"fena-seyler-mutlu-sonlar","status":"publish","type":"product","link":"https:\/\/roveyayinevi.com.tr\/index.php\/urun\/fena-seyler-mutlu-sonlar\/","title":{"rendered":"Fena \u015eeyler, Mutlu Sonlar"},"content":{"rendered":"<p>FAKAT M\u00dcZEYYEN BU DER\u0130N B\u0130R TUTKU, KIYIDAK\u0130LER ve K\u00d6K filmlerinin senaristi olarak tan\u0131d\u0131\u011f\u0131m\u0131z CEYDA A\u015eAR\u2019dan i\u00e7ten ve etkileyici bir roman\u2026   G\u00fcneyde bir sahil kasabas\u0131 olan Fidanl\u0131, bir hik\u00e2ye avc\u0131s\u0131yd\u0131. Bizden bekledi\u011fi de buydu. Herkesin k\u00f6t\u00fcl\u00fc\u011f\u00fcn\u00fc if\u015fa ediyor, g\u00f6lgeleriyle y\u00fczle\u015ftiriyor, \u00e7arp\u0131\u015ft\u0131r\u0131yor, melek y\u00fczl\u00fc \u00e2demo\u011flundan cani mahlukat yarat\u0131yordu. Buradaki herkes kusurluydu, az biraz tuhaft\u0131 ve k\u00f6t\u00fcl\u00fcklerle doluydu. T\u00fcm hayat\u0131m\u0131z boyunca bu yolculu\u011fa haz\u0131rlanm\u0131\u015ft\u0131k, zaman\u0131n d\u0131\u015f\u0131ndayd\u0131k art\u0131k. Haf\u0131zan\u0131n bulan\u0131k ve berrak sular\u0131ndayd\u0131k. Hi\u00e7 acelemiz de yoktu. Bu kasabada, \u00fc\u00e7 g\u00fcn i\u00e7inde, t\u00fcm \u00f6mr\u00fcm\u00fcz boyunca ve bir anda olacakt\u0131 her \u015fey. Fena \u015feyler, \u00e7ok fena \u015feyler&#8230; <\/p>\n","protected":false},"excerpt":{"rendered":"<p>FAKAT M\u00dcZEYYEN BU DER\u0130N B\u0130R TUTKU, KIYIDAK\u0130LER ve K\u00d6K filmlerinin senaristi olarak tan\u0131d\u0131\u011f\u0131m\u0131z CEYDA A\u015eAR\u2019dan i\u00e7ten ve etkileyici bir roman\u2026 G\u00fcneyde bir sahil kasabas\u0131 olan Fidanl\u0131,<span class=\"excerpt-hellip\"> [\u2026]<\/span><\/p>\n","protected":false},"featured_media":0,"template":"","meta":{"_monsterinsights_skip_tracking":false,"_monsterinsights_sitenote_active":false,"_monsterinsights_sitenote_note":"","_monsterinsights_sitenote_category":0},"product_brand":[],"product_cat":[12291,12711],"product_tag":[],"class_list":{"0":"post-742827","1":"product","2":"type-product","3":"status-publish","5":"product_cat-edebiyat","6":"product_cat-roman-oyku","7":"pa_cilt-ciltsiz","8":"pa_tur-kitap","9":"pa_yayinevi-kara-karga-yayinlari","10":"pa_yazar-ceyda-asar","12":"first","13":"instock","14":"sale","15":"shipping-taxable","16":"purchasable","17":"product-type-simple"},"_links":{"self":[{"href":"https:\/\/roveyayinevi.com.tr\/index.php\/wp-json\/wp\/v2\/product\/742827","targetHints":{"allow":["GET"]}}],"collection":[{"href":"https:\/\/roveyayinevi.com.tr\/index.php\/wp-json\/wp\/v2\/product"}],"about":[{"href":"https:\/\/roveyayinevi.com.tr\/index.php\/wp-json\/wp\/v2\/types\/product"}],"wp:attachment":[{"href":"https:\/\/roveyayinevi.com.tr\/index.php\/wp-json\/wp\/v2\/media?parent=742827"}],"wp:term":[{"taxonomy":"product_brand","embeddable":true,"href":"https:\/\/roveyayinevi.com.tr\/index.php\/wp-json\/wp\/v2\/product_brand?post=742827"},{"taxonomy":"product_cat","embeddable":true,"href":"https:\/\/roveyayinevi.com.tr\/index.php\/wp-json\/wp\/v2\/product_cat?post=742827"},{"taxonomy":"product_tag","embeddable":true,"href":"https:\/\/roveyayinevi.com.tr\/index.php\/wp-json\/wp\/v2\/product_tag?post=742827"}],"curies":[{"name":"wp","href":"https:\/\/api.w.org\/{rel}","templated":true}]}}