{"id":742826,"date":"2025-08-28T01:21:15","date_gmt":"2025-08-27T22:21:15","guid":{"rendered":"https:\/\/roveyayinevi.com.tr\/index.php\/urun\/karmasik-bir-nezaket\/"},"modified":"2026-04-16T02:53:55","modified_gmt":"2026-04-15T23:53:55","slug":"karmasik-bir-nezaket","status":"publish","type":"product","link":"https:\/\/roveyayinevi.com.tr\/index.php\/urun\/karmasik-bir-nezaket\/","title":{"rendered":"Karma\u015f\u0131k Bir Nezaket"},"content":{"rendered":"<p>\u00d6d\u00fcll\u00fc yazar Miriam Toews, bu \u00e7arp\u0131c\u0131 ergenlik roman\u0131nda \u00fcz\u00fcnt\u00fc ve umudu, son derece tutucu bir inan\u00e7 nedeniyle da\u011f\u0131lan ailesini anlatan bir gencin sesiyle v\u00fccuda getiriyor. Ba\u015fkahraman\u0131m\u0131z Nomi Nickel, Karma\u015f\u0131k Bir Nezaket\u2019teki anlat\u0131s\u0131na \u201cAilemizin yar\u0131s\u0131, g\u00fczel g\u00f6r\u00fcnen yar\u0131s\u0131 kay\u0131p,\u201d diyerek ba\u015fl\u0131yor&#8230; Annesi ve ablas\u0131 kadrajdan \u00e7\u0131k\u0131nca \u00fczg\u00fcn ve tuhaf babas\u0131yla yaln\u0131z kalan Nomi, g\u00fcnlerini ailesinin nas\u0131l b\u00f6l\u00fcnd\u00fc\u011f\u00fcn\u00fc anlamaya \u00e7al\u0131\u015farak ve East Village\u2019\u0131n eteklerinde yer alan tavuk kesimhanesi Mutlu Aile \u00c7iftli\u011fi\u2019ndeki ka\u00e7\u0131n\u0131lmaz kariyerini d\u00fc\u015f\u00fcnerek ge\u00e7iriyor. Ayn\u0131 anda hem kasvetli hem de e\u011flenceli bir dile sahip olan bu roman, nefes ald\u0131rmayan, bask\u0131c\u0131 bir din taraf\u0131ndan y\u00f6netilen kasabada, yok olmaya y\u00fcz tutmu\u015f ailesinin kal\u0131nt\u0131lar\u0131 aras\u0131nda kapana k\u0131s\u0131lm\u0131\u015f Nomi\u2019ye g\u00f6re d\u00fcnyay\u0131 ele al\u0131yor. Onun g\u00fcl\u00fcn\u00e7 ve e\u015fsiz sesi, bildikleri tek toplulukla \u00e7at\u0131\u015fmayagirdik\u00e7e da\u011f\u0131lan tuhaf ve sevgi dolu bir ailenin hik\u00e2yesini anlat\u0131yor. \u201cKarma\u015f\u0131k Bir Nezaket ba\u015ftan sona bir zevkti. Kara mizah\u0131n h\u00e2kim oldu\u011fu bir eser (\u2018G\u00f6r\u00fcn\u00fc\u015fe bak\u0131l\u0131rsa, buradaki insanlar \u00f6lmek i\u00e7in sab\u0131rs\u0131zlan\u0131yorlar. Ana etkinlik bu.\u2019) ama b\u00fct\u00fcn\u00fcyle d\u00fc\u015f\u00fcn\u00fcld\u00fc\u011f\u00fcnde \u00f6zg\u00fcrle\u015ftirici ve kesinlikle e\u011flenceli.\u201d \u2013Daily Mail<\/p>\n","protected":false},"excerpt":{"rendered":"<p>\u00d6d\u00fcll\u00fc yazar Miriam Toews, bu \u00e7arp\u0131c\u0131 ergenlik roman\u0131nda \u00fcz\u00fcnt\u00fc ve umudu, son derece tutucu bir inan\u00e7 nedeniyle da\u011f\u0131lan ailesini anlatan bir gencin sesiyle v\u00fccuda getiriyor. Ba\u015fkahraman\u0131m\u0131z<span class=\"excerpt-hellip\"> [\u2026]<\/span><\/p>\n","protected":false},"featured_media":0,"template":"","meta":{"_monsterinsights_skip_tracking":false,"_monsterinsights_sitenote_active":false,"_monsterinsights_sitenote_note":"","_monsterinsights_sitenote_category":0},"product_brand":[],"product_cat":[12291,50487],"product_tag":[],"class_list":{"0":"post-742826","1":"product","2":"type-product","3":"status-publish","5":"product_cat-edebiyat","6":"product_cat-kurgu","7":"pa_cilt-ciltsiz","8":"pa_tur-kitap","9":"pa_yayinevi-kafka-yayinevi","10":"pa_yazar-miriam-toews","12":"first","13":"instock","14":"sale","15":"shipping-taxable","16":"purchasable","17":"product-type-simple"},"_links":{"self":[{"href":"https:\/\/roveyayinevi.com.tr\/index.php\/wp-json\/wp\/v2\/product\/742826","targetHints":{"allow":["GET"]}}],"collection":[{"href":"https:\/\/roveyayinevi.com.tr\/index.php\/wp-json\/wp\/v2\/product"}],"about":[{"href":"https:\/\/roveyayinevi.com.tr\/index.php\/wp-json\/wp\/v2\/types\/product"}],"wp:attachment":[{"href":"https:\/\/roveyayinevi.com.tr\/index.php\/wp-json\/wp\/v2\/media?parent=742826"}],"wp:term":[{"taxonomy":"product_brand","embeddable":true,"href":"https:\/\/roveyayinevi.com.tr\/index.php\/wp-json\/wp\/v2\/product_brand?post=742826"},{"taxonomy":"product_cat","embeddable":true,"href":"https:\/\/roveyayinevi.com.tr\/index.php\/wp-json\/wp\/v2\/product_cat?post=742826"},{"taxonomy":"product_tag","embeddable":true,"href":"https:\/\/roveyayinevi.com.tr\/index.php\/wp-json\/wp\/v2\/product_tag?post=742826"}],"curies":[{"name":"wp","href":"https:\/\/api.w.org\/{rel}","templated":true}]}}